000
CDUS43 KMPX 090750
CLIEAU


CLIMATE REPORT
NATIONAL WEATHER SERVICE CHANHASSEN MN
149 AM CST SAT DEC 9 2017


...................................

...THE EAU CLAIRE WI CLIMATE SUMMARY FOR DECEMBER 8 2017...

CLIMATE NORMAL PERIOD 1981 TO 2010
CLIMATE RECORD PERIOD 1893 TO 2017


WEATHER ITEM   OBSERVED TIME   RECORD YEAR NORMAL DEPARTURE LAST
                VALUE   (LST)  VALUE       VALUE  FROM      YEAR
                                                  NORMAL
..................................................................
TEMPERATURE (F)
 YESTERDAY
  MAXIMUM         30   1223 PM  55    1946  29      1       25
  MINIMUM         19   1210 AM -17    1917  13      6       15
  AVERAGE         25                        21      4       20

PRECIPITATION (IN)
  YESTERDAY        0.07          0.53 1969   0.03   0.04     0.02
  MONTH TO DATE    0.53                      0.32   0.21     0.44
  SINCE DEC 1      0.53                      0.32   0.21     0.44
  SINCE JAN 1     34.95                     30.30   4.65    39.36

SNOWFALL (IN)
  YESTERDAY        1.4           6.0  2009   0.3    1.1      0.4
  MONTH TO DATE    2.0                       2.4   -0.4      4.8
  SINCE DEC 1      2.0                       2.4   -0.4      4.8
  SINCE JUL 1      5.3                       8.7   -3.4      6.5
  SNOW DEPTH       T

DEGREE DAYS
 HEATING
  YESTERDAY       40                        44     -4       45
  MONTH TO DATE  288                       339    -51      295
  SINCE DEC 1    288                       339    -51      295
  SINCE JUL 1   1929                      2085   -156     1504

 COOLING
  YESTERDAY        0                         0      0        0
  MONTH TO DATE    0                         0      0        0
  SINCE DEC 1      0                         0      0        0
  SINCE JAN 1    466                       579   -113      624
..................................................................


WIND (MPH)
  HIGHEST WIND SPEED    15   HIGHEST WIND DIRECTION     N (340)
  HIGHEST GUST SPEED    25   HIGHEST GUST DIRECTION     N (340)
  AVERAGE WIND SPEED     8.7


SKY COVER
  POSSIBLE SUNSHINE  MM
  AVERAGE SKY COVER 0.9


WEATHER CONDITIONS
 THE FOLLOWING WEATHER WAS RECORDED YESTERDAY.
  HEAVY SNOW
  SNOW
  LIGHT SNOW
  FOG
  FOG W/VISIBILITY <= 1/4 MILE


RELATIVE HUMIDITY (PERCENT)
 HIGHEST    92           800 PM
 LOWEST     68          1100 AM
 AVERAGE    80

..........................................................


THE EAU CLAIRE WI CLIMATE NORMALS FOR TODAY
                         NORMAL    RECORD    YEAR
 MAXIMUM TEMPERATURE (F)   29        56      1939
 MINIMUM TEMPERATURE (F)   13       -22      1927


SUNRISE AND SUNSET
DECEMBER  9 2017......SUNRISE   732 AM CST   SUNSET   425 PM CST
DECEMBER 10 2017......SUNRISE   733 AM CST   SUNSET   425 PM CST


-  INDICATES NEGATIVE NUMBERS.
R  INDICATES RECORD WAS SET OR TIED.
MM INDICATES DATA IS MISSING.
T  INDICATES TRACE AMOUNT.




$$
