000
CDUS43 KMPX 240623
CLIEAU


CLIMATE REPORT
NATIONAL WEATHER SERVICE CHANHASSEN MN
123 AM CDT SUN AUG 24 2014


...................................

...THE EAU CLAIRE WI CLIMATE SUMMARY FOR AUGUST 23 2014...

CLIMATE NORMAL PERIOD 1981 TO 2010
CLIMATE RECORD PERIOD 1893 TO 2014


WEATHER ITEM   OBSERVED TIME   RECORD YEAR NORMAL DEPARTURE LAST
                VALUE   (LST)  VALUE       VALUE  FROM      YEAR
                                                  NORMAL
..................................................................
TEMPERATURE (F)
 YESTERDAY
  MAXIMUM         79    145 PM 102    1948  79      0       87
  MINIMUM         68    731 AM  41    1920  58     10       53
  AVERAGE         74                        68      6       70

PRECIPITATION (IN)
  YESTERDAY        0.00          4.10 1975   0.13  -0.13     0.00
  MONTH TO DATE    3.88                      3.42   0.46     0.83
  SINCE JUN 1     16.16                     11.43   4.73     7.33
  SINCE JAN 1     30.26                     21.07   9.19    27.38

SNOWFALL (IN)
  YESTERDAY        0.0           0.0    MM   0.0    0.0      0.0
  MONTH TO DATE    0.0                       0.0    0.0      0.0
  SINCE JUN 1      0.0                       0.0    0.0      0.0
  SINCE JUL 1      0.0                       0.0    0.0      0.0
  SNOW DEPTH       0

DEGREE DAYS
 HEATING
  YESTERDAY        0                         1     -1        0
  MONTH TO DATE    3                        18    -15       12
  SINCE JUN 1     46                        91    -45      101
  SINCE JUL 1     21                        29     -8       38

 COOLING
  YESTERDAY        9                         5      4        5
  MONTH TO DATE  135                       129      6       78
  SINCE JUN 1    407                       463    -56      410
  SINCE JAN 1    442                       495    -53      442
..................................................................


WIND (MPH)
  HIGHEST WIND SPEED    15   HIGHEST WIND DIRECTION    SE (140)
  HIGHEST GUST SPEED    19   HIGHEST GUST DIRECTION     E (110)
  AVERAGE WIND SPEED     8.1


SKY COVER
  POSSIBLE SUNSHINE  MM
  AVERAGE SKY COVER 1.0


WEATHER CONDITIONS
 THE FOLLOWING WEATHER WAS RECORDED YESTERDAY.
  FOG


RELATIVE HUMIDITY (PERCENT)
 HIGHEST   100           100 AM
 LOWEST     82          1100 AM
 AVERAGE    91

..........................................................


THE EAU CLAIRE WI CLIMATE NORMALS FOR TODAY
                         NORMAL    RECORD    YEAR
 MAXIMUM TEMPERATURE (F)   79       103      1948
 MINIMUM TEMPERATURE (F)   57        39      1942


SUNRISE AND SUNSET
AUGUST 24 2014........SUNRISE   619 AM CDT   SUNSET   757 PM CDT
AUGUST 25 2014........SUNRISE   620 AM CDT   SUNSET   755 PM CDT


-  INDICATES NEGATIVE NUMBERS.
R  INDICATES RECORD WAS SET OR TIED.
MM INDICATES DATA IS MISSING.
T  INDICATES TRACE AMOUNT.




$$
