000
CDUS43 KMPX 230732
CLIEAU


CLIMATE REPORT
NATIONAL WEATHER SERVICE CHANHASSEN MN
231 AM CDT FRI SEP 23 2016


...................................

...THE EAU CLAIRE WI CLIMATE SUMMARY FOR SEPTEMBER 22 2016...

CLIMATE NORMAL PERIOD 1981 TO 2010
CLIMATE RECORD PERIOD 1893 TO 2016


WEATHER ITEM   OBSERVED TIME   RECORD YEAR NORMAL DEPARTURE LAST
                VALUE   (LST)  VALUE       VALUE  FROM      YEAR
                                                  NORMAL
..................................................................
TEMPERATURE (F)
 YESTERDAY
  MAXIMUM         76    130 PM  93    1936  69      7       73
                                      1937
  MINIMUM         59   1159 PM  25    1974  46     13       57
  AVERAGE         68                        57     11       65

PRECIPITATION (IN)
  YESTERDAY        0.43          1.86 1895   0.13   0.30     0.00
  MONTH TO DATE    7.89                      2.75   5.14     4.50
  SINCE SEP 1      7.89                      2.75   5.14     4.50
  SINCE JAN 1     34.72                     24.87   9.85    32.06

SNOWFALL (IN)
  YESTERDAY        0.0           0.0    MM   0.0    0.0      0.0
  MONTH TO DATE    0.0                       0.0    0.0      0.0
  SINCE SEP 1      0.0                       0.0    0.0      0.0
  SINCE JUL 1      0.0                       0.0    0.0      0.0
  SNOW DEPTH       0

DEGREE DAYS
 HEATING
  YESTERDAY        0                         8     -8        0
  MONTH TO DATE   34                       110    -76       60
  SINCE SEP 1     34                       110    -76       60
  SINCE JUL 1     44                       149   -105      115

 COOLING
  YESTERDAY        3                         1      2        0
  MONTH TO DATE   38                        43     -5      104
  SINCE SEP 1     38                        43     -5      104
  SINCE JAN 1    621                       570     51      506
..................................................................


WIND (MPH)
  HIGHEST WIND SPEED    30   HIGHEST WIND DIRECTION     S (180)
  HIGHEST GUST SPEED    37   HIGHEST GUST DIRECTION     S (170)
  AVERAGE WIND SPEED     6.9


SKY COVER
  POSSIBLE SUNSHINE  MM
  AVERAGE SKY COVER 0.7


WEATHER CONDITIONS
 THE FOLLOWING WEATHER WAS RECORDED YESTERDAY.
  RAIN
  LIGHT RAIN
  FOG


RELATIVE HUMIDITY (PERCENT)
 HIGHEST   100           200 AM
 LOWEST     64           200 PM
 AVERAGE    82

..........................................................


THE EAU CLAIRE WI CLIMATE NORMALS FOR TODAY
                         NORMAL    RECORD    YEAR
 MAXIMUM TEMPERATURE (F)   68        93      1937
 MINIMUM TEMPERATURE (F)   45        27      1974


SUNRISE AND SUNSET
SEPTEMBER 23 2016.....SUNRISE   655 AM CDT   SUNSET   700 PM CDT
SEPTEMBER 24 2016.....SUNRISE   656 AM CDT   SUNSET   659 PM CDT


-  INDICATES NEGATIVE NUMBERS.
R  INDICATES RECORD WAS SET OR TIED.
MM INDICATES DATA IS MISSING.
T  INDICATES TRACE AMOUNT.




$$
