000
CDUS43 KMPX 150707
CLIEAU


CLIMATE REPORT
NATIONAL WEATHER SERVICE CHANHASSEN MN
107 AM CST MON DEC 15 2014


...................................

...THE EAU CLAIRE WI CLIMATE SUMMARY FOR DECEMBER 14 2014...

CLIMATE NORMAL PERIOD 1981 TO 2010
CLIMATE RECORD PERIOD 1893 TO 2014


WEATHER ITEM   OBSERVED TIME   RECORD YEAR NORMAL DEPARTURE LAST
                VALUE   (LST)  VALUE       VALUE  FROM      YEAR
                                                  NORMAL
..................................................................
TEMPERATURE (F)
 YESTERDAY
  MAXIMUM         47   1159 PM  55    1998  27     20       16
  MINIMUM         40   1205 AM -26    1901  11     29        6
  AVERAGE         44                        19     25       11

PRECIPITATION (IN)
  YESTERDAY        0.00          0.72 1975   0.03  -0.03     0.08
  MONTH TO DATE    0.01                      0.52  -0.51     1.03
  SINCE DEC 1      0.01                      0.52  -0.51     1.03
  SINCE JAN 1     42.31                     30.50  11.81    35.40

SNOWFALL (IN)
  YESTERDAY        0.0           5.5  1920   0.3   -0.3      1.7
  MONTH TO DATE    0.2                       4.3   -4.1      8.6
  SINCE DEC 1      0.2                       4.3   -4.1      8.6
  SINCE JUL 1     14.4                      10.6    3.8     10.8
  SNOW DEPTH       0

DEGREE DAYS
 HEATING
  YESTERDAY       21                        46    -25       54
  MONTH TO DATE  573                       610    -37      743
  SINCE DEC 1    573                       610    -37      743
  SINCE JUL 1   2545                      2356    189     2488

 COOLING
  YESTERDAY        0                         0      0        0
  MONTH TO DATE    0                         0      0        0
  SINCE DEC 1      0                         0      0        0
  SINCE JAN 1    500                       579    -79      653
..................................................................


WIND (MPH)
  HIGHEST WIND SPEED    10   HIGHEST WIND DIRECTION     S (170)
  HIGHEST GUST SPEED    13   HIGHEST GUST DIRECTION     S (170)
  AVERAGE WIND SPEED     5.4


SKY COVER
  POSSIBLE SUNSHINE  MM
  AVERAGE SKY COVER 1.0


WEATHER CONDITIONS
 THE FOLLOWING WEATHER WAS RECORDED YESTERDAY.
  FOG
  FOG W/VISIBILITY <= 1/4 MILE


RELATIVE HUMIDITY (PERCENT)
 HIGHEST   100          1200 AM
 LOWEST     92          1000 AM
 AVERAGE    96

..........................................................


THE EAU CLAIRE WI CLIMATE NORMALS FOR TODAY
                         NORMAL    RECORD    YEAR
 MAXIMUM TEMPERATURE (F)   27        54      1894
 MINIMUM TEMPERATURE (F)   10       -29      1961


SUNRISE AND SUNSET
DECEMBER 15 2014......SUNRISE   737 AM CST   SUNSET   425 PM CST
DECEMBER 16 2014......SUNRISE   738 AM CST   SUNSET   426 PM CST


-  INDICATES NEGATIVE NUMBERS.
R  INDICATES RECORD WAS SET OR TIED.
MM INDICATES DATA IS MISSING.
T  INDICATES TRACE AMOUNT.




$$
