000
CDUS43 KMPX 190911
CLIEAU


CLIMATE REPORT
NATIONAL WEATHER SERVICE CHANHASSEN MN
411 AM CDT SUN OCT 19 2014


...................................

...THE EAU CLAIRE WI CLIMATE SUMMARY FOR OCTOBER 18 2014...

CLIMATE NORMAL PERIOD 1981 TO 2010
CLIMATE RECORD PERIOD 1893 TO 2014


WEATHER ITEM   OBSERVED TIME   RECORD YEAR NORMAL DEPARTURE LAST
                VALUE   (LST)  VALUE       VALUE  FROM      YEAR
                                                  NORMAL
..................................................................
TEMPERATURE (F)
 YESTERDAY
  MAXIMUM         54    418 PM  87    1950  57     -3       53
  MINIMUM         33   1147 PM  12    1896  36     -3       35
  AVERAGE         44                        47     -3       44

PRECIPITATION (IN)
  YESTERDAY        0.00          0.89 2007   0.07  -0.07     0.12
  MONTH TO DATE    2.07                      1.52   0.55     3.21
  SINCE SEP 1      7.53                      5.20   2.33     4.98
  SINCE JAN 1     40.20                     27.32  12.88    32.62

SNOWFALL (IN)
  YESTERDAY        0.0           5.0  1925   0.0    0.0      0.0
  MONTH TO DATE    0.6                       0.1    0.5      0.0
  SINCE SEP 1      0.6                       0.1    0.5      0.0
  SINCE JUL 1      0.6                       0.1    0.5      0.0
  SNOW DEPTH       0

DEGREE DAYS
 HEATING
  YESTERDAY       21                        18      3       21
  MONTH TO DATE  322                       276     46      210
  SINCE SEP 1    509                       470     39      339
  SINCE JUL 1    532                       509     23      377

 COOLING
  YESTERDAY        0                         0      0        0
  MONTH TO DATE    0                         0      0        0
  SINCE SEP 1     22                        48    -26       87
  SINCE JAN 1    500                       575    -75      653
..................................................................


WIND (MPH)
  HIGHEST WIND SPEED    16   HIGHEST WIND DIRECTION     N (340)
  HIGHEST GUST SPEED    22   HIGHEST GUST DIRECTION     N (350)
  AVERAGE WIND SPEED     5.1


SKY COVER
  POSSIBLE SUNSHINE  MM
  AVERAGE SKY COVER 0.4


WEATHER CONDITIONS
 THE FOLLOWING WEATHER WAS RECORDED YESTERDAY.
  FOG


RELATIVE HUMIDITY (PERCENT)
 HIGHEST    92          1100 PM
 LOWEST     38           300 PM
 AVERAGE    65

..........................................................


THE EAU CLAIRE WI CLIMATE NORMALS FOR TODAY
                         NORMAL    RECORD    YEAR
 MAXIMUM TEMPERATURE (F)   57        81      2000
 MINIMUM TEMPERATURE (F)   36        14      1972


SUNRISE AND SUNSET
OCTOBER 19 2014.......SUNRISE   727 AM CDT   SUNSET   614 PM CDT
OCTOBER 20 2014.......SUNRISE   728 AM CDT   SUNSET   613 PM CDT


-  INDICATES NEGATIVE NUMBERS.
R  INDICATES RECORD WAS SET OR TIED.
MM INDICATES DATA IS MISSING.
T  INDICATES TRACE AMOUNT.




$$
