151
CDUS43 KMPX 260707
CLIEAU


CLIMATE REPORT
NATIONAL WEATHER SERVICE CHANHASSEN MN
206 AM CDT TUE APR 26 2016


...................................

...THE EAU CLAIRE WI CLIMATE SUMMARY FOR APRIL 25 2016...

CLIMATE NORMAL PERIOD 1981 TO 2010
CLIMATE RECORD PERIOD 1893 TO 2016


WEATHER ITEM   OBSERVED TIME   RECORD YEAR NORMAL DEPARTURE LAST
                VALUE   (LST)  VALUE       VALUE  FROM      YEAR
                                                  NORMAL
..................................................................
TEMPERATURE (F)
 YESTERDAY
  MAXIMUM         61    322 PM  87    1962  63     -2       62
  MINIMUM         45   1159 PM  22    1919  38      7       38
  AVERAGE         53                        50      3       50

PRECIPITATION (IN)
  YESTERDAY        0.23          1.90 1893   0.11   0.12     0.00
  MONTH TO DATE    1.44                      2.21  -0.77     2.76
  SINCE MAR 1      6.10                      3.94   2.16     3.47
  SINCE JAN 1      7.26                      5.64   1.62     4.06

SNOWFALL (IN)
  YESTERDAY        0.0           1.0  1965   0.1   -0.1      0.0
  MONTH TO DATE    1.8                       1.8    0.0      1.4
  SINCE MAR 1     13.9                      10.4    3.5      7.3
  SINCE JUL 1     38.0                      46.7   -8.7     38.1
  SNOW DEPTH       0

DEGREE DAYS
 HEATING
  YESTERDAY       12                        15     -3       15
  MONTH TO DATE  480                       508    -28      452
  SINCE MAR 1   1291                      1552   -261     1442
  SINCE JUL 1   6469                      7572  -1103     7795

 COOLING
  YESTERDAY        0                         0      0        0
  MONTH TO DATE    4                         0      4        0
  SINCE MAR 1      4                         0      4        0
  SINCE JAN 1      4                         0      4        0
..................................................................


WIND (MPH)
  HIGHEST WIND SPEED    17   HIGHEST WIND DIRECTION     E (80)
  HIGHEST GUST SPEED    22   HIGHEST GUST DIRECTION     E (80)
  AVERAGE WIND SPEED    10.4


SKY COVER
  POSSIBLE SUNSHINE  MM
  AVERAGE SKY COVER 0.9


WEATHER CONDITIONS
 THE FOLLOWING WEATHER WAS RECORDED YESTERDAY.
  THUNDERSTORM
  HEAVY RAIN
  RAIN
  LIGHT RAIN
  FOG


RELATIVE HUMIDITY (PERCENT)
 HIGHEST    93          1200 AM
 LOWEST     67           400 PM
 AVERAGE    80

..........................................................


THE EAU CLAIRE WI CLIMATE NORMALS FOR TODAY
                         NORMAL    RECORD    YEAR
 MAXIMUM TEMPERATURE (F)   63        87      1962
 MINIMUM TEMPERATURE (F)   39        22      1919
                                             1907


SUNRISE AND SUNSET
APRIL 26 2016.........SUNRISE   602 AM CDT   SUNSET   806 PM CDT
APRIL 27 2016.........SUNRISE   601 AM CDT   SUNSET   807 PM CDT


-  INDICATES NEGATIVE NUMBERS.
R  INDICATES RECORD WAS SET OR TIED.
MM INDICATES DATA IS MISSING.
T  INDICATES TRACE AMOUNT.




$$
