000
CDUS43 KMPX 180054
CLIEAU


CLIMATE REPORT
NATIONAL WEATHER SERVICE CHANHASSEN MN
753 PM CDT THU JUL 17 2014


...................................

...THE EAU CLAIRE WI CLIMATE SUMMARY FOR JULY 17 2014...
VALID TODAY AS OF 0700 PM LOCAL TIME.

CLIMATE NORMAL PERIOD 1981 TO 2010
CLIMATE RECORD PERIOD 1893 TO 2014


WEATHER ITEM   OBSERVED TIME   RECORD YEAR NORMAL DEPARTURE LAST
                VALUE   (LST)  VALUE       VALUE  FROM      YEAR
                                                  NORMAL
..................................................................
TEMPERATURE (F)
 TODAY
  MAXIMUM         78    326 PM  99    1964  83     -5       96
                                      1936
                                      1931
  MINIMUM         51    519 AM  45    1900  61    -10       71
                                      1911
  AVERAGE         65                        72     -7       84

PRECIPITATION (IN)
  TODAY            0.00          1.78 2001   0.12  -0.12     0.00
  MONTH TO DATE    1.87                      2.11  -0.24     0.14
  SINCE JUN 1     11.71                      6.24   5.47     6.00
  SINCE JAN 1     25.81                     15.88   9.93    26.05

SNOWFALL (IN)
  TODAY            0.0           0.0    MM   0.0    0.0      0.0
  MONTH TO DATE    0.0                       0.0    0.0      0.0
  SINCE JUN 1      0.0                       0.0    0.0      0.0
  SINCE JUL 1      0.0                       0.0    0.0      0.0
  SNOW DEPTH       0

DEGREE DAYS
 HEATING
  TODAY            0                         0      0        0
  MONTH TO DATE   18                         2     16        0
  SINCE JUN 1     43                        64    -21       63
  SINCE JUL 1     18                         2     16        0

 COOLING
  TODAY            0                         7     -7       19
  MONTH TO DATE   55                       118    -63      177
  SINCE JUN 1    189                       238    -49      267
  SINCE JAN 1    224                       270    -46      299
..................................................................


WIND (MPH)
  HIGHEST WIND SPEED    14   HIGHEST WIND DIRECTION     W (250)
  HIGHEST GUST SPEED    17   HIGHEST GUST DIRECTION    SW (240)
  AVERAGE WIND SPEED     4.3


SKY COVER
  POSSIBLE SUNSHINE  MM
  AVERAGE SKY COVER 0.2


WEATHER CONDITIONS
 THE FOLLOWING WEATHER WAS RECORDED TODAY.
  NO SIGNIFICANT WEATHER WAS OBSERVED.


RELATIVE HUMIDITY (PERCENT)
 HIGHEST   100          1200 AM
 LOWEST     40           100 PM
 AVERAGE    70

..........................................................


THE EAU CLAIRE WI CLIMATE NORMALS FOR TOMORROW
                         NORMAL    RECORD    YEAR
 MAXIMUM TEMPERATURE (F)   83       102      1964
 MINIMUM TEMPERATURE (F)   61        48      2000


SUNRISE AND SUNSET
JULY 17 2014..........SUNRISE   536 AM CDT   SUNSET   848 PM CDT
JULY 18 2014..........SUNRISE   537 AM CDT   SUNSET   847 PM CDT


-  INDICATES NEGATIVE NUMBERS.
R  INDICATES RECORD WAS SET OR TIED.
MM INDICATES DATA IS MISSING.
T  INDICATES TRACE AMOUNT.




$$
