000
CDUS43 KMPX 240634
CLIEAU


CLIMATE REPORT
NATIONAL WEATHER SERVICE CHANHASSEN MN
1233 AM CST SAT JAN 24 2015


...................................

...THE EAU CLAIRE WI CLIMATE SUMMARY FOR JANUARY 23 2015...

CLIMATE NORMAL PERIOD 1981 TO 2010
CLIMATE RECORD PERIOD 1893 TO 2015


WEATHER ITEM   OBSERVED TIME   RECORD YEAR NORMAL DEPARTURE LAST
                VALUE   (LST)  VALUE       VALUE  FROM      YEAR
                                                  NORMAL
..................................................................
TEMPERATURE (F)
 YESTERDAY
  MAXIMUM         34    434 PM  50    1942  24     10       -5
  MINIMUM         27    545 AM -32    1935   5     22      -15
                                      1963
  AVERAGE         31                        14     17      -10

PRECIPITATION (IN)
  YESTERDAY        0.00          0.86 1969   0.03  -0.03     0.00
  MONTH TO DATE    0.26                      0.66  -0.40     1.07
  SINCE DEC 1      0.94                      1.66  -0.72     2.60
  SINCE JAN 1      0.26                      0.66  -0.40     1.07

SNOWFALL (IN)
  YESTERDAY        0.0           7.5  1990   0.5   -0.5      0.0
  MONTH TO DATE    4.9                       9.8   -4.9     13.1
  SINCE DEC 1     11.2                      19.3   -8.1     32.1
  SINCE JUL 1     25.4                      25.6   -0.2     34.3
  SNOW DEPTH       3

DEGREE DAYS
 HEATING
  YESTERDAY       34                        51    -17       75
  MONTH TO DATE 1188                      1168     20     1340
  SINCE DEC 1   2468                      2598   -130     3005
  SINCE JUL 1   4440                      4344     96     4750

 COOLING
  YESTERDAY        0                         0      0        0
  MONTH TO DATE    0                         0      0        0
  SINCE DEC 1      0                         0      0        0
  SINCE JAN 1      0                         0      0        0
..................................................................


WIND (MPH)
  HIGHEST WIND SPEED    18   HIGHEST WIND DIRECTION    SW (240)
  HIGHEST GUST SPEED    24   HIGHEST GUST DIRECTION    SW (240)
  AVERAGE WIND SPEED    10.4


SKY COVER
  POSSIBLE SUNSHINE  MM
  AVERAGE SKY COVER 0.8


WEATHER CONDITIONS
 THE FOLLOWING WEATHER WAS RECORDED YESTERDAY.
  NO SIGNIFICANT WEATHER WAS OBSERVED.


RELATIVE HUMIDITY (PERCENT)
 HIGHEST    81          1200 AM
 LOWEST     61          1200 PM
 AVERAGE    71

..........................................................


THE EAU CLAIRE WI CLIMATE NORMALS FOR TODAY
                         NORMAL    RECORD    YEAR
 MAXIMUM TEMPERATURE (F)   24        53      1981
 MINIMUM TEMPERATURE (F)    5       -34      1935


SUNRISE AND SUNSET
JANUARY 24 2015.......SUNRISE   734 AM CST   SUNSET   503 PM CST
JANUARY 25 2015.......SUNRISE   733 AM CST   SUNSET   504 PM CST


-  INDICATES NEGATIVE NUMBERS.
R  INDICATES RECORD WAS SET OR TIED.
MM INDICATES DATA IS MISSING.
T  INDICATES TRACE AMOUNT.




$$
