000
CDUS43 KMPX 200627
CLIEAU


CLIMATE REPORT
NATIONAL WEATHER SERVICE CHANHASSEN MN
126 AM CDT SUN JUL 20 2014


...................................

...THE EAU CLAIRE WI CLIMATE SUMMARY FOR JULY 19 2014...

CLIMATE NORMAL PERIOD 1981 TO 2010
CLIMATE RECORD PERIOD 1893 TO 2014


WEATHER ITEM   OBSERVED TIME   RECORD YEAR NORMAL DEPARTURE LAST
                VALUE   (LST)  VALUE       VALUE  FROM      YEAR
                                                  NORMAL
..................................................................
TEMPERATURE (F)
 YESTERDAY
  MAXIMUM         81    133 PM 103    1901  83     -2       88
  MINIMUM         65    452 AM  46    1929  60      5       66
  AVERAGE         73                        72      1       77

PRECIPITATION (IN)
  YESTERDAY        0.00          1.77 1997   0.13  -0.13     0.03
  MONTH TO DATE    1.87                      2.36  -0.49     0.17
  SINCE JUN 1     11.71                      6.49   5.22     6.03
  SINCE JAN 1     25.81                     16.13   9.68    26.08

SNOWFALL (IN)
  YESTERDAY        0.0           0.0    MM   0.0    0.0      0.0
  MONTH TO DATE    0.0                       0.0    0.0      0.0
  SINCE JUN 1      0.0                       0.0    0.0      0.0
  SINCE JUL 1      0.0                       0.0    0.0      0.0
  SNOW DEPTH       0

DEGREE DAYS
 HEATING
  YESTERDAY        0                         0      0        0
  MONTH TO DATE   18                         2     16        0
  SINCE JUN 1     43                        64    -21       63
  SINCE JUL 1     18                         2     16        0

 COOLING
  YESTERDAY        8                         7      1       12
  MONTH TO DATE   67                       132    -65      210
  SINCE JUN 1    201                       252    -51      300
  SINCE JAN 1    236                       284    -48      332
..................................................................


WIND (MPH)
  HIGHEST WIND SPEED    21   HIGHEST WIND DIRECTION     S (200)
  HIGHEST GUST SPEED    27   HIGHEST GUST DIRECTION     S (190)
  AVERAGE WIND SPEED    11.7


SKY COVER
  POSSIBLE SUNSHINE  MM
  AVERAGE SKY COVER 0.7


WEATHER CONDITIONS
 THE FOLLOWING WEATHER WAS RECORDED YESTERDAY.
  NO SIGNIFICANT WEATHER WAS OBSERVED.


RELATIVE HUMIDITY (PERCENT)
 HIGHEST    78           600 AM
 LOWEST     54          1100 AM
 AVERAGE    66

..........................................................


THE EAU CLAIRE WI CLIMATE NORMALS FOR TODAY
                         NORMAL    RECORD    YEAR
 MAXIMUM TEMPERATURE (F)   83       102      1932
 MINIMUM TEMPERATURE (F)   60        44      1966


SUNRISE AND SUNSET
JULY 20 2014..........SUNRISE   539 AM CDT   SUNSET   845 PM CDT
JULY 21 2014..........SUNRISE   540 AM CDT   SUNSET   844 PM CDT


-  INDICATES NEGATIVE NUMBERS.
R  INDICATES RECORD WAS SET OR TIED.
MM INDICATES DATA IS MISSING.
T  INDICATES TRACE AMOUNT.




$$
