000
CDUS43 KMPX 150723
CLIEAU


CLIMATE REPORT
NATIONAL WEATHER SERVICE CHANHASSEN MN
222 AM CDT TUE AUG 15 2017


...................................

...THE EAU CLAIRE WI CLIMATE SUMMARY FOR AUGUST 14 2017...

CLIMATE NORMAL PERIOD 1981 TO 2010
CLIMATE RECORD PERIOD 1893 TO 2017


WEATHER ITEM   OBSERVED TIME   RECORD YEAR NORMAL DEPARTURE LAST
                VALUE   (LST)  VALUE       VALUE  FROM      YEAR
                                                  NORMAL
..................................................................
TEMPERATURE (F)
 YESTERDAY
  MAXIMUM         71    549 PM  95    1944  81    -10       82
  MINIMUM         60   1159 PM  38    1964  59      1       60
  AVERAGE         66                        70     -4       71

PRECIPITATION (IN)
  YESTERDAY        0.19          1.53 1986   0.15   0.04     0.00
  MONTH TO DATE    1.72                      2.10  -0.38     3.13
  SINCE JUN 1     11.22                     10.11   1.11    12.93
  SINCE JAN 1     25.72                     19.75   5.97    25.12

SNOWFALL (IN)
  YESTERDAY        0.0           0.0    MM   0.0    0.0      0.0
  MONTH TO DATE    0.0                       0.0    0.0      0.0
  SINCE JUN 1      0.0                       0.0    0.0      0.0
  SINCE JUL 1      0.0                       0.0    0.0      0.0
  SNOW DEPTH       0

DEGREE DAYS
 HEATING
  YESTERDAY        0                         1     -1        0
  MONTH TO DATE   15                         9      6        0
  SINCE JUN 1     54                        82    -28       36
  SINCE JUL 1     17                        20     -3        4

 COOLING
  YESTERDAY        1                         6     -5        6
  MONTH TO DATE   24                        84    -60      123
  SINCE JUN 1    328                       418    -90      470
  SINCE JAN 1    336                       450   -114      510
..................................................................


WIND (MPH)
  HIGHEST WIND SPEED    10   HIGHEST WIND DIRECTION    SE (120)
  HIGHEST GUST SPEED    15   HIGHEST GUST DIRECTION    SE (120)
  AVERAGE WIND SPEED     4.1


SKY COVER
  POSSIBLE SUNSHINE  MM
  AVERAGE SKY COVER 0.7


WEATHER CONDITIONS
 THE FOLLOWING WEATHER WAS RECORDED YESTERDAY.
  RAIN
  LIGHT RAIN
  FOG


RELATIVE HUMIDITY (PERCENT)
 HIGHEST    97          1000 PM
 LOWEST     78          1200 AM
 AVERAGE    88

..........................................................


THE EAU CLAIRE WI CLIMATE NORMALS FOR TODAY
                         NORMAL    RECORD    YEAR
 MAXIMUM TEMPERATURE (F)   81       103      1936
 MINIMUM TEMPERATURE (F)   59        41      1979


SUNRISE AND SUNSET
AUGUST 15 2017........SUNRISE   608 AM CDT   SUNSET   812 PM CDT
AUGUST 16 2017........SUNRISE   609 AM CDT   SUNSET   810 PM CDT


-  INDICATES NEGATIVE NUMBERS.
R  INDICATES RECORD WAS SET OR TIED.
MM INDICATES DATA IS MISSING.
T  INDICATES TRACE AMOUNT.




$$
