129
CDUS43 KMPX 020739
CLIEAU


CLIMATE REPORT
NATIONAL WEATHER SERVICE CHANHASSEN MN
138 AM CST TUE FEB 2 2016


...................................

...THE EAU CLAIRE WI CLIMATE SUMMARY FOR FEBRUARY 1 2016...

CLIMATE NORMAL PERIOD 1981 TO 2010
CLIMATE RECORD PERIOD 1893 TO 2016


WEATHER ITEM   OBSERVED TIME   RECORD YEAR NORMAL DEPARTURE LAST
                VALUE   (LST)  VALUE       VALUE  FROM      YEAR
                                                  NORMAL
..................................................................
TEMPERATURE (F)
 YESTERDAY
  MAXIMUM         30    347 PM  49    1931  25      5       19
  MINIMUM         15   1147 PM -32    1918   6      9        4
  AVERAGE         23                        15      8       12

PRECIPITATION (IN)
  YESTERDAY        T             1.09 1933   0.03  -0.03      T
  MONTH TO DATE    T                         0.03  -0.03      T
  SINCE DEC 1      4.26                      1.92   2.34     1.05
  SINCE JAN 1      0.42                      0.92  -0.50     0.37

SNOWFALL (IN)
  YESTERDAY        T             7.5  2002   0.3   -0.3      0.2
  MONTH TO DATE    T                         0.3   -0.3      0.2
  SINCE DEC 1     14.6                      23.0   -8.4     12.9
  SINCE JUL 1     16.0                      29.3  -13.3     27.1
  SNOW DEPTH       4

DEGREE DAYS
 HEATING
  YESTERDAY       42                        50     -8       53
  MONTH TO DATE   42                        50     -8       53
  SINCE DEC 1   2611                      3048   -437     2846
  SINCE JUL 1   3973                      4794   -821     4818

 COOLING
  YESTERDAY        0                         0      0        0
  MONTH TO DATE    0                         0      0        0
  SINCE DEC 1      0                         0      0        0
  SINCE JAN 1      0                         0      0        0
..................................................................


WIND (MPH)
  HIGHEST WIND SPEED     9   HIGHEST WIND DIRECTION     S (190)
  HIGHEST GUST SPEED    10   HIGHEST GUST DIRECTION     S (200)
  AVERAGE WIND SPEED     2.8


SKY COVER
  POSSIBLE SUNSHINE  MM
  AVERAGE SKY COVER 0.2


WEATHER CONDITIONS
 THE FOLLOWING WEATHER WAS RECORDED YESTERDAY.
  FOG
  FOG W/VISIBILITY <= 1/4 MILE
  HAZE


RELATIVE HUMIDITY (PERCENT)
 HIGHEST   100          1000 AM
 LOWEST     84           800 AM
 AVERAGE    92

..........................................................


THE EAU CLAIRE WI CLIMATE NORMALS FOR TODAY
                         NORMAL    RECORD    YEAR
 MAXIMUM TEMPERATURE (F)   25        47      1944
                                             1931
 MINIMUM TEMPERATURE (F)    6       -35      1996


SUNRISE AND SUNSET
FEBRUARY  2 2016......SUNRISE   725 AM CST   SUNSET   515 PM CST
FEBRUARY  3 2016......SUNRISE   724 AM CST   SUNSET   516 PM CST


-  INDICATES NEGATIVE NUMBERS.
R  INDICATES RECORD WAS SET OR TIED.
MM INDICATES DATA IS MISSING.
T  INDICATES TRACE AMOUNT.




$$
