087
CDUS43 KMPX 202133
CLIEAU


CLIMATE REPORT
NATIONAL WEATHER SERVICE CHANHASSEN MN
432 PM CDT MON MAR 20 2017


...................................

...THE EAU CLAIRE WI CLIMATE SUMMARY FOR MARCH 20 2017...
VALID TODAY AS OF 0400 PM LOCAL TIME.

CLIMATE NORMAL PERIOD 1981 TO 2010
CLIMATE RECORD PERIOD 1893 TO 2017


WEATHER ITEM   OBSERVED TIME   RECORD YEAR NORMAL DEPARTURE LAST
                VALUE   (LST)  VALUE       VALUE  FROM      YEAR
                                                  NORMAL
..................................................................
TEMPERATURE (F)
 TODAY
  MAXIMUM         54    216 PM  69    2012  43     11       45
  MINIMUM         28    517 AM -19    1981  23      5       19
  AVERAGE         41                        33      8       32

PRECIPITATION (IN)
  TODAY            0.00          0.92 1969   0.06  -0.06     0.00
  MONTH TO DATE    0.88                      0.96  -0.08     2.15
  SINCE MAR 1      0.88                      0.96  -0.08     2.15
  SINCE JAN 1      4.96                      2.66   2.30     3.31

SNOWFALL (IN)
  TODAY            0.0           5.0  1969   0.2   -0.2      0.0
  MONTH TO DATE    4.8                       6.1   -1.3      1.6
  SINCE MAR 1      4.8                       6.1   -1.3      1.6
  SINCE JUL 1     53.7                      42.4   11.3     25.7
  SNOW DEPTH       0

DEGREE DAYS
 HEATING
  TODAY           24                        32     -8       33
  MONTH TO DATE  758                       723     35      528
  SINCE MAR 1    758                       723     35      528
  SINCE JUL 1   5868                      6743   -875     5706

 COOLING
  TODAY            0                         0      0        0
  MONTH TO DATE    0                         0      0        0
  SINCE MAR 1      0                         0      0        0
  SINCE JAN 1      0                         0      0        0
..................................................................


WIND (MPH)
  HIGHEST WIND SPEED    14   HIGHEST WIND DIRECTION     E (90)
  HIGHEST GUST SPEED    19   HIGHEST GUST DIRECTION    NE (30)
  AVERAGE WIND SPEED     4.6


SKY COVER
  POSSIBLE SUNSHINE  MM
  AVERAGE SKY COVER 0.3


WEATHER CONDITIONS
 THE FOLLOWING WEATHER WAS RECORDED TODAY.
  NO SIGNIFICANT WEATHER WAS OBSERVED.


RELATIVE HUMIDITY (PERCENT)
 HIGHEST    92           500 AM
 LOWEST     38           300 PM
 AVERAGE    65

..........................................................


THE EAU CLAIRE WI CLIMATE NORMALS FOR TOMORROW
                         NORMAL    RECORD    YEAR
 MAXIMUM TEMPERATURE (F)   43        77      1911
 MINIMUM TEMPERATURE (F)   24        -6      1965


SUNRISE AND SUNSET
MARCH 20 2017.........SUNRISE   709 AM CDT   SUNSET   719 PM CDT
MARCH 21 2017.........SUNRISE   707 AM CDT   SUNSET   720 PM CDT


-  INDICATES NEGATIVE NUMBERS.
R  INDICATES RECORD WAS SET OR TIED.
MM INDICATES DATA IS MISSING.
T  INDICATES TRACE AMOUNT.




$$
