000
CDUS43 KMPX 200717
CLIEAU


CLIMATE REPORT
NATIONAL WEATHER SERVICE CHANHASSEN MN
216 AM CDT TUE SEP 20 2016


...................................

...THE EAU CLAIRE WI CLIMATE SUMMARY FOR SEPTEMBER 19 2016...

CLIMATE NORMAL PERIOD 1981 TO 2010
CLIMATE RECORD PERIOD 1893 TO 2016


WEATHER ITEM   OBSERVED TIME   RECORD YEAR NORMAL DEPARTURE LAST
                VALUE   (LST)  VALUE       VALUE  FROM      YEAR
                                                  NORMAL
..................................................................
TEMPERATURE (F)
 YESTERDAY
  MAXIMUM         76    301 PM  96    1940  70      6       69
  MINIMUM         52   1158 PM  31    1929  47      5       48
  AVERAGE         64                        59      5       59

PRECIPITATION (IN)
  YESTERDAY        0.07          2.36 1988   0.12  -0.05     0.03
  MONTH TO DATE    2.24                      2.37  -0.13     4.50
  SINCE SEP 1      2.24                      2.37  -0.13     4.50
  SINCE JAN 1     29.07                     24.49   4.58    32.06

SNOWFALL (IN)
  YESTERDAY        0.0           0.0    MM   0.0    0.0      0.0
  MONTH TO DATE    0.0                       0.0    0.0      0.0
  SINCE SEP 1      0.0                       0.0    0.0      0.0
  SINCE JUL 1      0.0                       0.0    0.0      0.0
  SNOW DEPTH       0

DEGREE DAYS
 HEATING
  YESTERDAY        1                         7     -6        6
  MONTH TO DATE   33                        86    -53       52
  SINCE SEP 1     33                        86    -53       52
  SINCE JUL 1     43                       125    -82      107

 COOLING
  YESTERDAY        0                         1     -1        0
  MONTH TO DATE   35                        40     -5      104
  SINCE SEP 1     35                        40     -5      104
  SINCE JAN 1    618                       567     51      506
..................................................................


WIND (MPH)
  HIGHEST WIND SPEED    15   HIGHEST WIND DIRECTION    SW (210)
  HIGHEST GUST SPEED    20   HIGHEST GUST DIRECTION     S (200)
  AVERAGE WIND SPEED     5.2


SKY COVER
  POSSIBLE SUNSHINE  MM
  AVERAGE SKY COVER 0.2


WEATHER CONDITIONS
 THE FOLLOWING WEATHER WAS RECORDED YESTERDAY.
  LIGHT RAIN
  FOG


RELATIVE HUMIDITY (PERCENT)
 HIGHEST   100          1000 PM
 LOWEST     43           400 PM
 AVERAGE    72

..........................................................


THE EAU CLAIRE WI CLIMATE NORMALS FOR TODAY
                         NORMAL    RECORD    YEAR
 MAXIMUM TEMPERATURE (F)   70        96      1895
 MINIMUM TEMPERATURE (F)   47        27      1973


SUNRISE AND SUNSET
SEPTEMBER 20 2016.....SUNRISE   651 AM CDT   SUNSET   706 PM CDT
SEPTEMBER 21 2016.....SUNRISE   652 AM CDT   SUNSET   704 PM CDT


-  INDICATES NEGATIVE NUMBERS.
R  INDICATES RECORD WAS SET OR TIED.
MM INDICATES DATA IS MISSING.
T  INDICATES TRACE AMOUNT.




$$
