000
CDUS43 KMPX 170842
CLIEAU


CLIMATE REPORT
NATIONAL WEATHER SERVICE CHANHASSEN MN
341 AM CDT TUE MAY 17 2016


...................................

...THE EAU CLAIRE WI CLIMATE SUMMARY FOR MAY 16 2016...

CLIMATE NORMAL PERIOD 1981 TO 2010
CLIMATE RECORD PERIOD 1893 TO 2016


WEATHER ITEM   OBSERVED TIME   RECORD YEAR NORMAL DEPARTURE LAST
                VALUE   (LST)  VALUE       VALUE  FROM      YEAR
                                                  NORMAL
..................................................................
TEMPERATURE (F)
 YESTERDAY
  MAXIMUM         63    517 PM  92    1936  70     -7       80
  MINIMUM         43    428 AM  28    1956  45     -2       52
  AVERAGE         53                        58     -5       66

PRECIPITATION (IN)
  YESTERDAY        0.00          1.50 1960   0.12  -0.12     0.10
  MONTH TO DATE    0.97                      1.73  -0.76     2.35
  SINCE MAR 1      8.19                      6.21   1.98     5.82
  SINCE JAN 1      9.35                      7.91   1.44     6.41

SNOWFALL (IN)
  YESTERDAY        0.0           T    1916   0.0    0.0      0.0
                                      1929
  MONTH TO DATE    0.0                       0.2   -0.2      0.0
  SINCE MAR 1     13.9                      10.7    3.2      7.3
  SINCE JUL 1     38.0                      47.0   -9.0     38.1
  SNOW DEPTH       0

DEGREE DAYS
 HEATING
  YESTERDAY       12                         8      4        0
  MONTH TO DATE  196                       162     34      122
  SINCE MAR 1   1584                      1782   -198     1633
  SINCE JUL 1   6762                      7802  -1040     7986

 COOLING
  YESTERDAY        0                         1     -1        1
  MONTH TO DATE    3                        10     -7       10
  SINCE MAR 1      7                        14     -7       10
  SINCE JAN 1      7                        14     -7       10
..................................................................


WIND (MPH)
  HIGHEST WIND SPEED    15   HIGHEST WIND DIRECTION     N (360)
  HIGHEST GUST SPEED    20   HIGHEST GUST DIRECTION     N (10)
  AVERAGE WIND SPEED     6.8


SKY COVER
  POSSIBLE SUNSHINE  MM
  AVERAGE SKY COVER 0.4


WEATHER CONDITIONS
 THE FOLLOWING WEATHER WAS RECORDED YESTERDAY.
  NO SIGNIFICANT WEATHER WAS OBSERVED.


RELATIVE HUMIDITY (PERCENT)
 HIGHEST    71           600 AM
 LOWEST     32           100 PM
 AVERAGE    52

..........................................................


THE EAU CLAIRE WI CLIMATE NORMALS FOR TODAY
                         NORMAL    RECORD    YEAR
 MAXIMUM TEMPERATURE (F)   70        93      1987
 MINIMUM TEMPERATURE (F)   46        29      2002
                                             1925


SUNRISE AND SUNSET
MAY 17 2016...........SUNRISE   535 AM CDT   SUNSET   831 PM CDT
MAY 18 2016...........SUNRISE   534 AM CDT   SUNSET   832 PM CDT


-  INDICATES NEGATIVE NUMBERS.
R  INDICATES RECORD WAS SET OR TIED.
MM INDICATES DATA IS MISSING.
T  INDICATES TRACE AMOUNT.




$$
