611
CDUS43 KMPX 190148
CLIEAU


CLIMATE REPORT
NATIONAL WEATHER SERVICE CHANHASSEN MN
748 PM CST SUN FEB 18 2018


...................................

...THE EAU CLAIRE WI CLIMATE SUMMARY FOR FEBRUARY 18 2018...
VALID TODAY AS OF 0700 PM LOCAL TIME.

CLIMATE NORMAL PERIOD 1981 TO 2010
CLIMATE RECORD PERIOD 1893 TO 2018


WEATHER ITEM   OBSERVED TIME   RECORD YEAR NORMAL DEPARTURE LAST
                VALUE   (LST)  VALUE       VALUE  FROM      YEAR
                                                  NORMAL
..................................................................
TEMPERATURE (F)
 TODAY
  MAXIMUM         40    412 PM  59    1981  30     10       52
  MINIMUM          7    506 AM -20    1941  11     -4       33
                                      1936
                                      1910
  AVERAGE         24                        20      4       43

PRECIPITATION (IN)
  TODAY            0.00          0.47 1961   0.03  -0.03     0.00
  MONTH TO DATE    0.37                      0.49  -0.12     0.01
  SINCE DEC 1      2.54                      2.38   0.16     4.46
  SINCE JAN 1      1.63                      1.38   0.25     2.36

SNOWFALL (IN)
  TODAY            0.0           7.4  1961   0.2   -0.2      0.0
  MONTH TO DATE    6.1                       4.8    1.3       T
  SINCE DEC 1     28.6                      27.5    1.1     36.5
  SINCE JUL 1     31.9                      33.8   -1.9     38.2
  SNOW DEPTH       5

DEGREE DAYS
 HEATING
  TODAY           41                        45     -4       22
  MONTH TO DATE 1005                       852    153      746
  SINCE DEC 1   4094                      3850    244     3611
  SINCE JUL 1   5735                      5596    139     4820

 COOLING
  TODAY            0                         0      0        0
  MONTH TO DATE    0                         0      0        0
  SINCE DEC 1      0                         0      0        0
  SINCE JAN 1      0                         0      0        0
..................................................................


WIND (MPH)
  HIGHEST WIND SPEED    30   HIGHEST WIND DIRECTION     S (170)
  HIGHEST GUST SPEED    41   HIGHEST GUST DIRECTION     S (170)
  AVERAGE WIND SPEED    10.2


SKY COVER
  POSSIBLE SUNSHINE  MM
  AVERAGE SKY COVER 0.5


WEATHER CONDITIONS
 THE FOLLOWING WEATHER WAS RECORDED TODAY.
  NO SIGNIFICANT WEATHER WAS OBSERVED.


RELATIVE HUMIDITY (PERCENT)
 HIGHEST    91           400 AM
 LOWEST     54           400 PM
 AVERAGE    73

..........................................................


THE EAU CLAIRE WI CLIMATE NORMALS FOR TOMORROW
                         NORMAL    RECORD    YEAR
 MAXIMUM TEMPERATURE (F)   30        60      2017
                                             1930
 MINIMUM TEMPERATURE (F)   11       -26      1929


SUNRISE AND SUNSET
FEBRUARY 18 2018......SUNRISE   702 AM CST   SUNSET   538 PM CST
FEBRUARY 19 2018......SUNRISE   700 AM CST   SUNSET   540 PM CST


-  INDICATES NEGATIVE NUMBERS.
R  INDICATES RECORD WAS SET OR TIED.
MM INDICATES DATA IS MISSING.
T  INDICATES TRACE AMOUNT.




$$
