000
CDUS43 KMPX 250639
CLIEAU


CLIMATE REPORT
NATIONAL WEATHER SERVICE CHANHASSEN MN
1238 AM CST WED FEB 25 2015


...................................

...THE EAU CLAIRE WI CLIMATE SUMMARY FOR FEBRUARY 24 2015...

CLIMATE NORMAL PERIOD 1981 TO 2010
CLIMATE RECORD PERIOD 1893 TO 2015


WEATHER ITEM   OBSERVED TIME   RECORD YEAR NORMAL DEPARTURE LAST
                VALUE   (LST)  VALUE       VALUE  FROM      YEAR
                                                  NORMAL
..................................................................
TEMPERATURE (F)
 YESTERDAY
  MAXIMUM         30    117 PM  61    1931  32     -2       12
  MINIMUM          7   1159 PM -25    1913  13     -6       -2
  AVERAGE         19                        23     -4        5

PRECIPITATION (IN)
  YESTERDAY        T             1.50 1930   0.03  -0.03      T
  MONTH TO DATE    0.22                      0.67  -0.45     1.39
  SINCE DEC 1      1.27                      2.56  -1.29     4.50
  SINCE JAN 1      0.59                      1.56  -0.97     2.97

SNOWFALL (IN)
  YESTERDAY        T             4.5  1992   0.2   -0.2       T
  MONTH TO DATE    3.9                       6.3   -2.4     12.9
  SINCE DEC 1     16.6                      29.0  -12.4     56.7
  SINCE JUL 1     30.8                      35.3   -4.5     58.9
  SNOW DEPTH       4

DEGREE DAYS
 HEATING
  YESTERDAY       46                        42      4       60
  MONTH TO DATE 1344                      1111    233     1377
  SINCE DEC 1   4137                      4109     28     4873
  SINCE JUL 1   6109                      5855    254     6618

 COOLING
  YESTERDAY        0                         0      0        0
  MONTH TO DATE    0                         0      0        0
  SINCE DEC 1      0                         0      0        0
  SINCE JAN 1      0                         0      0        0
..................................................................


WIND (MPH)
  HIGHEST WIND SPEED    30   HIGHEST WIND DIRECTION    NW (310)
  HIGHEST GUST SPEED    38   HIGHEST GUST DIRECTION    NW (320)
  AVERAGE WIND SPEED    14.8


SKY COVER
  POSSIBLE SUNSHINE  MM
  AVERAGE SKY COVER 0.5


WEATHER CONDITIONS
 THE FOLLOWING WEATHER WAS RECORDED YESTERDAY.
  HEAVY SNOW
  LIGHT SNOW
  FOG
  HAZE


RELATIVE HUMIDITY (PERCENT)
 HIGHEST    75           900 AM
 LOWEST     31          1200 PM
 AVERAGE    53

..........................................................


THE EAU CLAIRE WI CLIMATE NORMALS FOR TODAY
                         NORMAL    RECORD    YEAR
 MAXIMUM TEMPERATURE (F)   33        57      1931
 MINIMUM TEMPERATURE (F)   14       -23      1967


SUNRISE AND SUNSET
FEBRUARY 25 2015......SUNRISE   651 AM CST   SUNSET   548 PM CST
FEBRUARY 26 2015......SUNRISE   649 AM CST   SUNSET   549 PM CST


-  INDICATES NEGATIVE NUMBERS.
R  INDICATES RECORD WAS SET OR TIED.
MM INDICATES DATA IS MISSING.
T  INDICATES TRACE AMOUNT.




$$
