000
CDUS43 KMPX 040919
CLIEAU


CLIMATE REPORT
NATIONAL WEATHER SERVICE CHANHASSEN MN
319 AM CST MON DEC 4 2017


...................................

...THE EAU CLAIRE WI CLIMATE SUMMARY FOR DECEMBER 3 2017...

CLIMATE NORMAL PERIOD 1981 TO 2010
CLIMATE RECORD PERIOD 1893 TO 2017


WEATHER ITEM   OBSERVED TIME   RECORD YEAR NORMAL DEPARTURE LAST
                VALUE   (LST)  VALUE       VALUE  FROM      YEAR
                                                  NORMAL
..................................................................
TEMPERATURE (F)
 YESTERDAY
  MAXIMUM         48   1158 PM  61    1998  32     16       31
  MINIMUM         20    738 AM -20    1919  15      5       28
  AVERAGE         34                        23     11       30

PRECIPITATION (IN)
  YESTERDAY        0.00          0.62 1953   0.04  -0.04      T
  MONTH TO DATE    0.00                      0.13  -0.13      T
  SINCE DEC 1      0.00                      0.13  -0.13      T
  SINCE JAN 1     34.42                     30.11   4.31    38.92

SNOWFALL (IN)
  YESTERDAY        0.0           6.3  1990   0.3   -0.3       T
  MONTH TO DATE    0.0                       0.9   -0.9       T
  SINCE DEC 1      0.0                       0.9   -0.9       T
  SINCE JUL 1      3.3                       7.2   -3.9      1.7
  SNOW DEPTH       0

DEGREE DAYS
 HEATING
  YESTERDAY       31                        42    -11       35
  MONTH TO DATE   90                       124    -34       99
  SINCE DEC 1     90                       124    -34       99
  SINCE JUL 1   1731                      1870   -139     1308

 COOLING
  YESTERDAY        0                         0      0        0
  MONTH TO DATE    0                         0      0        0
  SINCE DEC 1      0                         0      0        0
  SINCE JAN 1    466                       579   -113      624
..................................................................


WIND (MPH)
  HIGHEST WIND SPEED    15   HIGHEST WIND DIRECTION    SE (130)
  HIGHEST GUST SPEED    19   HIGHEST GUST DIRECTION    SE (130)
  AVERAGE WIND SPEED     5.8


SKY COVER
  POSSIBLE SUNSHINE  MM
  AVERAGE SKY COVER 0.4


WEATHER CONDITIONS
 THE FOLLOWING WEATHER WAS RECORDED YESTERDAY.
  FOG


RELATIVE HUMIDITY (PERCENT)
 HIGHEST   100           200 AM
 LOWEST     45          1200 PM
 AVERAGE    73

..........................................................


THE EAU CLAIRE WI CLIMATE NORMALS FOR TODAY
                         NORMAL    RECORD    YEAR
 MAXIMUM TEMPERATURE (F)   31        56      2001
                                             1961
                                             1941
 MINIMUM TEMPERATURE (F)   15       -12      1893


SUNRISE AND SUNSET
DECEMBER  4 2017......SUNRISE   727 AM CST   SUNSET   425 PM CST
DECEMBER  5 2017......SUNRISE   728 AM CST   SUNSET   425 PM CST


-  INDICATES NEGATIVE NUMBERS.
R  INDICATES RECORD WAS SET OR TIED.
MM INDICATES DATA IS MISSING.
T  INDICATES TRACE AMOUNT.




$$
