000
CDUS43 KMPX 140708
CLIEAU


CLIMATE REPORT
NATIONAL WEATHER SERVICE CHANHASSEN MN
208 AM CDT THU SEP 14 2017


...................................

...THE EAU CLAIRE WI CLIMATE SUMMARY FOR SEPTEMBER 13 2017...

CLIMATE NORMAL PERIOD 1981 TO 2010
CLIMATE RECORD PERIOD 1893 TO 2017


WEATHER ITEM   OBSERVED TIME   RECORD YEAR NORMAL DEPARTURE LAST
                VALUE   (LST)  VALUE       VALUE  FROM      YEAR
                                                  NORMAL
..................................................................
TEMPERATURE (F)
 YESTERDAY
  MAXIMUM         84    334 PM  95    1939  73     11       67
  MINIMUM         51    458 AM  29    1963  50      1       55
  AVERAGE         68                        61      7       61

PRECIPITATION (IN)
  YESTERDAY        0.00          2.99 1909   0.12  -0.12     0.12
  MONTH TO DATE    0.25                      1.64  -1.39     1.87
  SINCE SEP 1      0.25                      1.64  -1.39     1.87
  SINCE JAN 1     28.37                     23.76   4.61    28.70

SNOWFALL (IN)
  YESTERDAY        0.0           0.0    MM   0.0    0.0      0.0
  MONTH TO DATE    0.0                       0.0    0.0      0.0
  SINCE SEP 1      0.0                       0.0    0.0      0.0
  SINCE JUL 1      0.0                       0.0    0.0      0.0
  SNOW DEPTH       0

DEGREE DAYS
 HEATING
  YESTERDAY        0                         5     -5        4
  MONTH TO DATE   57                        47     10       18
  SINCE SEP 1     57                        47     10       18
  SINCE JUL 1    100                        86     14       28

 COOLING
  YESTERDAY        3                         2      1        0
  MONTH TO DATE    9                        33    -24       31
  SINCE SEP 1      9                        33    -24       31
  SINCE JAN 1    381                       560   -179      614
..................................................................


WIND (MPH)
  HIGHEST WIND SPEED    12   HIGHEST WIND DIRECTION     S (170)
  HIGHEST GUST SPEED    14   HIGHEST GUST DIRECTION    SE (150)
  AVERAGE WIND SPEED     4.3


SKY COVER
  POSSIBLE SUNSHINE  MM
  AVERAGE SKY COVER 0.1


WEATHER CONDITIONS
 THE FOLLOWING WEATHER WAS RECORDED YESTERDAY.
  FOG
  FOG W/VISIBILITY <= 1/4 MILE


RELATIVE HUMIDITY (PERCENT)
 HIGHEST   100          1200 AM
 LOWEST     46           200 PM
 AVERAGE    73

..........................................................


THE EAU CLAIRE WI CLIMATE NORMALS FOR TODAY
                         NORMAL    RECORD    YEAR
 MAXIMUM TEMPERATURE (F)   72        97      1939
 MINIMUM TEMPERATURE (F)   50        29      1923


SUNRISE AND SUNSET
SEPTEMBER 14 2017.....SUNRISE   644 AM CDT   SUNSET   718 PM CDT
SEPTEMBER 15 2017.....SUNRISE   645 AM CDT   SUNSET   716 PM CDT


-  INDICATES NEGATIVE NUMBERS.
R  INDICATES RECORD WAS SET OR TIED.
MM INDICATES DATA IS MISSING.
T  INDICATES TRACE AMOUNT.




$$
