000
CDUS43 KMPX 300752
CLIEAU


CLIMATE REPORT
NATIONAL WEATHER SERVICE CHANHASSEN MN
252 AM CDT TUE JUN 30 2015


...................................

...THE EAU CLAIRE WI CLIMATE SUMMARY FOR JUNE 29 2015...

CLIMATE NORMAL PERIOD 1981 TO 2010
CLIMATE RECORD PERIOD 1893 TO 2015


WEATHER ITEM   OBSERVED TIME   RECORD YEAR NORMAL DEPARTURE LAST
                VALUE   (LST)  VALUE       VALUE  FROM      YEAR
                                                  NORMAL
..................................................................
TEMPERATURE (F)
 YESTERDAY
  MAXIMUM         79   1204 PM 102    1931  82     -3       83
  MINIMUM         56   1153 PM  44    1925  59     -3       66
                                      2007
  AVERAGE         68                        71     -3       75

PRECIPITATION (IN)
  YESTERDAY        1.08          2.21 1916   0.13   0.95     0.00
  MONTH TO DATE    4.83                      3.99   0.84     9.76
  SINCE JUN 1      4.83                      3.99   0.84     9.76
  SINCE JAN 1     14.28                     13.63   0.65    23.86

SNOWFALL (IN)
  YESTERDAY        0.0           0.0    MM   0.0    0.0      0.0
  MONTH TO DATE    0.0                       0.0    0.0      0.0
  SINCE JUN 1      0.0                       0.0    0.0      0.0
  SINCE JUL 1     38.1                      46.8   -8.7     74.8
  SNOW DEPTH       0

DEGREE DAYS
 HEATING
  YESTERDAY        0                         1     -1        0
  MONTH TO DATE   27                        61    -34       25
  SINCE JUN 1     27                        61    -34       25
  SINCE JUL 1   8133                      7959    174     9167

 COOLING
  YESTERDAY        3                         6     -3       10
  MONTH TO DATE   82                       114    -32      125
  SINCE JUN 1     82                       114    -32      125
  SINCE JAN 1    100                       146    -46      160
..................................................................


WIND (MPH)
  HIGHEST WIND SPEED    32   HIGHEST WIND DIRECTION     E (80)
  HIGHEST GUST SPEED    38   HIGHEST GUST DIRECTION     E (80)
  AVERAGE WIND SPEED     3.2


SKY COVER
  POSSIBLE SUNSHINE  MM
  AVERAGE SKY COVER 0.7


WEATHER CONDITIONS
 THE FOLLOWING WEATHER WAS RECORDED YESTERDAY.
  THUNDERSTORM
  HEAVY RAIN
  RAIN
  LIGHT RAIN
  FOG
  FOG W/VISIBILITY <= 1/4 MILE
  HAZE


RELATIVE HUMIDITY (PERCENT)
 HIGHEST   100          1200 AM
 LOWEST     62          1200 PM
 AVERAGE    81

..........................................................


THE EAU CLAIRE WI CLIMATE NORMALS FOR TODAY
                         NORMAL    RECORD    YEAR
 MAXIMUM TEMPERATURE (F)   82       101      1931
 MINIMUM TEMPERATURE (F)   59        44      1900
                                             1924


SUNRISE AND SUNSET
JUNE 30 2015..........SUNRISE   523 AM CDT   SUNSET   856 PM CDT
JULY  1 2015..........SUNRISE   524 AM CDT   SUNSET   856 PM CDT


-  INDICATES NEGATIVE NUMBERS.
R  INDICATES RECORD WAS SET OR TIED.
MM INDICATES DATA IS MISSING.
T  INDICATES TRACE AMOUNT.




$$
