000
CDUS43 KMPX 190945
CLIEAU


CLIMATE REPORT
NATIONAL WEATHER SERVICE CHANHASSEN MN
344 AM CST THU JAN 19 2017


...................................

...THE EAU CLAIRE WI CLIMATE SUMMARY FOR JANUARY 18 2017...

CLIMATE NORMAL PERIOD 1981 TO 2010
CLIMATE RECORD PERIOD 1893 TO 2017


WEATHER ITEM   OBSERVED TIME   RECORD YEAR NORMAL DEPARTURE LAST
                VALUE   (LST)  VALUE       VALUE  FROM      YEAR
                                                  NORMAL
..................................................................
TEMPERATURE (F)
 YESTERDAY
  MAXIMUM         39    320 PM  45    1996  23     16       -2
  MINIMUM         23   1154 PM -36    1967   5     18      -16
  AVERAGE         31                        14     17       -9

PRECIPITATION (IN)
  YESTERDAY        0.00          0.70 1897   0.03  -0.03     0.00
  MONTH TO DATE    1.68                      0.51   1.17     0.36
  SINCE DEC 1      3.78                      1.51   2.27     4.20
  SINCE JAN 1      1.68                      0.51   1.17     0.36

SNOWFALL (IN)
  YESTERDAY        0.0          11.0  1996   0.4   -0.4      0.0
  MONTH TO DATE   11.4                       7.4    4.0      4.0
  SINCE DEC 1     30.6                      16.9   13.7     13.4
  SINCE JUL 1     32.3                      23.2    9.1     14.8
  SNOW DEPTH       8

DEGREE DAYS
 HEATING
  YESTERDAY       34                        51    -17       74
  MONTH TO DATE  975                       913     62      944
  SINCE DEC 1   2386                      2343     43     1998
  SINCE JUL 1   3595                      4089   -494     3360

 COOLING
  YESTERDAY        0                         0      0        0
  MONTH TO DATE    0                         0      0        0
  SINCE DEC 1      0                         0      0        0
  SINCE JAN 1      0                         0      0        0
..................................................................


WIND (MPH)
  HIGHEST WIND SPEED    17   HIGHEST WIND DIRECTION    SW (220)
  HIGHEST GUST SPEED    22   HIGHEST GUST DIRECTION    SW (230)
  AVERAGE WIND SPEED     8.2


SKY COVER
  POSSIBLE SUNSHINE  MM
  AVERAGE SKY COVER 0.3


WEATHER CONDITIONS
 THE FOLLOWING WEATHER WAS RECORDED YESTERDAY.
  FOG
  FOG W/VISIBILITY <= 1/4 MILE
  HAZE


RELATIVE HUMIDITY (PERCENT)
 HIGHEST   100          1200 AM
 LOWEST     70           100 PM
 AVERAGE    85

..........................................................


THE EAU CLAIRE WI CLIMATE NORMALS FOR TODAY
                         NORMAL    RECORD    YEAR
 MAXIMUM TEMPERATURE (F)   23        50      1947
 MINIMUM TEMPERATURE (F)    5       -33      1994


SUNRISE AND SUNSET
JANUARY 19 2017.......SUNRISE   737 AM CST   SUNSET   457 PM CST
JANUARY 20 2017.......SUNRISE   737 AM CST   SUNSET   458 PM CST


-  INDICATES NEGATIVE NUMBERS.
R  INDICATES RECORD WAS SET OR TIED.
MM INDICATES DATA IS MISSING.
T  INDICATES TRACE AMOUNT.




$$
