000
CDUS43 KMPX 172119
CLIEAU


CLIMATE REPORT
NATIONAL WEATHER SERVICE CHANHASSEN MN
419 PM CDT MON APR 17 2017


...................................

...THE EAU CLAIRE WI CLIMATE SUMMARY FOR APRIL 17 2017...
VALID TODAY AS OF 0400 PM LOCAL TIME.

CLIMATE NORMAL PERIOD 1981 TO 2010
CLIMATE RECORD PERIOD 1893 TO 2017


WEATHER ITEM   OBSERVED TIME   RECORD YEAR NORMAL DEPARTURE LAST
                VALUE   (LST)  VALUE       VALUE  FROM      YEAR
                                                  NORMAL
..................................................................
TEMPERATURE (F)
 TODAY
  MAXIMUM         60    222 PM  82    1987  59      1       80
  MINIMUM         41    446 AM  15    1983  35      6       57
  AVERAGE         51                        47      4       69

PRECIPITATION (IN)
  TODAY            0.00          1.35 1959   0.09  -0.09     0.00
  MONTH TO DATE    2.33                      1.43   0.90     0.57
  SINCE MAR 1      3.45                      3.16   0.29     5.23
  SINCE JAN 1      7.53                      4.86   2.67     6.39

SNOWFALL (IN)
  TODAY            0.0           2.0  1910   T      0.0      0.0
  MONTH TO DATE    0.8                       1.4   -0.6      1.8
  SINCE MAR 1      5.6                      10.0   -4.4     13.9
  SINCE JUL 1     54.5                      46.3    8.2     38.0
  SNOW DEPTH       0

DEGREE DAYS
 HEATING
  TODAY           14                        18     -4        0
  MONTH TO DATE  293                       378    -85      397
  SINCE MAR 1   1343                      1422    -79     1208
  SINCE JUL 1   6453                      7442   -989     6386

 COOLING
  TODAY            0                         0      0        4
  MONTH TO DATE    0                         0      0        4
  SINCE MAR 1      0                         0      0        4
  SINCE JAN 1      0                         0      0        4
..................................................................


WIND (MPH)
  HIGHEST WIND SPEED    14   HIGHEST WIND DIRECTION     N (360)
  HIGHEST GUST SPEED    19   HIGHEST GUST DIRECTION     N (340)
  AVERAGE WIND SPEED     4.8


SKY COVER
  POSSIBLE SUNSHINE  MM
  AVERAGE SKY COVER 0.4


WEATHER CONDITIONS
 THE FOLLOWING WEATHER WAS RECORDED TODAY.
  NO SIGNIFICANT WEATHER WAS OBSERVED.


RELATIVE HUMIDITY (PERCENT)
 HIGHEST    76           500 AM
 LOWEST     36           100 PM
 AVERAGE    56

..........................................................


THE EAU CLAIRE WI CLIMATE NORMALS FOR TOMORROW
                         NORMAL    RECORD    YEAR
 MAXIMUM TEMPERATURE (F)   59        88      1987
 MINIMUM TEMPERATURE (F)   35        19      1983
                                             1953
                                             1907


SUNRISE AND SUNSET
APRIL 17 2017.........SUNRISE   618 AM CDT   SUNSET   754 PM CDT
APRIL 18 2017.........SUNRISE   616 AM CDT   SUNSET   755 PM CDT


-  INDICATES NEGATIVE NUMBERS.
R  INDICATES RECORD WAS SET OR TIED.
MM INDICATES DATA IS MISSING.
T  INDICATES TRACE AMOUNT.




$$
