000
CDUS43 KMPX 090647
CLIEAU


CLIMATE REPORT
NATIONAL WEATHER SERVICE CHANHASSEN MN
1245 AM CST TUE JAN 9 2018


...................................

...THE EAU CLAIRE WI CLIMATE SUMMARY FOR JANUARY 8 2018...

CLIMATE NORMAL PERIOD 1981 TO 2010
CLIMATE RECORD PERIOD 1893 TO 2018


WEATHER ITEM   OBSERVED TIME   RECORD YEAR NORMAL DEPARTURE LAST
                VALUE   (LST)  VALUE       VALUE  FROM      YEAR
                                                  NORMAL
..................................................................
TEMPERATURE (F)
 YESTERDAY
  MAXIMUM         34    322 PM  53    2003  23     11       13
  MINIMUM         16   1121 PM -30    1894   6     10      -15
  AVERAGE         25                        14     11       -1

PRECIPITATION (IN)
  YESTERDAY        0.00          0.46 1969   0.03  -0.03      T
  MONTH TO DATE    0.02                      0.22  -0.20     0.17
  SINCE DEC 1      0.93                      1.22  -0.29     2.27
  SINCE JAN 1      0.02                      0.22  -0.20     0.17

SNOWFALL (IN)
  YESTERDAY        0.0           5.0  1969   0.4   -0.4      0.1
  MONTH TO DATE    0.4                       3.0   -2.6      2.2
  SINCE DEC 1      7.7                      12.5   -4.8     21.4
  SINCE JUL 1     11.0                      18.8   -7.8     23.1
  SNOW DEPTH       4

DEGREE DAYS
 HEATING
  YESTERDAY       40                        51    -11       66
  MONTH TO DATE  503                       403    100      466
  SINCE DEC 1   2011                      1833    178     1877
  SINCE JUL 1   3652                      3579     73     3086

 COOLING
  YESTERDAY        0                         0      0        0
  MONTH TO DATE    0                         0      0        0
  SINCE DEC 1      0                         0      0        0
  SINCE JAN 1      0                         0      0        0
..................................................................


WIND (MPH)
  HIGHEST WIND SPEED    16   HIGHEST WIND DIRECTION     W (260)
  HIGHEST GUST SPEED    21   HIGHEST GUST DIRECTION     W (260)
  AVERAGE WIND SPEED     6.3


SKY COVER
  POSSIBLE SUNSHINE  MM
  AVERAGE SKY COVER 0.1


WEATHER CONDITIONS
 THE FOLLOWING WEATHER WAS RECORDED YESTERDAY.
  FOG
  HAZE


RELATIVE HUMIDITY (PERCENT)
 HIGHEST   100           300 AM
 LOWEST     61           100 PM
 AVERAGE    81

..........................................................


THE EAU CLAIRE WI CLIMATE NORMALS FOR TODAY
                         NORMAL    RECORD    YEAR
 MAXIMUM TEMPERATURE (F)   23        48      2002
 MINIMUM TEMPERATURE (F)    6       -39      1977


SUNRISE AND SUNSET
JANUARY  9 2018.......SUNRISE   743 AM CST   SUNSET   444 PM CST
JANUARY 10 2018.......SUNRISE   742 AM CST   SUNSET   445 PM CST


-  INDICATES NEGATIVE NUMBERS.
R  INDICATES RECORD WAS SET OR TIED.
MM INDICATES DATA IS MISSING.
T  INDICATES TRACE AMOUNT.




$$
