000
CDUS43 KMPX 230624
CLIEAU


CLIMATE REPORT
NATIONAL WEATHER SERVICE CHANHASSEN MN
124 AM CDT SAT AUG 23 2014


...................................

...THE EAU CLAIRE WI CLIMATE SUMMARY FOR AUGUST 22 2014...

CLIMATE NORMAL PERIOD 1981 TO 2010
CLIMATE RECORD PERIOD 1893 TO 2014


WEATHER ITEM   OBSERVED TIME   RECORD YEAR NORMAL DEPARTURE LAST
                VALUE   (LST)  VALUE       VALUE  FROM      YEAR
                                                  NORMAL
..................................................................
TEMPERATURE (F)
 YESTERDAY
  MAXIMUM         86    414 PM  97    1947  80      6       85
                                      1948
  MINIMUM         69   1159 PM  41    1952  58     11       60
                                      1958
  AVERAGE         78                        69      9       73

PRECIPITATION (IN)
  YESTERDAY        0.00          1.42 1973   0.15  -0.15     0.00
  MONTH TO DATE    3.88                      3.29   0.59     0.83
  SINCE JUN 1     16.16                     11.30   4.86     7.33
  SINCE JAN 1     30.26                     20.94   9.32    27.38

SNOWFALL (IN)
  YESTERDAY        0.0           0.0    MM   0.0    0.0      0.0
  MONTH TO DATE    0.0                       0.0    0.0      0.0
  SINCE JUN 1      0.0                       0.0    0.0      0.0
  SINCE JUL 1      0.0                       0.0    0.0      0.0
  SNOW DEPTH       0

DEGREE DAYS
 HEATING
  YESTERDAY        0                         1     -1        0
  MONTH TO DATE    3                        17    -14       12
  SINCE JUN 1     46                        90    -44      101
  SINCE JUL 1     21                        28     -7       38

 COOLING
  YESTERDAY       13                         5      8        8
  MONTH TO DATE  126                       124      2       73
  SINCE JUN 1    398                       458    -60      405
  SINCE JAN 1    433                       490    -57      437
..................................................................


WIND (MPH)
  HIGHEST WIND SPEED    12   HIGHEST WIND DIRECTION    NW (310)
  HIGHEST GUST SPEED    16   HIGHEST GUST DIRECTION     N (340)
  AVERAGE WIND SPEED     4.6


SKY COVER
  POSSIBLE SUNSHINE  MM
  AVERAGE SKY COVER 0.5


WEATHER CONDITIONS
 THE FOLLOWING WEATHER WAS RECORDED YESTERDAY.
  FOG


RELATIVE HUMIDITY (PERCENT)
 HIGHEST   100           100 AM
 LOWEST     61           300 PM
 AVERAGE    81

..........................................................


THE EAU CLAIRE WI CLIMATE NORMALS FOR TODAY
                         NORMAL    RECORD    YEAR
 MAXIMUM TEMPERATURE (F)   79       102      1948
 MINIMUM TEMPERATURE (F)   58        41      1920


SUNRISE AND SUNSET
AUGUST 23 2014........SUNRISE   617 AM CDT   SUNSET   759 PM CDT
AUGUST 24 2014........SUNRISE   619 AM CDT   SUNSET   757 PM CDT


-  INDICATES NEGATIVE NUMBERS.
R  INDICATES RECORD WAS SET OR TIED.
MM INDICATES DATA IS MISSING.
T  INDICATES TRACE AMOUNT.




$$
