000
CDUS43 KMPX 010050
CLIEAU


CLIMATE REPORT
NATIONAL WEATHER SERVICE CHANHASSEN MN
649 PM CST SAT JAN 31 2015


...................................

...THE EAU CLAIRE WI CLIMATE SUMMARY FOR JANUARY 31 2015...
VALID TODAY AS OF 0600 PM LOCAL TIME.

CLIMATE NORMAL PERIOD 1981 TO 2010
CLIMATE RECORD PERIOD 1893 TO 2015


WEATHER ITEM   OBSERVED TIME   RECORD YEAR NORMAL DEPARTURE LAST
                VALUE   (LST)  VALUE       VALUE  FROM      YEAR
                                                  NORMAL
..................................................................
TEMPERATURE (F)
 TODAY
  MAXIMUM         28    443 PM  47    1952  25      3        4
  MINIMUM         19   1255 AM -33    1899   6     13      -15
  AVERAGE         24                        15      9       -5

PRECIPITATION (IN)
  TODAY            0.00          0.70 1917   0.03  -0.03     0.00
  MONTH TO DATE    0.37                      0.89  -0.52     1.58
  SINCE DEC 1      1.05                      1.89  -0.84     3.11
  SINCE JAN 1      0.37                      0.89  -0.52     1.58

SNOWFALL (IN)
  TODAY            0.0           7.0  1917   0.4   -0.4      0.0
  MONTH TO DATE    6.4                      13.2   -6.8     24.8
  SINCE DEC 1     12.7                      22.7  -10.0     43.8
  SINCE JUL 1     26.9                      29.0   -2.1     46.0
  SNOW DEPTH       3

DEGREE DAYS
 HEATING
  TODAY           41                        50     -9       70
  MONTH TO DATE 1513                      1570    -57     1831
  SINCE DEC 1   2793                      2998   -205     3496
  SINCE JUL 1   4765                      4744     21     5241

 COOLING
  TODAY            0                         0      0        0
  MONTH TO DATE    0                         0      0        0
  SINCE DEC 1      0                         0      0        0
  SINCE JAN 1      0                         0      0        0
..................................................................


WIND (MPH)
  HIGHEST WIND SPEED    14   HIGHEST WIND DIRECTION    NE (50)
  HIGHEST GUST SPEED    16   HIGHEST GUST DIRECTION    NE (40)
  AVERAGE WIND SPEED     2.9


SKY COVER
  POSSIBLE SUNSHINE  MM
  AVERAGE SKY COVER 1.0


WEATHER CONDITIONS
 THE FOLLOWING WEATHER WAS RECORDED TODAY.
  NO SIGNIFICANT WEATHER WAS OBSERVED.


RELATIVE HUMIDITY (PERCENT)
 HIGHEST    75          1200 PM
 LOWEST     62          1200 AM
 AVERAGE    69

..........................................................


THE EAU CLAIRE WI CLIMATE NORMALS FOR TOMORROW
                         NORMAL    RECORD    YEAR
 MAXIMUM TEMPERATURE (F)   25        49      1931
 MINIMUM TEMPERATURE (F)    6       -32      1918


SUNRISE AND SUNSET
JANUARY 31 2015.......SUNRISE   727 AM CST   SUNSET   513 PM CST
FEBRUARY  1 2015......SUNRISE   726 AM CST   SUNSET   514 PM CST


-  INDICATES NEGATIVE NUMBERS.
R  INDICATES RECORD WAS SET OR TIED.
MM INDICATES DATA IS MISSING.
T  INDICATES TRACE AMOUNT.




$$
