000
CDUS43 KMPX 160031
CLIEAU


CLIMATE REPORT
NATIONAL WEATHER SERVICE CHANHASSEN MN
730 PM CDT TUE AUG 15 2017


...................................

...THE EAU CLAIRE WI CLIMATE SUMMARY FOR AUGUST 15 2017...
VALID TODAY AS OF 0700 PM LOCAL TIME.

CLIMATE NORMAL PERIOD 1981 TO 2010
CLIMATE RECORD PERIOD 1893 TO 2017


WEATHER ITEM   OBSERVED TIME   RECORD YEAR NORMAL DEPARTURE LAST
                VALUE   (LST)  VALUE       VALUE  FROM      YEAR
                                                  NORMAL
..................................................................
TEMPERATURE (F)
 TODAY
  MAXIMUM         77    316 PM 103    1936  81     -4       82
  MINIMUM         56    338 AM  41    1979  59     -3       56
  AVERAGE         67                        70     -3       69

PRECIPITATION (IN)
  TODAY            0.00          1.03 1966   0.15  -0.15     0.00
  MONTH TO DATE    1.72                      2.25  -0.53     3.13
  SINCE JUN 1     11.22                     10.26   0.96    12.93
  SINCE JAN 1     25.72                     19.90   5.82    25.12

SNOWFALL (IN)
  TODAY            0.0           0.0    MM   0.0    0.0      0.0
  MONTH TO DATE    0.0                       0.0    0.0      0.0
  SINCE JUN 1      0.0                       0.0    0.0      0.0
  SINCE JUL 1      0.0                       0.0    0.0      0.0
  SNOW DEPTH       0

DEGREE DAYS
 HEATING
  TODAY            0                         1     -1        0
  MONTH TO DATE   15                        10      5        0
  SINCE JUN 1     54                        83    -29       36
  SINCE JUL 1     17                        21     -4        4

 COOLING
  TODAY            2                         5     -3        4
  MONTH TO DATE   26                        89    -63      127
  SINCE JUN 1    330                       423    -93      474
  SINCE JAN 1    338                       455   -117      514
..................................................................


WIND (MPH)
  HIGHEST WIND SPEED    10   HIGHEST WIND DIRECTION     E (100)
  HIGHEST GUST SPEED    15   HIGHEST GUST DIRECTION    SE (120)
  AVERAGE WIND SPEED     5.7


SKY COVER
  POSSIBLE SUNSHINE  MM
  AVERAGE SKY COVER 0.5


WEATHER CONDITIONS
 THE FOLLOWING WEATHER WAS RECORDED TODAY.
  NO SIGNIFICANT WEATHER WAS OBSERVED.


RELATIVE HUMIDITY (PERCENT)
 HIGHEST    93           200 AM
 LOWEST     46           300 PM
 AVERAGE    70

..........................................................


THE EAU CLAIRE WI CLIMATE NORMALS FOR TOMORROW
                         NORMAL    RECORD    YEAR
 MAXIMUM TEMPERATURE (F)   81       103      1988
 MINIMUM TEMPERATURE (F)   59        43      1979
                                             1976


SUNRISE AND SUNSET
AUGUST 15 2017........SUNRISE   608 AM CDT   SUNSET   812 PM CDT
AUGUST 16 2017........SUNRISE   609 AM CDT   SUNSET   810 PM CDT


-  INDICATES NEGATIVE NUMBERS.
R  INDICATES RECORD WAS SET OR TIED.
MM INDICATES DATA IS MISSING.
T  INDICATES TRACE AMOUNT.




$$
