000
CDUS43 KMPX 140819
CLIEAU


CLIMATE REPORT
NATIONAL WEATHER SERVICE CHANHASSEN MN
318 AM CDT TUE MAR 14 2017


...................................

...THE EAU CLAIRE WI CLIMATE SUMMARY FOR MARCH 13 2017...

CLIMATE NORMAL PERIOD 1981 TO 2010
CLIMATE RECORD PERIOD 1893 TO 2017


WEATHER ITEM   OBSERVED TIME   RECORD YEAR NORMAL DEPARTURE LAST
                VALUE   (LST)  VALUE       VALUE  FROM      YEAR
                                                  NORMAL
..................................................................
TEMPERATURE (F)
 YESTERDAY
  MAXIMUM         26    354 PM  66    2015  39    -13       58
  MINIMUM         12   1159 PM -18    1897  20     -8       40
  AVERAGE         19                        30    -11       49

PRECIPITATION (IN)
  YESTERDAY        0.03          1.14 1927   0.04  -0.01      T
  MONTH TO DATE    0.74                      0.56   0.18     0.11
  SINCE MAR 1      0.74                      0.56   0.18     0.11
  SINCE JAN 1      4.82                      2.26   2.56     1.27

SNOWFALL (IN)
  YESTERDAY        0.6           9.2  1940   0.3    0.3      0.0
  MONTH TO DATE    4.8                       4.1    0.7      1.5
  SINCE MAR 1      4.8                       4.1    0.7      1.5
  SINCE JUL 1     53.7                      40.4   13.3     25.6
  SNOW DEPTH       2

DEGREE DAYS
 HEATING
  YESTERDAY       46                        35     11       16
  MONTH TO DATE  510                       490     20      351
  SINCE MAR 1    510                       490     20      351
  SINCE JUL 1   5620                      6510   -890     5529

 COOLING
  YESTERDAY        0                         0      0        0
  MONTH TO DATE    0                         0      0        0
  SINCE MAR 1      0                         0      0        0
  SINCE JAN 1      0                         0      0        0
..................................................................


WIND (MPH)
  HIGHEST WIND SPEED    15   HIGHEST WIND DIRECTION     E (70)
  HIGHEST GUST SPEED    19   HIGHEST GUST DIRECTION    NE (50)
  AVERAGE WIND SPEED     8.4


SKY COVER
  POSSIBLE SUNSHINE  MM
  AVERAGE SKY COVER 0.6


WEATHER CONDITIONS
 THE FOLLOWING WEATHER WAS RECORDED YESTERDAY.
  LIGHT SNOW
  FOG
  HAZE


RELATIVE HUMIDITY (PERCENT)
 HIGHEST    92           100 AM
 LOWEST     40           500 PM
 AVERAGE    66

..........................................................


THE EAU CLAIRE WI CLIMATE NORMALS FOR TODAY
                         NORMAL    RECORD    YEAR
 MAXIMUM TEMPERATURE (F)   40        76      2012
 MINIMUM TEMPERATURE (F)   21       -10      1897


SUNRISE AND SUNSET
MARCH 14 2017.........SUNRISE   720 AM CDT   SUNSET   711 PM CDT
MARCH 15 2017.........SUNRISE   718 AM CDT   SUNSET   712 PM CDT


-  INDICATES NEGATIVE NUMBERS.
R  INDICATES RECORD WAS SET OR TIED.
MM INDICATES DATA IS MISSING.
T  INDICATES TRACE AMOUNT.




$$
