000
CDUS43 KMPX 240100
CLIEAU


CLIMATE REPORT
NATIONAL WEATHER SERVICE CHANHASSEN MN
759 PM CDT SAT APR 23 2016


...................................

...THE EAU CLAIRE WI CLIMATE SUMMARY FOR APRIL 23 2016...
VALID TODAY AS OF 0700 PM LOCAL TIME.

CLIMATE NORMAL PERIOD 1981 TO 2010
CLIMATE RECORD PERIOD 1893 TO 2016


WEATHER ITEM   OBSERVED TIME   RECORD YEAR NORMAL DEPARTURE LAST
                VALUE   (LST)  VALUE       VALUE  FROM      YEAR
                                                  NORMAL
..................................................................
TEMPERATURE (F)
 TODAY
  MAXIMUM         67    447 PM  86    1960  62      5       53
  MINIMUM         33    357 AM  18    1893  37     -4       27
  AVERAGE         50                        50      0       40

PRECIPITATION (IN)
  TODAY            0.00          1.21 1990   0.10  -0.10     0.00
  MONTH TO DATE    0.83                      2.00  -1.17     2.76
  SINCE MAR 1      5.49                      3.73   1.76     3.47
  SINCE JAN 1      6.65                      5.43   1.22     4.06

SNOWFALL (IN)
  TODAY            0.0           2.0  1893   0.0    0.0      0.0
  MONTH TO DATE    1.8                       1.7    0.1      1.4
  SINCE MAR 1     13.9                      10.3    3.6      7.3
  SINCE JUL 1     38.0                      46.6   -8.6     38.1
  SNOW DEPTH       0

DEGREE DAYS
 HEATING
  TODAY           15                        16     -1       25
  MONTH TO DATE  456                       478    -22      414
  SINCE MAR 1   1267                      1522   -255     1404
  SINCE JUL 1   6445                      7542  -1097     7757

 COOLING
  TODAY            0                         0      0        0
  MONTH TO DATE    4                         0      4        0
  SINCE MAR 1      4                         0      4        0
  SINCE JAN 1      4                         0      4        0
..................................................................


WIND (MPH)
  HIGHEST WIND SPEED    17   HIGHEST WIND DIRECTION     S (170)
  HIGHEST GUST SPEED    23   HIGHEST GUST DIRECTION     S (170)
  AVERAGE WIND SPEED     8.0


SKY COVER
  POSSIBLE SUNSHINE  MM
  AVERAGE SKY COVER 0.3


WEATHER CONDITIONS
 THE FOLLOWING WEATHER WAS RECORDED TODAY.
  NO SIGNIFICANT WEATHER WAS OBSERVED.


RELATIVE HUMIDITY (PERCENT)
 HIGHEST    92           500 AM
 LOWEST     42           300 PM
 AVERAGE    67

..........................................................


THE EAU CLAIRE WI CLIMATE NORMALS FOR TOMORROW
                         NORMAL    RECORD    YEAR
 MAXIMUM TEMPERATURE (F)   62        88      2009
 MINIMUM TEMPERATURE (F)   38        15      1956


SUNRISE AND SUNSET
APRIL 23 2016.........SUNRISE   607 AM CDT   SUNSET   802 PM CDT
APRIL 24 2016.........SUNRISE   606 AM CDT   SUNSET   803 PM CDT


-  INDICATES NEGATIVE NUMBERS.
R  INDICATES RECORD WAS SET OR TIED.
MM INDICATES DATA IS MISSING.
T  INDICATES TRACE AMOUNT.




$$
