000
CDUS43 KMPX 100636
CLIEAU


CLIMATE REPORT
NATIONAL WEATHER SERVICE CHANHASSEN MN
1230 AM CST FRI NOV 10 2017


...................................

...THE EAU CLAIRE WI CLIMATE SUMMARY FOR NOVEMBER 9 2017...

CLIMATE NORMAL PERIOD 1981 TO 2010
CLIMATE RECORD PERIOD 1893 TO 2017


WEATHER ITEM   OBSERVED TIME   RECORD YEAR NORMAL DEPARTURE LAST
                VALUE   (LST)  VALUE       VALUE  FROM      YEAR
                                                  NORMAL
..................................................................
TEMPERATURE (F)
 YESTERDAY
  MAXIMUM         30    150 AM  74    1999  45    -15       58
  MINIMUM          9   1159 PM   6    1921  28    -19       30
  AVERAGE         20                        37    -17       44

PRECIPITATION (IN)
  YESTERDAY        T             2.18 1975   0.06  -0.06     0.00
  MONTH TO DATE    0.32                      0.57  -0.25     0.00
  SINCE SEP 1      6.13                      6.59  -0.46    10.92
  SINCE JAN 1     34.25                     28.71   5.54    37.75

SNOWFALL (IN)
  YESTERDAY        T             3.0  1894   0.2   -0.2      0.0
  MONTH TO DATE    1.1                       1.0    0.1      0.0
  SINCE SEP 1      3.0                       1.4    1.6      0.0
  SINCE JUL 1      3.0                       1.4    1.6      0.0
  SNOW DEPTH       T

DEGREE DAYS
 HEATING
  YESTERDAY       45                        28     17       21
  MONTH TO DATE  307                       236     71      136
  SINCE SEP 1    897                       981    -84      643
  SINCE JUL 1    940                      1020    -80      653

 COOLING
  YESTERDAY        0                         0      0        0
  MONTH TO DATE    0                         0      0        0
  SINCE SEP 1     94                        52     42       41
  SINCE JAN 1    466                       579   -113      624
..................................................................


WIND (MPH)
  HIGHEST WIND SPEED    23   HIGHEST WIND DIRECTION    NW (310)
  HIGHEST GUST SPEED    30   HIGHEST GUST DIRECTION    NW (310)
  AVERAGE WIND SPEED    12.0


SKY COVER
  POSSIBLE SUNSHINE  MM
  AVERAGE SKY COVER 0.5


WEATHER CONDITIONS
 THE FOLLOWING WEATHER WAS RECORDED YESTERDAY.
  LIGHT SNOW
  FOG


RELATIVE HUMIDITY (PERCENT)
 HIGHEST    85           200 AM
 LOWEST     39           300 PM
 AVERAGE    62

..........................................................


THE EAU CLAIRE WI CLIMATE NORMALS FOR TODAY
                         NORMAL    RECORD    YEAR
 MAXIMUM TEMPERATURE (F)   45        71      1893
 MINIMUM TEMPERATURE (F)   28         3      1986


SUNRISE AND SUNSET
NOVEMBER 10 2017......SUNRISE   657 AM CST   SUNSET   442 PM CST
NOVEMBER 11 2017......SUNRISE   658 AM CST   SUNSET   441 PM CST


-  INDICATES NEGATIVE NUMBERS.
R  INDICATES RECORD WAS SET OR TIED.
MM INDICATES DATA IS MISSING.
T  INDICATES TRACE AMOUNT.




$$
