000
CDUS43 KMPX 070723
CLIEAU


CLIMATE REPORT
NATIONAL WEATHER SERVICE CHANHASSEN MN
123 AM CST SUN JAN 7 2018


...................................

...THE EAU CLAIRE WI CLIMATE SUMMARY FOR JANUARY 6 2018...

CLIMATE NORMAL PERIOD 1981 TO 2010
CLIMATE RECORD PERIOD 1893 TO 2018


WEATHER ITEM   OBSERVED TIME   RECORD YEAR NORMAL DEPARTURE LAST
                VALUE   (LST)  VALUE       VALUE  FROM      YEAR
                                                  NORMAL
..................................................................
TEMPERATURE (F)
 YESTERDAY
  MAXIMUM         10   1159 PM  48    1933  23    -13        0
  MINIMUM        -21    746 AM -32    1912   6    -27      -15
  AVERAGE         -5                        14    -19       -7

PRECIPITATION (IN)
  YESTERDAY        0.00          0.73 1932   0.02  -0.02     0.00
  MONTH TO DATE    0.02                      0.16  -0.14     0.17
  SINCE DEC 1      0.93                      1.16  -0.23     2.27
  SINCE JAN 1      0.02                      0.16  -0.14     0.17

SNOWFALL (IN)
  YESTERDAY        0.0           7.2  1980   0.4   -0.4      0.0
  MONTH TO DATE    0.4                       2.2   -1.8      2.1
  SINCE DEC 1      7.7                      11.7   -4.0     21.3
  SINCE JUL 1     11.0                      18.0   -7.0     23.0
  SNOW DEPTH       4

DEGREE DAYS
 HEATING
  YESTERDAY       70                        51     19       72
  MONTH TO DATE  416                       301    115      333
  SINCE DEC 1   1924                      1731    193     1744
  SINCE JUL 1   3565                      3477     88     2953

 COOLING
  YESTERDAY        0                         0      0        0
  MONTH TO DATE    0                         0      0        0
  SINCE DEC 1      0                         0      0        0
  SINCE JAN 1      0                         0      0        0
..................................................................


WIND (MPH)
  HIGHEST WIND SPEED    18   HIGHEST WIND DIRECTION     S (180)
  HIGHEST GUST SPEED    26   HIGHEST GUST DIRECTION     S (180)
  AVERAGE WIND SPEED     6.5


SKY COVER
  POSSIBLE SUNSHINE  MM
  AVERAGE SKY COVER 0.2


WEATHER CONDITIONS
 THE FOLLOWING WEATHER WAS RECORDED YESTERDAY.
  FOG
  HAZE


RELATIVE HUMIDITY (PERCENT)
 HIGHEST   100          1000 AM
 LOWEST     55           300 PM
 AVERAGE    78

..........................................................


THE EAU CLAIRE WI CLIMATE NORMALS FOR TODAY
                         NORMAL    RECORD    YEAR
 MAXIMUM TEMPERATURE (F)   23        49      2003
 MINIMUM TEMPERATURE (F)    6       -33      1912


SUNRISE AND SUNSET
JANUARY  7 2018.......SUNRISE   743 AM CST   SUNSET   442 PM CST
JANUARY  8 2018.......SUNRISE   743 AM CST   SUNSET   443 PM CST


-  INDICATES NEGATIVE NUMBERS.
R  INDICATES RECORD WAS SET OR TIED.
MM INDICATES DATA IS MISSING.
T  INDICATES TRACE AMOUNT.




$$
