000
CDUS43 KMPX 160643
CLIEAU


CLIMATE REPORT
NATIONAL WEATHER SERVICE CHANHASSEN MN
140 AM CDT TUE MAY 16 2017


...................................

...THE EAU CLAIRE WI CLIMATE SUMMARY FOR MAY 15 2017...

CLIMATE NORMAL PERIOD 1981 TO 2010
CLIMATE RECORD PERIOD 1893 TO 2017


WEATHER ITEM   OBSERVED TIME   RECORD YEAR NORMAL DEPARTURE LAST
                VALUE   (LST)  VALUE       VALUE  FROM      YEAR
                                                  NORMAL
..................................................................
TEMPERATURE (F)
 YESTERDAY
  MAXIMUM         75   1205 PM  93    1998  70      5       62
  MINIMUM         53    553 AM  27    2016  45      8       27
  AVERAGE         64                        57      7       45

PRECIPITATION (IN)
  YESTERDAY        0.27          2.06 1968   0.11   0.16     0.00
  MONTH TO DATE    0.94                      1.61  -0.67     0.97
  SINCE MAR 1      7.00                      6.09   0.91     8.19
  SINCE JAN 1     11.08                      7.79   3.29     9.35

SNOWFALL (IN)
  YESTERDAY        0.0           T    1927   0.0    0.0      0.0
                                      1921
  MONTH TO DATE    T                         0.2   -0.2      0.0
  SINCE MAR 1      5.6                      10.7   -5.1     13.9
  SINCE JUL 1     54.5                      47.0    7.5     38.0
  SNOW DEPTH       0

DEGREE DAYS
 HEATING
  YESTERDAY        1                         8     -7       20
  MONTH TO DATE  160                       154      6      184
  SINCE MAR 1   1731                      1774    -43     1572
  SINCE JUL 1   6841                      7794   -953     6750

 COOLING
  YESTERDAY        0                         1     -1        0
  MONTH TO DATE    1                         9     -8        3
  SINCE MAR 1      1                        13    -12        7
  SINCE JAN 1      1                        13    -12        7
..................................................................


WIND (MPH)
  HIGHEST WIND SPEED    16   HIGHEST WIND DIRECTION    SE (120)
  HIGHEST GUST SPEED    19   HIGHEST GUST DIRECTION    SE (130)
  AVERAGE WIND SPEED     8.3


SKY COVER
  POSSIBLE SUNSHINE  MM
  AVERAGE SKY COVER 0.2


WEATHER CONDITIONS
 THE FOLLOWING WEATHER WAS RECORDED YESTERDAY.
  THUNDERSTORM
  HEAVY RAIN
  RAIN
  LIGHT RAIN
  FOG


RELATIVE HUMIDITY (PERCENT)
 HIGHEST    93          1000 PM
 LOWEST     35          1000 AM
 AVERAGE    64

..........................................................


THE EAU CLAIRE WI CLIMATE NORMALS FOR TODAY
                         NORMAL    RECORD    YEAR
 MAXIMUM TEMPERATURE (F)   70        92      1936
 MINIMUM TEMPERATURE (F)   45        28      1956


SUNRISE AND SUNSET
MAY 16 2017...........SUNRISE   536 AM CDT   SUNSET   829 PM CDT
MAY 17 2017...........SUNRISE   535 AM CDT   SUNSET   831 PM CDT


-  INDICATES NEGATIVE NUMBERS.
R  INDICATES RECORD WAS SET OR TIED.
MM INDICATES DATA IS MISSING.
T  INDICATES TRACE AMOUNT.




$$
