000
CDUS43 KMPX 260641
CLIEAU


CLIMATE REPORT
NATIONAL WEATHER SERVICE CHANHASSEN MN
141 AM CDT FRI SEP 26 2014


...................................

...THE EAU CLAIRE WI CLIMATE SUMMARY FOR SEPTEMBER 25 2014...

CLIMATE NORMAL PERIOD 1981 TO 2010
CLIMATE RECORD PERIOD 1893 TO 2014


WEATHER ITEM   OBSERVED TIME   RECORD YEAR NORMAL DEPARTURE LAST
                VALUE   (LST)  VALUE       VALUE  FROM      YEAR
                                                  NORMAL
..................................................................
TEMPERATURE (F)
 YESTERDAY
  MAXIMUM         76    313 PM  91    1920  67      9       72
  MINIMUM         54   1159 PM  27    1942  45      9       44
  AVERAGE         65                        56      9       58

PRECIPITATION (IN)
  YESTERDAY        0.00          2.85 1934   0.12  -0.12     0.00
  MONTH TO DATE    5.46                      3.12   2.34     1.50
  SINCE SEP 1      5.46                      3.12   2.34     1.50
  SINCE JAN 1     38.13                     25.24  12.89    29.14

SNOWFALL (IN)
  YESTERDAY        0.0           0.0    MM   0.0    0.0      0.0
  MONTH TO DATE    0.0                       0.0    0.0      0.0
  SINCE SEP 1      0.0                       0.0    0.0      0.0
  SINCE JUL 1      0.0                       0.0    0.0      0.0
  SNOW DEPTH       0

DEGREE DAYS
 HEATING
  YESTERDAY        0                        10    -10        7
  MONTH TO DATE  157                       138     19      115
  SINCE SEP 1    157                       138     19      115
  SINCE JUL 1    180                       177      3      153

 COOLING
  YESTERDAY        0                         1     -1        0
  MONTH TO DATE   18                        46    -28       82
  SINCE SEP 1     18                        46    -28       82
  SINCE JAN 1    496                       573    -77      648
..................................................................


WIND (MPH)
  HIGHEST WIND SPEED    14   HIGHEST WIND DIRECTION     S (190)
  HIGHEST GUST SPEED    18   HIGHEST GUST DIRECTION    SE (150)
  AVERAGE WIND SPEED     4.7


SKY COVER
  POSSIBLE SUNSHINE  MM
  AVERAGE SKY COVER 0.6


WEATHER CONDITIONS
 THE FOLLOWING WEATHER WAS RECORDED YESTERDAY.
  NO SIGNIFICANT WEATHER WAS OBSERVED.


RELATIVE HUMIDITY (PERCENT)
 HIGHEST    93          1000 PM
 LOWEST     46           200 PM
 AVERAGE    70

..........................................................


THE EAU CLAIRE WI CLIMATE NORMALS FOR TODAY
                         NORMAL    RECORD    YEAR
 MAXIMUM TEMPERATURE (F)   67        86      1986
 MINIMUM TEMPERATURE (F)   44        28      1926
                                             1965
                                             1984


SUNRISE AND SUNSET
SEPTEMBER 26 2014.....SUNRISE   658 AM CDT   SUNSET   656 PM CDT
SEPTEMBER 27 2014.....SUNRISE   659 AM CDT   SUNSET   654 PM CDT


-  INDICATES NEGATIVE NUMBERS.
R  INDICATES RECORD WAS SET OR TIED.
MM INDICATES DATA IS MISSING.
T  INDICATES TRACE AMOUNT.




$$
