000
CDUS43 KMPX 180629
CLIEAU


CLIMATE REPORT
NATIONAL WEATHER SERVICE CHANHASSEN MN
129 AM CDT FRI APR 18 2014


...................................

...THE EAU CLAIRE WI CLIMATE SUMMARY FOR APRIL 17 2014...

CLIMATE NORMAL PERIOD 1981 TO 2010
CLIMATE RECORD PERIOD 1893 TO 2014


WEATHER ITEM   OBSERVED TIME   RECORD YEAR NORMAL DEPARTURE LAST
                VALUE   (LST)  VALUE       VALUE  FROM      YEAR
                                                  NORMAL
..................................................................
TEMPERATURE (F)
 YESTERDAY
  MAXIMUM         42    115 PM  82    1987  59    -17       41
  MINIMUM         25   1158 PM  15    1983  35    -10       27
  AVERAGE         34                        47    -13       34

PRECIPITATION (IN)
  YESTERDAY        0.07          1.25 1910   0.09  -0.02      T
  MONTH TO DATE    2.64                      1.43   1.21     3.55
  SINCE MAR 1      3.37                      3.16   0.21     6.37
  SINCE JAN 1      6.57                      4.86   1.71     8.94

SNOWFALL (IN)
  YESTERDAY        0.0           2.0  1910   0.0    0.0      0.0
  MONTH TO DATE    9.1                       1.4    7.7      7.1
  SINCE MAR 1     13.1                      10.0    3.1     30.8
  SINCE JUL 1     74.8                      46.3   28.5     73.3
  SNOW DEPTH       0

DEGREE DAYS
 HEATING
  YESTERDAY       31                        18     13       31
  MONTH TO DATE  452                       378     74      542
  SINCE MAR 1   1736                      1422    314     1811
  SINCE JUL 1   8628                      7443   1185     7670

 COOLING
  YESTERDAY        0                         0      0        0
  MONTH TO DATE    0                         0      0        0
  SINCE MAR 1      0                         0      0        0
  SINCE JAN 1      0                         0      0        0
..................................................................


WIND (MPH)
  HIGHEST WIND SPEED    15   HIGHEST WIND DIRECTION    NW (300)
  HIGHEST GUST SPEED    19   HIGHEST GUST DIRECTION     E (80)
  AVERAGE WIND SPEED     6.5


SKY COVER
  POSSIBLE SUNSHINE  MM
  AVERAGE SKY COVER 0.8


WEATHER CONDITIONS
 THE FOLLOWING WEATHER WAS RECORDED YESTERDAY.
  RAIN
  LIGHT RAIN
  FOG


RELATIVE HUMIDITY (PERCENT)
 HIGHEST   100           600 AM
 LOWEST     64           400 PM
 AVERAGE    82

..........................................................


THE EAU CLAIRE WI CLIMATE NORMALS FOR TODAY
                         NORMAL    RECORD    YEAR
 MAXIMUM TEMPERATURE (F)   59        88      1987
 MINIMUM TEMPERATURE (F)   35        19      1983
                                             1953
                                             1907


SUNRISE AND SUNSET
APRIL 18 2014.........SUNRISE   616 AM CDT   SUNSET   755 PM CDT
APRIL 19 2014.........SUNRISE   615 AM CDT   SUNSET   756 PM CDT


-  INDICATES NEGATIVE NUMBERS.
R  INDICATES RECORD WAS SET OR TIED.
MM INDICATES DATA IS MISSING.
T  INDICATES TRACE AMOUNT.




$$
