000
CDUS43 KMPX 160731
CLIEAU


CLIMATE REPORT
NATIONAL WEATHER SERVICE CHANHASSEN MN
229 AM CDT MON OCT 16 2017


...................................

...THE EAU CLAIRE WI CLIMATE SUMMARY FOR OCTOBER 15 2017...

CLIMATE NORMAL PERIOD 1981 TO 2010
CLIMATE RECORD PERIOD 1893 TO 2017


WEATHER ITEM   OBSERVED TIME   RECORD YEAR NORMAL DEPARTURE LAST
                VALUE   (LST)  VALUE       VALUE  FROM      YEAR
                                                  NORMAL
..................................................................
TEMPERATURE (F)
 YESTERDAY
  MAXIMUM         54    248 PM  86    1947  59     -5       66
  MINIMUM         37   1147 PM  21    1937  37      0       52
  AVERAGE         46                        48     -2       59

PRECIPITATION (IN)
  YESTERDAY        0.07          1.58 1897   0.07   0.00     0.00
  MONTH TO DATE    2.62                      1.30   1.32     0.72
  SINCE SEP 1      4.89                      4.98  -0.09     8.92
  SINCE JAN 1     33.01                     27.10   5.91    35.75

SNOWFALL (IN)
  YESTERDAY        0.0           0.5  2009   0.0    0.0      0.0
                                      1909
  MONTH TO DATE    0.0                       0.1   -0.1      0.0
  SINCE SEP 1      0.0                       0.1   -0.1      0.0
  SINCE JUL 1      0.0                       0.1   -0.1      0.0
  SNOW DEPTH       0

DEGREE DAYS
 HEATING
  YESTERDAY       19                        17      2        6
  MONTH TO DATE  169                       222    -53      163
  SINCE SEP 1    287                       416   -129      245
  SINCE JUL 1    330                       455   -125      255

 COOLING
  YESTERDAY        0                         0      0        0
  MONTH TO DATE    0                         4     -4        0
  SINCE SEP 1     94                        52     42       39
  SINCE JAN 1    466                       579   -113      622
..................................................................


WIND (MPH)
  HIGHEST WIND SPEED    22   HIGHEST WIND DIRECTION    NW (320)
  HIGHEST GUST SPEED    32   HIGHEST GUST DIRECTION    NW (330)
  AVERAGE WIND SPEED     9.3


SKY COVER
  POSSIBLE SUNSHINE  MM
  AVERAGE SKY COVER 0.7


WEATHER CONDITIONS
 THE FOLLOWING WEATHER WAS RECORDED YESTERDAY.
  RAIN
  LIGHT RAIN
  FOG


RELATIVE HUMIDITY (PERCENT)
 HIGHEST    89           500 AM
 LOWEST     54           300 PM
 AVERAGE    72

..........................................................


THE EAU CLAIRE WI CLIMATE NORMALS FOR TODAY
                         NORMAL    RECORD    YEAR
 MAXIMUM TEMPERATURE (F)   58        85      1947
 MINIMUM TEMPERATURE (F)   37        17      1952


SUNRISE AND SUNSET
OCTOBER 16 2017.......SUNRISE   723 AM CDT   SUNSET   619 PM CDT
OCTOBER 17 2017.......SUNRISE   724 AM CDT   SUNSET   617 PM CDT


-  INDICATES NEGATIVE NUMBERS.
R  INDICATES RECORD WAS SET OR TIED.
MM INDICATES DATA IS MISSING.
T  INDICATES TRACE AMOUNT.




$$
