063
CDUS43 KMPX 232125
CLIEAU


CLIMATE REPORT
NATIONAL WEATHER SERVICE CHANHASSEN MN
424 PM CDT MON MAY 23 2016


...................................

...THE EAU CLAIRE WI CLIMATE SUMMARY FOR MAY 23 2016...
VALID AS OF 0400 PM LOCAL TIME.

CLIMATE NORMAL PERIOD 1981 TO 2010
CLIMATE RECORD PERIOD 1893 TO 2016


WEATHER ITEM   OBSERVED TIME   RECORD YEAR NORMAL DEPARTURE LAST
                VALUE   (LST)  VALUE       VALUE  FROM      YEAR
                                                  NORMAL
..................................................................
TEMPERATURE (F)
 TODAY
  MAXIMUM         85    213 PM  94    1925  72     13       75
  MINIMUM         58    430 AM  29    1931  48     10       39
  AVERAGE         72                        60     12       57

PRECIPITATION (IN)
  TODAY            0.00          2.30 1975   0.12  -0.12      T
  MONTH TO DATE    0.97                      2.52  -1.55     2.55
  SINCE MAR 1      8.19                      7.00   1.19     6.02
  SINCE JAN 1      9.35                      8.70   0.65     6.61

SNOWFALL (IN)
  TODAY            0.0           0.0    MM   0.0    0.0      0.0
  MONTH TO DATE    0.0                       0.2   -0.2      0.0
  SINCE MAR 1     13.9                      10.7    3.2      7.3
  SINCE JUL 1     38.0                      47.0   -9.0     38.1
  SNOW DEPTH       0

DEGREE DAYS
 HEATING
  TODAY            0                         7     -7        8
  MONTH TO DATE  245                       213     32      204
  SINCE MAR 1   1633                      1833   -200     1715
  SINCE JUL 1   6811                      7853  -1042     8068

 COOLING
  TODAY            7                         1      6        0
  MONTH TO DATE   10                        17     -7       10
  SINCE MAR 1     14                        21     -7       10
  SINCE JAN 1     14                        21     -7       10
..................................................................


WIND (MPH)
  HIGHEST WIND SPEED    28   HIGHEST WIND DIRECTION     S (180)
  HIGHEST GUST SPEED    36   HIGHEST GUST DIRECTION     S (190)
  AVERAGE WIND SPEED    13.4


SKY COVER
  POSSIBLE SUNSHINE  MM
  AVERAGE SKY COVER 0.1


WEATHER CONDITIONS
 THE FOLLOWING WEATHER WAS RECORDED TODAY.
  NO SIGNIFICANT WEATHER WAS OBSERVED.


RELATIVE HUMIDITY (PERCENT)
 HIGHEST    57           400 AM
 LOWEST     37          1200 PM
 AVERAGE    47

..........................................................


THE EAU CLAIRE WI CLIMATE NORMALS FOR TOMORROW
                         NORMAL    RECORD    YEAR
 MAXIMUM TEMPERATURE (F)   72        93      2010
 MINIMUM TEMPERATURE (F)   48        33      2013
                                             1917


SUNRISE AND SUNSET
MAY 23 2016...........SUNRISE   529 AM CDT   SUNSET   837 PM CDT
MAY 24 2016...........SUNRISE   528 AM CDT   SUNSET   838 PM CDT


-  INDICATES NEGATIVE NUMBERS.
R  INDICATES RECORD WAS SET OR TIED.
MM INDICATES DATA IS MISSING.
T  INDICATES TRACE AMOUNT.




$$
