000
CDUS43 KMPX 150631
CLIEAU


CLIMATE REPORT
NATIONAL WEATHER SERVICE CHANHASSEN MN
129 AM CDT MON SEP 15 2014


...................................

...THE EAU CLAIRE WI CLIMATE SUMMARY FOR SEPTEMBER 14 2014...

CLIMATE NORMAL PERIOD 1981 TO 2010
CLIMATE RECORD PERIOD 1893 TO 2014


WEATHER ITEM   OBSERVED TIME   RECORD YEAR NORMAL DEPARTURE LAST
                VALUE   (LST)  VALUE       VALUE  FROM      YEAR
                                                  NORMAL
..................................................................
TEMPERATURE (F)
 YESTERDAY
  MAXIMUM         66    347 PM  97    1939  72     -6       75
  MINIMUM         48    625 AM  29    1923  50     -2       37
  AVERAGE         57                        61     -4       56

PRECIPITATION (IN)
  YESTERDAY        0.00          2.37 1903   0.13  -0.13     0.50
  MONTH TO DATE    5.16                      1.77   3.39     0.51
  SINCE SEP 1      5.16                      1.77   3.39     0.51
  SINCE JAN 1     37.83                     23.89  13.94    28.15

SNOWFALL (IN)
  YESTERDAY        0.0           0.0    MM   0.0    0.0      0.0
  MONTH TO DATE    0.0                       0.0    0.0      0.0
  SINCE SEP 1      0.0                       0.0    0.0      0.0
  SINCE JUL 1      0.0                       0.0    0.0      0.0
  SNOW DEPTH       0

DEGREE DAYS
 HEATING
  YESTERDAY        8                         6      2        9
  MONTH TO DATE   83                        53     30       36
  SINCE SEP 1     83                        53     30       36
  SINCE JUL 1    106                        92     14       74

 COOLING
  YESTERDAY        0                         2     -2        0
  MONTH TO DATE   17                        35    -18       72
  SINCE SEP 1     17                        35    -18       72
  SINCE JAN 1    495                       562    -67      638
..................................................................


WIND (MPH)
  HIGHEST WIND SPEED    20   HIGHEST WIND DIRECTION     W (270)
  HIGHEST GUST SPEED    25   HIGHEST GUST DIRECTION    SW (230)
  AVERAGE WIND SPEED     9.4


SKY COVER
  POSSIBLE SUNSHINE  MM
  AVERAGE SKY COVER 0.4


WEATHER CONDITIONS
 THE FOLLOWING WEATHER WAS RECORDED YESTERDAY.
  NO SIGNIFICANT WEATHER WAS OBSERVED.


RELATIVE HUMIDITY (PERCENT)
 HIGHEST    77           500 AM
 LOWEST     37           300 PM
 AVERAGE    57

..........................................................


THE EAU CLAIRE WI CLIMATE NORMALS FOR TODAY
                         NORMAL    RECORD    YEAR
 MAXIMUM TEMPERATURE (F)   72        97      1939
 MINIMUM TEMPERATURE (F)   49        29      2011


SUNRISE AND SUNSET
SEPTEMBER 15 2014.....SUNRISE   645 AM CDT   SUNSET   717 PM CDT
SEPTEMBER 16 2014.....SUNRISE   646 AM CDT   SUNSET   715 PM CDT


-  INDICATES NEGATIVE NUMBERS.
R  INDICATES RECORD WAS SET OR TIED.
MM INDICATES DATA IS MISSING.
T  INDICATES TRACE AMOUNT.




$$
