000
CDUS43 KMPX 130100
CLIEAU


CLIMATE REPORT
NATIONAL WEATHER SERVICE CHANHASSEN MN
759 PM CDT FRI MAY 12 2017


...................................

...THE EAU CLAIRE WI CLIMATE SUMMARY FOR MAY 12 2017...
VALID TODAY AS OF 0700 PM LOCAL TIME.

CLIMATE NORMAL PERIOD 1981 TO 2010
CLIMATE RECORD PERIOD 1893 TO 2017


WEATHER ITEM   OBSERVED TIME   RECORD YEAR NORMAL DEPARTURE LAST
                VALUE   (LST)  VALUE       VALUE  FROM      YEAR
                                                  NORMAL
..................................................................
TEMPERATURE (F)
 TODAY
  MAXIMUM         72    320 PM  92    1900  69      3       64
  MINIMUM         37    502 AM  26    1967  44     -7       49
  AVERAGE         55                        56     -1       57

PRECIPITATION (IN)
  TODAY            0.00          1.86 1963   0.11  -0.11     0.00
  MONTH TO DATE    0.67                      1.29  -0.62     0.83
  SINCE MAR 1      6.73                      5.77   0.96     8.05
  SINCE JAN 1     10.81                      7.47   3.34     9.21

SNOWFALL (IN)
  TODAY            0.0           2.0  1946   0.0    0.0      0.0
  MONTH TO DATE    T                         0.2   -0.2      0.0
  SINCE MAR 1      5.6                      10.7   -5.1     13.9
  SINCE JUL 1     54.5                      47.0    7.5     38.0
  SNOW DEPTH       0

DEGREE DAYS
 HEATING
  TODAY           10                         9      1        8
  MONTH TO DATE  158                       128     30      118
  SINCE MAR 1   1729                      1748    -19     1506
  SINCE JUL 1   6839                      7768   -929     6684

 COOLING
  TODAY            0                         1     -1        0
  MONTH TO DATE    0                         6     -6        3
  SINCE MAR 1      0                        10    -10        7
  SINCE JAN 1      0                        10    -10        7
..................................................................


WIND (MPH)
  HIGHEST WIND SPEED    14   HIGHEST WIND DIRECTION     N (340)
  HIGHEST GUST SPEED    19   HIGHEST GUST DIRECTION     N (350)
  AVERAGE WIND SPEED     3.8


SKY COVER
  POSSIBLE SUNSHINE  MM
  AVERAGE SKY COVER 0.1


WEATHER CONDITIONS
 THE FOLLOWING WEATHER WAS RECORDED TODAY.
  NO SIGNIFICANT WEATHER WAS OBSERVED.


RELATIVE HUMIDITY (PERCENT)
 HIGHEST    85           500 AM
 LOWEST     25           200 PM
 AVERAGE    55

..........................................................


THE EAU CLAIRE WI CLIMATE NORMALS FOR TOMORROW
                         NORMAL    RECORD    YEAR
 MAXIMUM TEMPERATURE (F)   69        90      1900
 MINIMUM TEMPERATURE (F)   45        26      1953


SUNRISE AND SUNSET
MAY 12 2017...........SUNRISE   540 AM CDT   SUNSET   825 PM CDT
MAY 13 2017...........SUNRISE   539 AM CDT   SUNSET   826 PM CDT


-  INDICATES NEGATIVE NUMBERS.
R  INDICATES RECORD WAS SET OR TIED.
MM INDICATES DATA IS MISSING.
T  INDICATES TRACE AMOUNT.




$$
