000
CDUS43 KMPX 190945
CLIEAU


CLIMATE REPORT
NATIONAL WEATHER SERVICE CHANHASSEN MN
444 AM CDT TUE APR 19 2016


...................................

...THE EAU CLAIRE WI CLIMATE SUMMARY FOR APRIL 18 2016...

CLIMATE NORMAL PERIOD 1981 TO 2010
CLIMATE RECORD PERIOD 1893 TO 2016


WEATHER ITEM   OBSERVED TIME   RECORD YEAR NORMAL DEPARTURE LAST
                VALUE   (LST)  VALUE       VALUE  FROM      YEAR
                                                  NORMAL
..................................................................
TEMPERATURE (F)
 YESTERDAY
  MAXIMUM         81    252 PM  88    1987  59     22       72
  MINIMUM         47    533 AM  19    1983  35     12       40
                                      1953
                                      1907
  AVERAGE         64                        47     17       56

PRECIPITATION (IN)
  YESTERDAY        0.00          1.10 1894   0.09  -0.09      T
  MONTH TO DATE    0.57                      1.52  -0.95     1.88
  SINCE MAR 1      5.23                      3.25   1.98     2.59
  SINCE JAN 1      6.39                      4.95   1.44     3.18

SNOWFALL (IN)
  YESTERDAY        0.0           T    1918   0.1   -0.1      0.0
                                      1930
  MONTH TO DATE    1.8                       1.5    0.3      1.4
  SINCE MAR 1     13.9                      10.1    3.8      7.3
  SINCE JUL 1     38.0                      46.4   -8.4     38.1
  SNOW DEPTH       0

DEGREE DAYS
 HEATING
  YESTERDAY        1                        18    -17        9
  MONTH TO DATE  398                       396      2      297
  SINCE MAR 1   1209                      1440   -231     1287
  SINCE JUL 1   6387                      7460  -1073     7640

 COOLING
  YESTERDAY        0                         0      0        0
  MONTH TO DATE    4                         0      4        0
  SINCE MAR 1      4                         0      4        0
  SINCE JAN 1      4                         0      4        0
..................................................................


WIND (MPH)
  HIGHEST WIND SPEED    17   HIGHEST WIND DIRECTION    NE (40)
  HIGHEST GUST SPEED    24   HIGHEST GUST DIRECTION    NE (30)
  AVERAGE WIND SPEED     5.3


SKY COVER
  POSSIBLE SUNSHINE  MM
  AVERAGE SKY COVER 0.1


WEATHER CONDITIONS
 THE FOLLOWING WEATHER WAS RECORDED YESTERDAY.
  NO SIGNIFICANT WEATHER WAS OBSERVED.


RELATIVE HUMIDITY (PERCENT)
 HIGHEST   100           500 AM
 LOWEST     25           200 PM
 AVERAGE    63

..........................................................


THE EAU CLAIRE WI CLIMATE NORMALS FOR TODAY
                         NORMAL    RECORD    YEAR
 MAXIMUM TEMPERATURE (F)   60        89      1985
 MINIMUM TEMPERATURE (F)   36        18      1897


SUNRISE AND SUNSET
APRIL 19 2016.........SUNRISE   614 AM CDT   SUNSET   757 PM CDT
APRIL 20 2016.........SUNRISE   612 AM CDT   SUNSET   758 PM CDT


-  INDICATES NEGATIVE NUMBERS.
R  INDICATES RECORD WAS SET OR TIED.
MM INDICATES DATA IS MISSING.
T  INDICATES TRACE AMOUNT.




$$
