792
CDUS43 KMPX 120029
CLIEAU


CLIMATE REPORT
NATIONAL WEATHER SERVICE CHANHASSEN MN
629 PM CST WED JAN 11 2017


...................................

...THE EAU CLAIRE WI CLIMATE SUMMARY FOR JANUARY 11 2017...
VALID TODAY AS OF 0600 PM LOCAL TIME.

CLIMATE NORMAL PERIOD 1981 TO 2010
CLIMATE RECORD PERIOD 1893 TO 2017


WEATHER ITEM   OBSERVED TIME   RECORD YEAR NORMAL DEPARTURE LAST
                VALUE   (LST)  VALUE       VALUE  FROM      YEAR
                                                  NORMAL
..................................................................
TEMPERATURE (F)
 TODAY
  MAXIMUM          9    502 PM  46    1980  23    -14        5
  MINIMUM          4    123 AM -31    1979   5     -1      -19
  AVERAGE          7                        14     -7       -7

PRECIPITATION (IN)
  TODAY            0.06          0.26 1938   0.03   0.03     0.05
  MONTH TO DATE    0.81                      0.30   0.51     0.36
  SINCE DEC 1      2.91                      1.30   1.61     4.20
  SINCE JAN 1      0.81                      0.30   0.51     0.36

SNOWFALL (IN)
  TODAY            1.3           3.0  1971   0.4    0.9      0.7
  MONTH TO DATE   11.0                       4.2    6.8      3.9
  SINCE DEC 1     30.2                      13.7   16.5     13.3
  SINCE JUL 1     31.9                      20.0   11.9     14.7
  SNOW DEPTH      10

DEGREE DAYS
 HEATING
  TODAY           58                        51      7       72
  MONTH TO DATE  621                       556     65      517
  SINCE DEC 1   2032                      1986     46     1571
  SINCE JUL 1   3241                      3732   -491     2933

 COOLING
  TODAY            0                         0      0        0
  MONTH TO DATE    0                         0      0        0
  SINCE DEC 1      0                         0      0        0
  SINCE JAN 1      0                         0      0        0
..................................................................


WIND (MPH)
  HIGHEST WIND SPEED    13   HIGHEST WIND DIRECTION     N (360)
  HIGHEST GUST SPEED    18   HIGHEST GUST DIRECTION    SW (240)
  AVERAGE WIND SPEED     6.1


SKY COVER
  POSSIBLE SUNSHINE  MM
  AVERAGE SKY COVER 0.9


WEATHER CONDITIONS
 THE FOLLOWING WEATHER WAS RECORDED TODAY.
  SNOW
  LIGHT SNOW
  FOG
  HAZE


RELATIVE HUMIDITY (PERCENT)
 HIGHEST    88           400 AM
 LOWEST     73           100 PM
 AVERAGE    81

..........................................................


THE EAU CLAIRE WI CLIMATE NORMALS FOR TOMORROW
                         NORMAL    RECORD    YEAR
 MAXIMUM TEMPERATURE (F)   23        47      1987
 MINIMUM TEMPERATURE (F)    5       -36      1912


SUNRISE AND SUNSET
JANUARY 11 2017.......SUNRISE   742 AM CST   SUNSET   446 PM CST
JANUARY 12 2017.......SUNRISE   741 AM CST   SUNSET   448 PM CST


-  INDICATES NEGATIVE NUMBERS.
R  INDICATES RECORD WAS SET OR TIED.
MM INDICATES DATA IS MISSING.
T  INDICATES TRACE AMOUNT.




$$
