000
CDUS43 KMPX 110804
CLIEAU


CLIMATE REPORT
NATIONAL WEATHER SERVICE CHANHASSEN MN
304 AM CDT TUE JUL 11 2017


...................................

...THE EAU CLAIRE WI CLIMATE SUMMARY FOR JULY 10 2017...

CLIMATE NORMAL PERIOD 1981 TO 2010
CLIMATE RECORD PERIOD 1893 TO 2017


WEATHER ITEM   OBSERVED TIME   RECORD YEAR NORMAL DEPARTURE LAST
                VALUE   (LST)  VALUE       VALUE  FROM      YEAR
                                                  NORMAL
..................................................................
TEMPERATURE (F)
 YESTERDAY
  MAXIMUM         87    346 PM 107    1936  83      4       79
  MINIMUM         62    425 AM  46    1996  60      2       61
                                      1968
                                      1953
  AVERAGE         75                        72      3       70

PRECIPITATION (IN)
  YESTERDAY        0.00          2.06 1984   0.13  -0.13     0.09
  MONTH TO DATE    0.14                      1.27  -1.13     2.00
  SINCE JUN 1      5.45                      5.40   0.05     8.29
  SINCE JAN 1     19.95                     15.04   4.91    20.48

SNOWFALL (IN)
  YESTERDAY        0.0           0.0    MM   0.0    0.0      0.0
  MONTH TO DATE    0.0                       0.0    0.0      0.0
  SINCE JUN 1      0.0                       0.0    0.0      0.0
  SINCE JUL 1      0.0                       0.0    0.0      0.0
  SNOW DEPTH       0

DEGREE DAYS
 HEATING
  YESTERDAY        0                         0      0        0
  MONTH TO DATE    0                         0      0        4
  SINCE JUN 1     37                        62    -25       36
  SINCE JUL 1      0                         0      0        4

 COOLING
  YESTERDAY       10                         7      3        5
  MONTH TO DATE   63                        69     -6       38
  SINCE JUN 1    170                       189    -19      164
  SINCE JAN 1    178                       221    -43      204
..................................................................


WIND (MPH)
  HIGHEST WIND SPEED    12   HIGHEST WIND DIRECTION     N (340)
  HIGHEST GUST SPEED    15   HIGHEST GUST DIRECTION     N (10)
  AVERAGE WIND SPEED     4.6


SKY COVER
  POSSIBLE SUNSHINE  MM
  AVERAGE SKY COVER 0.1


WEATHER CONDITIONS
 THE FOLLOWING WEATHER WAS RECORDED YESTERDAY.
  NO SIGNIFICANT WEATHER WAS OBSERVED.


RELATIVE HUMIDITY (PERCENT)
 HIGHEST   100           500 AM
 LOWEST     45           400 PM
 AVERAGE    73

..........................................................


THE EAU CLAIRE WI CLIMATE NORMALS FOR TODAY
                         NORMAL    RECORD    YEAR
 MAXIMUM TEMPERATURE (F)   83       109      1936
 MINIMUM TEMPERATURE (F)   60        46      1895


SUNRISE AND SUNSET
JULY 11 2017..........SUNRISE   531 AM CDT   SUNSET   852 PM CDT
JULY 12 2017..........SUNRISE   532 AM CDT   SUNSET   851 PM CDT


-  INDICATES NEGATIVE NUMBERS.
R  INDICATES RECORD WAS SET OR TIED.
MM INDICATES DATA IS MISSING.
T  INDICATES TRACE AMOUNT.




$$
