000
CDUS43 KMPX 262144
CLIEAU


CLIMATE REPORT
NATIONAL WEATHER SERVICE CHANHASSEN MN
444 PM CDT WED AUG 26 2015


...................................

...THE EAU CLAIRE WI CLIMATE SUMMARY FOR AUGUST 26 2015...
VALID AS OF 0400 PM LOCAL TIME.

CLIMATE NORMAL PERIOD 1981 TO 2010
CLIMATE RECORD PERIOD 1893 TO 2015


WEATHER ITEM   OBSERVED TIME   RECORD YEAR NORMAL DEPARTURE LAST
                VALUE   (LST)  VALUE       VALUE  FROM      YEAR
                                                  NORMAL
..................................................................
TEMPERATURE (F)
 TODAY
  MAXIMUM         74    248 PM  97    1948  79     -5       73
  MINIMUM         45    548 AM  40    1964  57    -12       56
                                      1896
  AVERAGE         60                        68     -8       65

PRECIPITATION (IN)
  TODAY            0.00          2.89 1955   0.14  -0.14     0.00
  MONTH TO DATE    7.07                      3.82   3.25     4.15
  SINCE JUN 1     17.99                     11.83   6.16    16.43
  SINCE JAN 1     27.44                     21.47   5.97    30.53

SNOWFALL (IN)
  TODAY            0.0           0.0    MM   0.0    0.0      0.0
  MONTH TO DATE    0.0                       0.0    0.0      0.0
  SINCE JUN 1      0.0                       0.0    0.0      0.0
  SINCE JUL 1      0.0                       0.0    0.0      0.0
  SNOW DEPTH       0

DEGREE DAYS
 HEATING
  TODAY            5                         1      4        0
  MONTH TO DATE   31                        21     10        3
  SINCE JUN 1     75                        94    -19       46
  SINCE JUL 1     47                        32     15       21

 COOLING
  TODAY            0                         4     -4        0
  MONTH TO DATE  116                       141    -25      159
  SINCE JUN 1    378                       475    -97      431
  SINCE JAN 1    396                       507   -111      466
..................................................................


WIND (MPH)
  HIGHEST WIND SPEED    12   HIGHEST WIND DIRECTION    NW (320)
  HIGHEST GUST SPEED    14   HIGHEST GUST DIRECTION    NW (330)
  AVERAGE WIND SPEED     2.5


SKY COVER
  POSSIBLE SUNSHINE  MM
  AVERAGE SKY COVER 0.1


WEATHER CONDITIONS
 THE FOLLOWING WEATHER WAS RECORDED TODAY.
  FOG


RELATIVE HUMIDITY (PERCENT)
 HIGHEST   100           300 AM
 LOWEST     46           300 PM
 AVERAGE    73

..........................................................


THE EAU CLAIRE WI CLIMATE NORMALS FOR TOMORROW
                         NORMAL    RECORD    YEAR
 MAXIMUM TEMPERATURE (F)   79        96      2013
 MINIMUM TEMPERATURE (F)   57        40      1916
                                             1915
                                             1896


SUNRISE AND SUNSET
AUGUST 26 2015........SUNRISE   621 AM CDT   SUNSET   754 PM CDT
AUGUST 27 2015........SUNRISE   622 AM CDT   SUNSET   752 PM CDT


-  INDICATES NEGATIVE NUMBERS.
R  INDICATES RECORD WAS SET OR TIED.
MM INDICATES DATA IS MISSING.
T  INDICATES TRACE AMOUNT.




$$
