000
CDUS43 KMPX 190053
CLIEAU


CLIMATE REPORT
NATIONAL WEATHER SERVICE CHANHASSEN MN
753 PM CDT WED MAY 18 2016


...................................

...THE EAU CLAIRE WI CLIMATE SUMMARY FOR MAY 18 2016...
VALID TODAY AS OF 0700 PM LOCAL TIME.

CLIMATE NORMAL PERIOD 1981 TO 2010
CLIMATE RECORD PERIOD 1893 TO 2016


WEATHER ITEM   OBSERVED TIME   RECORD YEAR NORMAL DEPARTURE LAST
                VALUE   (LST)  VALUE       VALUE  FROM      YEAR
                                                  NORMAL
..................................................................
TEMPERATURE (F)
 TODAY
  MAXIMUM         69    416 PM  91    2012  70     -1       54
                                      1998
                                      1972
  MINIMUM         31    449 AM  29    2002  46    -15       40
  AVERAGE         50                        58     -8       47

PRECIPITATION (IN)
  TODAY            0.00          1.79 1938   0.11  -0.11      T
  MONTH TO DATE    0.97                      1.95  -0.98     2.55
  SINCE MAR 1      8.19                      6.43   1.76     6.02
  SINCE JAN 1      9.35                      8.13   1.22     6.61

SNOWFALL (IN)
  TODAY            0.0           T    1915   0.0    0.0      0.0
  MONTH TO DATE    0.0                       0.2   -0.2      0.0
  SINCE MAR 1     13.9                      10.7    3.2      7.3
  SINCE JUL 1     38.0                      47.0   -9.0     38.1
  SNOW DEPTH       0

DEGREE DAYS
 HEATING
  TODAY           15                         8      7       18
  MONTH TO DATE  226                       178     48      140
  SINCE MAR 1   1614                      1798   -184     1651
  SINCE JUL 1   6792                      7818  -1026     8004

 COOLING
  TODAY            0                         1     -1        0
  MONTH TO DATE    3                        12     -9       10
  SINCE MAR 1      7                        16     -9       10
  SINCE JAN 1      7                        16     -9       10
..................................................................


WIND (MPH)
  HIGHEST WIND SPEED    13   HIGHEST WIND DIRECTION     E (80)
  HIGHEST GUST SPEED    17   HIGHEST GUST DIRECTION    NE (30)
  AVERAGE WIND SPEED     3.4


SKY COVER
  POSSIBLE SUNSHINE  MM
  AVERAGE SKY COVER 0.0


WEATHER CONDITIONS
 THE FOLLOWING WEATHER WAS RECORDED TODAY.
  NO SIGNIFICANT WEATHER WAS OBSERVED.


RELATIVE HUMIDITY (PERCENT)
 HIGHEST    89           400 AM
 LOWEST     19           300 PM
 AVERAGE    54

..........................................................


THE EAU CLAIRE WI CLIMATE NORMALS FOR TOMORROW
                         NORMAL    RECORD    YEAR
 MAXIMUM TEMPERATURE (F)   71        94      1934
 MINIMUM TEMPERATURE (F)   46        27      1929


SUNRISE AND SUNSET
MAY 18 2016...........SUNRISE   534 AM CDT   SUNSET   832 PM CDT
MAY 19 2016...........SUNRISE   533 AM CDT   SUNSET   833 PM CDT


-  INDICATES NEGATIVE NUMBERS.
R  INDICATES RECORD WAS SET OR TIED.
MM INDICATES DATA IS MISSING.
T  INDICATES TRACE AMOUNT.




$$
