078
CDUS43 KMPX 140628
CLIEAU


CLIMATE REPORT
NATIONAL WEATHER SERVICE CHANHASSEN MN
1227 AM CST SAT JAN 14 2017


...................................

...THE EAU CLAIRE WI CLIMATE SUMMARY FOR JANUARY 13 2017...

CLIMATE NORMAL PERIOD 1981 TO 2010
CLIMATE RECORD PERIOD 1893 TO 2017


WEATHER ITEM   OBSERVED TIME   RECORD YEAR NORMAL DEPARTURE LAST
                VALUE   (LST)  VALUE       VALUE  FROM      YEAR
                                                  NORMAL
..................................................................
TEMPERATURE (F)
 YESTERDAY
  MAXIMUM          9        MM  44    1996  23    -14       14
                                      1987
  MINIMUM        -11        MM -28    1916   5    -16      -10
  AVERAGE         -1                        14    -15        2

PRECIPITATION (IN)
  YESTERDAY        0.00          0.39 1935   0.03  -0.03      T
  MONTH TO DATE    0.81                      0.36   0.45     0.36
  SINCE DEC 1      2.91                      1.36   1.55     4.20
  SINCE JAN 1      0.81                      0.36   0.45     0.36

SNOWFALL (IN)
  YESTERDAY        0.0           5.5  1950   0.4   -0.4      0.1
  MONTH TO DATE   11.0                       5.1    5.9      4.0
  SINCE DEC 1     30.2                      14.6   15.6     13.4
  SINCE JUL 1     31.9                      20.9   11.0     14.8
  SNOW DEPTH      10

DEGREE DAYS
 HEATING
  YESTERDAY       66                        51     15       63
  MONTH TO DATE  748                       658     90      648
  SINCE DEC 1   2159                      2088     71     1702
  SINCE JUL 1   3368                      3834   -466     3064

 COOLING
  YESTERDAY        0                         0      0        0
  MONTH TO DATE    0                         0      0        0
  SINCE DEC 1      0                         0      0        0
  SINCE JAN 1      0                         0      0        0
..................................................................


WIND (MPH)
  HIGHEST WIND SPEED     7   HIGHEST WIND DIRECTION     W (260)
  HIGHEST GUST SPEED    MM   HIGHEST GUST DIRECTION    MM
  AVERAGE WIND SPEED     2.7


SKY COVER
  POSSIBLE SUNSHINE  MM
  AVERAGE SKY COVER 0.4


WEATHER CONDITIONS
 THE FOLLOWING WEATHER WAS RECORDED YESTERDAY.
  NO SIGNIFICANT WEATHER WAS OBSERVED.


RELATIVE HUMIDITY (PERCENT)
 HIGHEST    79           400 AM
 LOWEST     49           300 PM
 AVERAGE    64

..........................................................


THE EAU CLAIRE WI CLIMATE NORMALS FOR TODAY
                         NORMAL    RECORD    YEAR
 MAXIMUM TEMPERATURE (F)   23        42      1914
 MINIMUM TEMPERATURE (F)    5       -29      1893


SUNRISE AND SUNSET
JANUARY 14 2017.......SUNRISE   740 AM CST   SUNSET   450 PM CST
JANUARY 15 2017.......SUNRISE   740 AM CST   SUNSET   451 PM CST


-  INDICATES NEGATIVE NUMBERS.
R  INDICATES RECORD WAS SET OR TIED.
MM INDICATES DATA IS MISSING.
T  INDICATES TRACE AMOUNT.




$$
