733
CDUS43 KMPX 170624
CLIEAU


CLIMATE REPORT
NATIONAL WEATHER SERVICE CHANHASSEN MN
122 AM CDT MON APR 17 2017


...................................

...THE EAU CLAIRE WI CLIMATE SUMMARY FOR APRIL 16 2017...

CLIMATE NORMAL PERIOD 1981 TO 2010
CLIMATE RECORD PERIOD 1893 TO 2017


WEATHER ITEM   OBSERVED TIME   RECORD YEAR NORMAL DEPARTURE LAST
                VALUE   (LST)  VALUE       VALUE  FROM      YEAR
                                                  NORMAL
..................................................................
TEMPERATURE (F)
 YESTERDAY
  MAXIMUM         64        MM  85    2002  58      6       81
                                      1964
  MINIMUM         45        MM  13    1904  35     10       47
  AVERAGE         55                        46      9       64

PRECIPITATION (IN)
  YESTERDAY        0.00          1.46 2003   0.09  -0.09     0.00
  MONTH TO DATE    2.33                      1.34   0.99     0.57
  SINCE MAR 1      3.45                      3.07   0.38     5.23
  SINCE JAN 1      7.53                      4.77   2.76     6.39

SNOWFALL (IN)
  YESTERDAY        0.0           4.0  1910   0.1   -0.1      0.0
  MONTH TO DATE    0.8                       1.4   -0.6      1.8
  SINCE MAR 1      5.6                      10.0   -4.4     13.9
  SINCE JUL 1     54.5                      46.3    8.2     38.0
  SNOW DEPTH       0

DEGREE DAYS
 HEATING
  YESTERDAY       10                        19     -9        1
  MONTH TO DATE  279                       360    -81      397
  SINCE MAR 1   1329                      1404    -75     1208
  SINCE JUL 1   6439                      7424   -985     6386

 COOLING
  YESTERDAY        0                         0      0        0
  MONTH TO DATE    0                         0      0        0
  SINCE MAR 1      0                         0      0        0
  SINCE JAN 1      0                         0      0        0
..................................................................


WIND (MPH)
  HIGHEST WIND SPEED    23   HIGHEST WIND DIRECTION     W (280)
  HIGHEST GUST SPEED    38   HIGHEST GUST DIRECTION     W (280)
  AVERAGE WIND SPEED    11.9


SKY COVER
  POSSIBLE SUNSHINE  MM
  AVERAGE SKY COVER 0.2


WEATHER CONDITIONS
 THE FOLLOWING WEATHER WAS RECORDED YESTERDAY.
  FOG


RELATIVE HUMIDITY (PERCENT)
 HIGHEST   100          1200 AM
 LOWEST     23           600 PM
 AVERAGE    62

..........................................................


THE EAU CLAIRE WI CLIMATE NORMALS FOR TODAY
                         NORMAL    RECORD    YEAR
 MAXIMUM TEMPERATURE (F)   59        82      1987
 MINIMUM TEMPERATURE (F)   35        15      1983


SUNRISE AND SUNSET
APRIL 17 2017.........SUNRISE   618 AM CDT   SUNSET   754 PM CDT
APRIL 18 2017.........SUNRISE   616 AM CDT   SUNSET   755 PM CDT


-  INDICATES NEGATIVE NUMBERS.
R  INDICATES RECORD WAS SET OR TIED.
MM INDICATES DATA IS MISSING.
T  INDICATES TRACE AMOUNT.




$$
