000
CDUS43 KMPX 030057
CLIEAU


CLIMATE REPORT
NATIONAL WEATHER SERVICE CHANHASSEN MN
657 PM CST FRI DEC 2 2016


...................................

...THE EAU CLAIRE WI CLIMATE SUMMARY FOR DECEMBER 2 2016...
VALID TODAY AS OF 0600 PM LOCAL TIME.

CLIMATE NORMAL PERIOD 1981 TO 2010
CLIMATE RECORD PERIOD 1893 TO 2016


WEATHER ITEM   OBSERVED TIME   RECORD YEAR NORMAL DEPARTURE LAST
                VALUE   (LST)  VALUE       VALUE  FROM      YEAR
                                                  NORMAL
..................................................................
TEMPERATURE (F)
 TODAY
  MAXIMUM         32    559 PM  63    1982  32      0       35
  MINIMUM         29    642 AM -17    1897  16     13       21
  AVERAGE         31                        24      7       28

PRECIPITATION (IN)
  TODAY            0.00          0.27 2013   0.05  -0.05      T
  MONTH TO DATE    T                         0.09  -0.09     0.16
  SINCE DEC 1      T                         0.09  -0.09     0.16
  SINCE JAN 1     38.92                     30.07   8.85    38.75

SNOWFALL (IN)
  TODAY            0.0           4.0  1984   0.3   -0.3       T
  MONTH TO DATE    0.0                       0.6   -0.6      0.4
  SINCE DEC 1      0.0                       0.6   -0.6      0.4
  SINCE JUL 1      1.7                       6.9   -5.2      1.8
  SNOW DEPTH       0

DEGREE DAYS
 HEATING
  TODAY           34                        41     -7       37
  MONTH TO DATE   64                        82    -18       74
  SINCE DEC 1     64                        82    -18       74
  SINCE JUL 1   1273                      1828   -555     1436

 COOLING
  TODAY            0                         0      0        0
  MONTH TO DATE    0                         0      0        0
  SINCE DEC 1      0                         0      0        0
  SINCE JAN 1    624                       579     45      520
..................................................................


WIND (MPH)
  HIGHEST WIND SPEED    14   HIGHEST WIND DIRECTION    NW (320)
  HIGHEST GUST SPEED    17   HIGHEST GUST DIRECTION    NW (320)
  AVERAGE WIND SPEED     7.0


SKY COVER
  POSSIBLE SUNSHINE  MM
  AVERAGE SKY COVER 1.0


WEATHER CONDITIONS
 THE FOLLOWING WEATHER WAS RECORDED TODAY.
  NO SIGNIFICANT WEATHER WAS OBSERVED.


RELATIVE HUMIDITY (PERCENT)
 HIGHEST    72           600 AM
 LOWEST     63          1100 AM
 AVERAGE    68

..........................................................


THE EAU CLAIRE WI CLIMATE NORMALS FOR TOMORROW
                         NORMAL    RECORD    YEAR
 MAXIMUM TEMPERATURE (F)   32        61      1998
 MINIMUM TEMPERATURE (F)   15       -20      1919


SUNRISE AND SUNSET
DECEMBER  2 2016......SUNRISE   725 AM CST   SUNSET   426 PM CST
DECEMBER  3 2016......SUNRISE   726 AM CST   SUNSET   425 PM CST


-  INDICATES NEGATIVE NUMBERS.
R  INDICATES RECORD WAS SET OR TIED.
MM INDICATES DATA IS MISSING.
T  INDICATES TRACE AMOUNT.




$$
