000
CDUS43 KMPX 100713
CLIEAU


CLIMATE REPORT
NATIONAL WEATHER SERVICE CHANHASSEN MN
212 AM CDT SUN SEP 10 2017


...................................

...THE EAU CLAIRE WI CLIMATE SUMMARY FOR SEPTEMBER 9 2017...

CLIMATE NORMAL PERIOD 1981 TO 2010
CLIMATE RECORD PERIOD 1893 TO 2017


WEATHER ITEM   OBSERVED TIME   RECORD YEAR NORMAL DEPARTURE LAST
                VALUE   (LST)  VALUE       VALUE  FROM      YEAR
                                                  NORMAL
..................................................................
TEMPERATURE (F)
 YESTERDAY
  MAXIMUM         74    337 PM  96    1931  74      0       69
  MINIMUM         45    559 AM  36    1969  52     -7       57
  AVERAGE         60                        63     -3       63

PRECIPITATION (IN)
  YESTERDAY        0.00          2.60 1938   0.13  -0.13     0.38
  MONTH TO DATE    0.25                      1.13  -0.88     1.72
  SINCE SEP 1      0.25                      1.13  -0.88     1.72
  SINCE JAN 1     28.37                     23.25   5.12    28.55

SNOWFALL (IN)
  YESTERDAY        0.0           0.0    MM   0.0    0.0      0.0
  MONTH TO DATE    0.0                       0.0    0.0      0.0
  SINCE SEP 1      0.0                       0.0    0.0      0.0
  SINCE JUL 1      0.0                       0.0    0.0      0.0
  SNOW DEPTH       0

DEGREE DAYS
 HEATING
  YESTERDAY        5                         4      1        2
  MONTH TO DATE   57                        28     29        8
  SINCE SEP 1     57                        28     29        8
  SINCE JUL 1    100                        67     33       18

 COOLING
  YESTERDAY        0                         2     -2        0
  MONTH TO DATE    1                        25    -24       29
  SINCE SEP 1      1                        25    -24       29
  SINCE JAN 1    373                       552   -179      612
..................................................................


WIND (MPH)
  HIGHEST WIND SPEED    16   HIGHEST WIND DIRECTION    SE (140)
  HIGHEST GUST SPEED    19   HIGHEST GUST DIRECTION    SE (130)
  AVERAGE WIND SPEED     8.7


SKY COVER
  POSSIBLE SUNSHINE  MM
  AVERAGE SKY COVER 0.0


WEATHER CONDITIONS
 THE FOLLOWING WEATHER WAS RECORDED YESTERDAY.
  NO SIGNIFICANT WEATHER WAS OBSERVED.


RELATIVE HUMIDITY (PERCENT)
 HIGHEST   100           500 AM
 LOWEST     46           300 PM
 AVERAGE    73

..........................................................


THE EAU CLAIRE WI CLIMATE NORMALS FOR TODAY
                         NORMAL    RECORD    YEAR
 MAXIMUM TEMPERATURE (F)   74       101      1931
 MINIMUM TEMPERATURE (F)   52        31      1917


SUNRISE AND SUNSET
SEPTEMBER 10 2017.....SUNRISE   639 AM CDT   SUNSET   726 PM CDT
SEPTEMBER 11 2017.....SUNRISE   640 AM CDT   SUNSET   724 PM CDT


-  INDICATES NEGATIVE NUMBERS.
R  INDICATES RECORD WAS SET OR TIED.
MM INDICATES DATA IS MISSING.
T  INDICATES TRACE AMOUNT.




$$
