000
CDUS43 KMPX 180635
CLIEAU


CLIMATE REPORT
NATIONAL WEATHER SERVICE CHANHASSEN MN
135 AM CDT MON JUL 18 2016


...................................

...THE EAU CLAIRE WI CLIMATE SUMMARY FOR JULY 17 2016...

CLIMATE NORMAL PERIOD 1981 TO 2010
CLIMATE RECORD PERIOD 1893 TO 2016


WEATHER ITEM   OBSERVED TIME   RECORD YEAR NORMAL DEPARTURE LAST
                VALUE   (LST)  VALUE       VALUE  FROM      YEAR
                                                  NORMAL
..................................................................
TEMPERATURE (F)
 YESTERDAY
  MAXIMUM         84    427 PM  99    1964  83      1       86
                                      1936
                                      1931
  MINIMUM         64   1156 PM  45    1900  61      3       66
                                      1911
  AVERAGE         74                        72      2       76

PRECIPITATION (IN)
  YESTERDAY        0.11          1.78 2001   0.12  -0.01     0.00
  MONTH TO DATE    2.39                      2.11   0.28     4.38
  SINCE JUN 1      8.68                      6.24   2.44     9.21
  SINCE JAN 1     20.87                     15.88   4.99    18.66

SNOWFALL (IN)
  YESTERDAY        0.0           0.0    MM   0.0    0.0      0.0
  MONTH TO DATE    0.0                       0.0    0.0      0.0
  SINCE JUN 1      0.0                       0.0    0.0      0.0
  SINCE JUL 1      0.0                       0.0    0.0      0.0
  SNOW DEPTH       0

DEGREE DAYS
 HEATING
  YESTERDAY        0                         0      0        0
  MONTH TO DATE    4                         2      2       16
  SINCE JUN 1     36                        64    -28       44
  SINCE JUL 1      4                         2      2       16

 COOLING
  YESTERDAY        9                         7      2       11
  MONTH TO DATE   89                       118    -29       66
  SINCE JUN 1    215                       238    -23      148
  SINCE JAN 1    255                       270    -15      166
..................................................................


WIND (MPH)
  HIGHEST WIND SPEED    30   HIGHEST WIND DIRECTION     S (190)
  HIGHEST GUST SPEED    40   HIGHEST GUST DIRECTION     S (190)
  AVERAGE WIND SPEED    11.9


SKY COVER
  POSSIBLE SUNSHINE  MM
  AVERAGE SKY COVER 0.4


WEATHER CONDITIONS
 THE FOLLOWING WEATHER WAS RECORDED YESTERDAY.
  THUNDERSTORM
  LIGHT RAIN


RELATIVE HUMIDITY (PERCENT)
 HIGHEST    93           200 AM
 LOWEST     51           400 PM
 AVERAGE    72

..........................................................


THE EAU CLAIRE WI CLIMATE NORMALS FOR TODAY
                         NORMAL    RECORD    YEAR
 MAXIMUM TEMPERATURE (F)   83       102      1964
 MINIMUM TEMPERATURE (F)   61        48      2000


SUNRISE AND SUNSET
JULY 18 2016..........SUNRISE   537 AM CDT   SUNSET   846 PM CDT
JULY 19 2016..........SUNRISE   538 AM CDT   SUNSET   846 PM CDT


-  INDICATES NEGATIVE NUMBERS.
R  INDICATES RECORD WAS SET OR TIED.
MM INDICATES DATA IS MISSING.
T  INDICATES TRACE AMOUNT.




$$
