000
CDUS43 KMPX 142122
CLIEAU


CLIMATE REPORT
NATIONAL WEATHER SERVICE CHANHASSEN MN
421 PM CDT SAT MAY 14 2016


...................................

...THE EAU CLAIRE WI CLIMATE SUMMARY FOR MAY 14 2016...
VALID AS OF 0400 PM LOCAL TIME.

CLIMATE NORMAL PERIOD 1981 TO 2010
CLIMATE RECORD PERIOD 1893 TO 2016


WEATHER ITEM   OBSERVED TIME   RECORD YEAR NORMAL DEPARTURE LAST
                VALUE   (LST)  VALUE       VALUE  FROM      YEAR
                                                  NORMAL
..................................................................
TEMPERATURE (F)
 TODAY
  MAXIMUM         45    257 PM  95    1932  69    -24       61
  MINIMUM         33    413 AM  25    1895  45    -12       47
  AVERAGE         39                        57    -18       54

PRECIPITATION (IN)
  TODAY            0.00          2.00 1905   0.10  -0.10     0.47
  MONTH TO DATE    0.97                      1.50  -0.53     2.23
  SINCE MAR 1      8.19                      5.98   2.21     5.70
  SINCE JAN 1      9.35                      7.68   1.67     6.29

SNOWFALL (IN)
  TODAY            0.0           0.0    MM   0.0    0.0      0.0
  MONTH TO DATE    0.0                       0.2   -0.2      0.0
  SINCE MAR 1     13.9                      10.7    3.2      7.3
  SINCE JUL 1     38.0                      47.0   -9.0     38.1
  SNOW DEPTH       0

DEGREE DAYS
 HEATING
  TODAY           26                         9     17       11
  MONTH TO DATE  164                       146     18      113
  SINCE MAR 1   1552                      1766   -214     1624
  SINCE JUL 1   6730                      7786  -1056     7977

 COOLING
  TODAY            0                         1     -1        0
  MONTH TO DATE    3                         8     -5        9
  SINCE MAR 1      7                        12     -5        9
  SINCE JAN 1      7                        12     -5        9
..................................................................


WIND (MPH)
  HIGHEST WIND SPEED    21   HIGHEST WIND DIRECTION    NW (310)
  HIGHEST GUST SPEED    28   HIGHEST GUST DIRECTION    NW (330)
  AVERAGE WIND SPEED    13.2


SKY COVER
  POSSIBLE SUNSHINE  MM
  AVERAGE SKY COVER 0.8


WEATHER CONDITIONS
 THE FOLLOWING WEATHER WAS RECORDED TODAY.
  NO SIGNIFICANT WEATHER WAS OBSERVED.


RELATIVE HUMIDITY (PERCENT)
 HIGHEST    75           400 AM
 LOWEST     45           300 PM
 AVERAGE    60

..........................................................


THE EAU CLAIRE WI CLIMATE NORMALS FOR TOMORROW
                         NORMAL    RECORD    YEAR
 MAXIMUM TEMPERATURE (F)   70        93      1998
 MINIMUM TEMPERATURE (F)   45        29      1959
                                             1983


SUNRISE AND SUNSET
MAY 14 2016...........SUNRISE   538 AM CDT   SUNSET   827 PM CDT
MAY 15 2016...........SUNRISE   537 AM CDT   SUNSET   829 PM CDT


-  INDICATES NEGATIVE NUMBERS.
R  INDICATES RECORD WAS SET OR TIED.
MM INDICATES DATA IS MISSING.
T  INDICATES TRACE AMOUNT.




$$
