000
CDUS43 KMPX 060654
CLIEAU


CLIMATE REPORT
NATIONAL WEATHER SERVICE CHANHASSEN MN
1253 AM CST SAT JAN 6 2018


...................................

...THE EAU CLAIRE WI CLIMATE SUMMARY FOR JANUARY 5 2018...

CLIMATE NORMAL PERIOD 1981 TO 2010
CLIMATE RECORD PERIOD 1893 TO 2018


WEATHER ITEM   OBSERVED TIME   RECORD YEAR NORMAL DEPARTURE LAST
                VALUE   (LST)  VALUE       VALUE  FROM      YEAR
                                                  NORMAL
..................................................................
TEMPERATURE (F)
 YESTERDAY
  MAXIMUM          4    338 PM  43    2012  23    -19       -1
  MINIMUM        -19    753 AM -31    1924   6    -25      -13
  AVERAGE         -7                        15    -22       -7

PRECIPITATION (IN)
  YESTERDAY        0.00          1.02 1946   0.03  -0.03      T
  MONTH TO DATE    0.02                      0.14  -0.12     0.17
  SINCE DEC 1      0.93                      1.14  -0.21     2.27
  SINCE JAN 1      0.02                      0.14  -0.12     0.17

SNOWFALL (IN)
  YESTERDAY        0.0           8.0  1928   0.3   -0.3       T
  MONTH TO DATE    0.4                       1.8   -1.4      2.1
  SINCE DEC 1      7.7                      11.3   -3.6     21.3
  SINCE JUL 1     11.0                      17.6   -6.6     23.0
  SNOW DEPTH       4

DEGREE DAYS
 HEATING
  YESTERDAY       72                        50     22       72
  MONTH TO DATE  346                       250     96      261
  SINCE DEC 1   1854                      1680    174     1672
  SINCE JUL 1   3495                      3426     69     2881

 COOLING
  YESTERDAY        0                         0      0        0
  MONTH TO DATE    0                         0      0        0
  SINCE DEC 1      0                         0      0        0
  SINCE JAN 1      0                         0      0        0
..................................................................


WIND (MPH)
  HIGHEST WIND SPEED    10   HIGHEST WIND DIRECTION    NW (320)
  HIGHEST GUST SPEED    14   HIGHEST GUST DIRECTION     N (360)
  AVERAGE WIND SPEED     2.5


SKY COVER
  POSSIBLE SUNSHINE  MM
  AVERAGE SKY COVER 0.1


WEATHER CONDITIONS
 THE FOLLOWING WEATHER WAS RECORDED YESTERDAY.
  LIGHT SNOW
  FOG
  HAZE


RELATIVE HUMIDITY (PERCENT)
 HIGHEST    91           200 AM
 LOWEST     62           200 PM
 AVERAGE    77

..........................................................


THE EAU CLAIRE WI CLIMATE NORMALS FOR TODAY
                         NORMAL    RECORD    YEAR
 MAXIMUM TEMPERATURE (F)   23        48      1933
 MINIMUM TEMPERATURE (F)    6       -32      1912


SUNRISE AND SUNSET
JANUARY  6 2018.......SUNRISE   743 AM CST   SUNSET   441 PM CST
JANUARY  7 2018.......SUNRISE   743 AM CST   SUNSET   442 PM CST


-  INDICATES NEGATIVE NUMBERS.
R  INDICATES RECORD WAS SET OR TIED.
MM INDICATES DATA IS MISSING.
T  INDICATES TRACE AMOUNT.




$$
