000
CDUS43 KMPX 132222
CLIEAU


CLIMATE REPORT
NATIONAL WEATHER SERVICE CHANHASSEN MN
421 PM CST MON NOV 13 2017


...................................

...THE EAU CLAIRE WI CLIMATE SUMMARY FOR NOVEMBER 13 2017...
VALID TODAY AS OF 0400 PM LOCAL TIME.

CLIMATE NORMAL PERIOD 1981 TO 2010
CLIMATE RECORD PERIOD 1893 TO 2017


WEATHER ITEM   OBSERVED TIME   RECORD YEAR NORMAL DEPARTURE LAST
                VALUE   (LST)  VALUE       VALUE  FROM      YEAR
                                                  NORMAL
..................................................................
TEMPERATURE (F)
 TODAY
  MAXIMUM         42    331 PM  69    1999  43     -1       61
  MINIMUM         17    535 AM  -3    1986  26     -9       38
  AVERAGE         30                        34     -4       50

PRECIPITATION (IN)
  TODAY            0.00          2.06 1909   0.06  -0.06     0.00
  MONTH TO DATE    0.34                      0.83  -0.49     0.00
  SINCE SEP 1      6.15                      6.85  -0.70    10.92
  SINCE JAN 1     34.27                     28.97   5.30    37.75

SNOWFALL (IN)
  TODAY            0.0           2.3  1909   0.2   -0.2      0.0
  MONTH TO DATE    1.4                       1.6   -0.2      0.0
  SINCE SEP 1      3.3                       2.0    1.3      0.0
  SINCE JUL 1      3.3                       2.0    1.3      0.0
  SNOW DEPTH       0

DEGREE DAYS
 HEATING
  TODAY           35                        31      4       15
  MONTH TO DATE  468                       355    113      214
  SINCE SEP 1   1058                      1100    -42      721
  SINCE JUL 1   1101                      1139    -38      731

 COOLING
  TODAY            0                         0      0        0
  MONTH TO DATE    0                         0      0        0
  SINCE SEP 1     94                        52     42       41
  SINCE JAN 1    466                       579   -113      624
..................................................................


WIND (MPH)
  HIGHEST WIND SPEED    13   HIGHEST WIND DIRECTION    SE (150)
  HIGHEST GUST SPEED    15   HIGHEST GUST DIRECTION    SE (140)
  AVERAGE WIND SPEED     3.2


SKY COVER
  POSSIBLE SUNSHINE  MM
  AVERAGE SKY COVER 0.2


WEATHER CONDITIONS
 THE FOLLOWING WEATHER WAS RECORDED TODAY.
  FOG
  FOG W/VISIBILITY <= 1/4 MILE
  HAZE


RELATIVE HUMIDITY (PERCENT)
 HIGHEST    92          1200 AM
 LOWEST     57           200 PM
 AVERAGE    75

..........................................................


THE EAU CLAIRE WI CLIMATE NORMALS FOR TOMORROW
                         NORMAL    RECORD    YEAR
 MAXIMUM TEMPERATURE (F)   42        70      1990
 MINIMUM TEMPERATURE (F)   26         0      1959


SUNRISE AND SUNSET
NOVEMBER 13 2017......SUNRISE   701 AM CST   SUNSET   439 PM CST
NOVEMBER 14 2017......SUNRISE   702 AM CST   SUNSET   438 PM CST


-  INDICATES NEGATIVE NUMBERS.
R  INDICATES RECORD WAS SET OR TIED.
MM INDICATES DATA IS MISSING.
T  INDICATES TRACE AMOUNT.




$$
