000
CDUS43 KMPX 110654
CLIEAU


CLIMATE REPORT
NATIONAL WEATHER SERVICE CHANHASSEN MN
151 AM CDT SUN JUN 11 2017


...................................

...THE EAU CLAIRE WI CLIMATE SUMMARY FOR JUNE 10 2017...

CLIMATE NORMAL PERIOD 1981 TO 2010
CLIMATE RECORD PERIOD 1893 TO 2017


WEATHER ITEM   OBSERVED TIME   RECORD YEAR NORMAL DEPARTURE LAST
                VALUE   (LST)  VALUE       VALUE  FROM      YEAR
                                                  NORMAL
..................................................................
TEMPERATURE (F)
 YESTERDAY
  MAXIMUM         94    402 PM  95    1973  77     17       91
  MINIMUM         70    514 AM  33    1972  54     16       67
  AVERAGE         82                        65     17       79

PRECIPITATION (IN)
  YESTERDAY        0.00          3.26 1946   0.14  -0.14     0.46
  MONTH TO DATE    0.49                      1.34  -0.85     1.35
  SINCE JUN 1      0.49                      1.34  -0.85     1.35
  SINCE JAN 1     14.99                     10.98   4.01    13.54

SNOWFALL (IN)
  YESTERDAY        0.0           0.0    MM   0.0    0.0      0.0
  MONTH TO DATE    0.0                       0.0    0.0      0.0
  SINCE JUN 1      0.0                       0.0    0.0      0.0
  SINCE JUL 1     54.5                      46.8    7.7     38.0
  SNOW DEPTH       0

DEGREE DAYS
 HEATING
  YESTERDAY        0                         3     -3        0
  MONTH TO DATE    7                        35    -28       29
  SINCE JUN 1      7                        35    -28       29
  SINCE JUL 1   6976                      7932   -956     6840

 COOLING
  YESTERDAY       17                         3     14       14
  MONTH TO DATE   49                        23     26       20
  SINCE JUN 1     49                        23     26       20
  SINCE JAN 1     57                        55      2       60
..................................................................


WIND (MPH)
  HIGHEST WIND SPEED    32   HIGHEST WIND DIRECTION    SW (210)
  HIGHEST GUST SPEED    43   HIGHEST GUST DIRECTION    SW (210)
  AVERAGE WIND SPEED    13.7


SKY COVER
  POSSIBLE SUNSHINE  MM
  AVERAGE SKY COVER 0.2


WEATHER CONDITIONS
 THE FOLLOWING WEATHER WAS RECORDED YESTERDAY.
  LIGHT RAIN


RELATIVE HUMIDITY (PERCENT)
 HIGHEST    66           100 AM
 LOWEST     36           400 PM
 AVERAGE    51

..........................................................


THE EAU CLAIRE WI CLIMATE NORMALS FOR TODAY
                         NORMAL    RECORD    YEAR
 MAXIMUM TEMPERATURE (F)   77        94      1949
 MINIMUM TEMPERATURE (F)   54        32      1903


SUNRISE AND SUNSET
JUNE 11 2017..........SUNRISE   519 AM CDT   SUNSET   852 PM CDT
JUNE 12 2017..........SUNRISE   519 AM CDT   SUNSET   853 PM CDT


-  INDICATES NEGATIVE NUMBERS.
R  INDICATES RECORD WAS SET OR TIED.
MM INDICATES DATA IS MISSING.
T  INDICATES TRACE AMOUNT.




$$
