000
CDUS43 KMPX 230640
CLIEAU


CLIMATE REPORT
NATIONAL WEATHER SERVICE CHANHASSEN MN
140 AM CDT MON MAR 23 2015


...................................

...THE EAU CLAIRE WI CLIMATE SUMMARY FOR MARCH 22 2015...

CLIMATE NORMAL PERIOD 1981 TO 2010
CLIMATE RECORD PERIOD 1893 TO 2015


WEATHER ITEM   OBSERVED TIME   RECORD YEAR NORMAL DEPARTURE LAST
                VALUE   (LST)  VALUE       VALUE  FROM      YEAR
                                                  NORMAL
..................................................................
TEMPERATURE (F)
 YESTERDAY
  MAXIMUM         41    408 PM  69    2012  44     -3       31
                                      1945
  MINIMUM         30   1159 PM  -4    1989  24      6       11
  AVERAGE         36                        34      2       21

PRECIPITATION (IN)
  YESTERDAY        0.02          2.00 1897   0.06  -0.04     0.00
  MONTH TO DATE    0.15                      1.09  -0.94     0.17
  SINCE MAR 1      0.15                      1.09  -0.94     0.17
  SINCE JAN 1      0.74                      2.79  -2.05     3.37

SNOWFALL (IN)
  YESTERDAY        T             6.5  1952   0.3   -0.3      0.0
  MONTH TO DATE    1.5                       6.7   -5.2      2.0
  SINCE MAR 1      1.5                       6.7   -5.2      2.0
  SINCE JUL 1     32.3                      43.0  -10.7     63.7
  SNOW DEPTH       0

DEGREE DAYS
 HEATING
  YESTERDAY       29                        31     -2       44
  MONTH TO DATE  708                       785    -77      954
  SINCE MAR 1    708                       785    -77      954
  SINCE JUL 1   7061                      6806    255     7846

 COOLING
  YESTERDAY        0                         0      0        0
  MONTH TO DATE    0                         0      0        0
  SINCE MAR 1      0                         0      0        0
  SINCE JAN 1      0                         0      0        0
..................................................................


WIND (MPH)
  HIGHEST WIND SPEED    16   HIGHEST WIND DIRECTION     E (70)
  HIGHEST GUST SPEED    23   HIGHEST GUST DIRECTION    NE (60)
  AVERAGE WIND SPEED     7.5


SKY COVER
  POSSIBLE SUNSHINE  MM
  AVERAGE SKY COVER 0.9


WEATHER CONDITIONS
 THE FOLLOWING WEATHER WAS RECORDED YESTERDAY.
  LIGHT SNOW
  FOG


RELATIVE HUMIDITY (PERCENT)
 HIGHEST    72          1000 PM
 LOWEST     27           400 PM
 AVERAGE    50

..........................................................


THE EAU CLAIRE WI CLIMATE NORMALS FOR TODAY
                         NORMAL    RECORD    YEAR
 MAXIMUM TEMPERATURE (F)   45        82      1910
 MINIMUM TEMPERATURE (F)   24        -6      1974


SUNRISE AND SUNSET
MARCH 23 2015.........SUNRISE   704 AM CDT   SUNSET   722 PM CDT
MARCH 24 2015.........SUNRISE   702 AM CDT   SUNSET   723 PM CDT


-  INDICATES NEGATIVE NUMBERS.
R  INDICATES RECORD WAS SET OR TIED.
MM INDICATES DATA IS MISSING.
T  INDICATES TRACE AMOUNT.




$$
