000
CDUS43 KMPX 010022
CLIEAU


CLIMATE REPORT
NATIONAL WEATHER SERVICE CHANHASSEN MN
621 PM CST THU NOV 30 2017


...................................

...THE EAU CLAIRE WI CLIMATE SUMMARY FOR NOVEMBER 30 2017...
VALID TODAY AS OF 0600 PM LOCAL TIME.

CLIMATE NORMAL PERIOD 1981 TO 2010
CLIMATE RECORD PERIOD 1893 TO 2017


WEATHER ITEM   OBSERVED TIME   RECORD YEAR NORMAL DEPARTURE LAST
                VALUE   (LST)  VALUE       VALUE  FROM      YEAR
                                                  NORMAL
..................................................................
TEMPERATURE (F)
 TODAY
  MAXIMUM         47    219 PM  60    1998  33     14       38
  MINIMUM         35    556 PM -18    1964  17     18       35
  AVERAGE         41                        25     16       37

PRECIPITATION (IN)
  TODAY            0.00          0.60 1934   0.05  -0.05     0.04
  MONTH TO DATE    0.49                      1.84  -1.35     1.17
  SINCE SEP 1      6.30                      7.86  -1.56    12.09
  SINCE JAN 1     34.42                     29.98   4.44    38.92

SNOWFALL (IN)
  TODAY            0.0           7.0  1934   0.3   -0.3       T
  MONTH TO DATE    1.4                       5.9   -4.5      1.7
  SINCE SEP 1      3.3                       6.3   -3.0      1.7
  SINCE JUL 1      3.3                       6.3   -3.0      1.7
  SNOW DEPTH       0

DEGREE DAYS
 HEATING
  TODAY           24                        40    -16       28
  MONTH TO DATE 1004                       962     42      692
  SINCE SEP 1   1594                      1707   -113     1199
  SINCE JUL 1   1637                      1746   -109     1209

 COOLING
  TODAY            0                         0      0        0
  MONTH TO DATE    0                         0      0        0
  SINCE SEP 1     94                        52     42       41
  SINCE JAN 1    466                       579   -113      624
..................................................................


WIND (MPH)
  HIGHEST WIND SPEED    23   HIGHEST WIND DIRECTION     W (280)
  HIGHEST GUST SPEED    32   HIGHEST GUST DIRECTION     W (280)
  AVERAGE WIND SPEED    12.9


SKY COVER
  POSSIBLE SUNSHINE  MM
  AVERAGE SKY COVER 0.2


WEATHER CONDITIONS
 THE FOLLOWING WEATHER WAS RECORDED TODAY.
  NO SIGNIFICANT WEATHER WAS OBSERVED.


RELATIVE HUMIDITY (PERCENT)
 HIGHEST    70           600 AM
 LOWEST     41          1200 AM
 AVERAGE    56

..........................................................


THE EAU CLAIRE WI CLIMATE NORMALS FOR TOMORROW
                         NORMAL    RECORD    YEAR
 MAXIMUM TEMPERATURE (F)   33        63      1998
 MINIMUM TEMPERATURE (F)   16       -18      1893


SUNRISE AND SUNSET
NOVEMBER 30 2017......SUNRISE   723 AM CST   SUNSET   427 PM CST
DECEMBER  1 2017......SUNRISE   724 AM CST   SUNSET   426 PM CST


-  INDICATES NEGATIVE NUMBERS.
R  INDICATES RECORD WAS SET OR TIED.
MM INDICATES DATA IS MISSING.
T  INDICATES TRACE AMOUNT.




$$
