000
CDUS43 KMPX 200748
CLIEAU


CLIMATE REPORT
NATIONAL WEATHER SERVICE CHANHASSEN MN
248 AM CDT THU APR 20 2017


...................................

...THE EAU CLAIRE WI CLIMATE SUMMARY FOR APRIL 19 2017...

CLIMATE NORMAL PERIOD 1981 TO 2010
CLIMATE RECORD PERIOD 1893 TO 2017


WEATHER ITEM   OBSERVED TIME   RECORD YEAR NORMAL DEPARTURE LAST
                VALUE   (LST)  VALUE       VALUE  FROM      YEAR
                                                  NORMAL
..................................................................
TEMPERATURE (F)
 YESTERDAY
  MAXIMUM         53    211 PM  89    1985  60     -7       59
  MINIMUM         43    727 AM  18    1897  36      7       49
  AVERAGE         48                        48      0       54

PRECIPITATION (IN)
  YESTERDAY        0.79          1.23 1931   0.10   0.69     0.19
  MONTH TO DATE    3.22                      1.62   1.60     0.76
  SINCE MAR 1      4.34                      3.35   0.99     5.42
  SINCE JAN 1      8.42                      5.05   3.37     6.58

SNOWFALL (IN)
  YESTERDAY        0.0           2.9  1924   T      0.0      0.0
  MONTH TO DATE    0.8                       1.5   -0.7      1.8
  SINCE MAR 1      5.6                      10.1   -4.5     13.9
  SINCE JUL 1     54.5                      46.4    8.1     38.0
  SNOW DEPTH       0

DEGREE DAYS
 HEATING
  YESTERDAY       17                        17      0       11
  MONTH TO DATE  323                       413    -90      409
  SINCE MAR 1   1373                      1457    -84     1220
  SINCE JUL 1   6483                      7477   -994     6398

 COOLING
  YESTERDAY        0                         0      0        0
  MONTH TO DATE    0                         0      0        4
  SINCE MAR 1      0                         0      0        4
  SINCE JAN 1      0                         0      0        4
..................................................................


WIND (MPH)
  HIGHEST WIND SPEED    32   HIGHEST WIND DIRECTION    SE (120)
  HIGHEST GUST SPEED    43   HIGHEST GUST DIRECTION     E (110)
  AVERAGE WIND SPEED    11.2


SKY COVER
  POSSIBLE SUNSHINE  MM
  AVERAGE SKY COVER 1.0


WEATHER CONDITIONS
 THE FOLLOWING WEATHER WAS RECORDED YESTERDAY.
  THUNDERSTORM
  HEAVY RAIN
  RAIN
  LIGHT RAIN
  FOG


RELATIVE HUMIDITY (PERCENT)
 HIGHEST   100           900 PM
 LOWEST     59           200 PM
 AVERAGE    80

..........................................................


THE EAU CLAIRE WI CLIMATE NORMALS FOR TODAY
                         NORMAL    RECORD    YEAR
 MAXIMUM TEMPERATURE (F)   60        88      1987
 MINIMUM TEMPERATURE (F)   36        19      1897


SUNRISE AND SUNSET
APRIL 20 2017.........SUNRISE   612 AM CDT   SUNSET   758 PM CDT
APRIL 21 2017.........SUNRISE   611 AM CDT   SUNSET   759 PM CDT


-  INDICATES NEGATIVE NUMBERS.
R  INDICATES RECORD WAS SET OR TIED.
MM INDICATES DATA IS MISSING.
T  INDICATES TRACE AMOUNT.




$$
