573
CDUS43 KMPX 130741
CLIEAU


CLIMATE REPORT
NATIONAL WEATHER SERVICE CHANHASSEN MN
140 AM CST TUE FEB 13 2018


...................................

...THE EAU CLAIRE WI CLIMATE SUMMARY FOR FEBRUARY 12 2018...

CLIMATE NORMAL PERIOD 1981 TO 2010
CLIMATE RECORD PERIOD 1893 TO 2018


WEATHER ITEM   OBSERVED TIME   RECORD YEAR NORMAL DEPARTURE LAST
                VALUE   (LST)  VALUE       VALUE  FROM      YEAR
                                                  NORMAL
..................................................................
TEMPERATURE (F)
 YESTERDAY
  MAXIMUM         10    327 PM  50    2005  28    -18       38
  MINIMUM        -11    616 AM -28    1967   9    -20       23
                                      1917
                                      1899
  AVERAGE          0                        18    -18       31

PRECIPITATION (IN)
  YESTERDAY        0.00          0.93 1984   0.03  -0.03      T
  MONTH TO DATE    0.24                      0.32  -0.08     0.01
  SINCE DEC 1      2.41                      2.21   0.20     4.46
  SINCE JAN 1      1.50                      1.21   0.29     2.36

SNOWFALL (IN)
  YESTERDAY        0.0           4.1  2000   0.3   -0.3      0.0
  MONTH TO DATE    4.5                       3.5    1.0       T
  SINCE DEC 1     27.0                      26.2    0.8     36.5
  SINCE JUL 1     30.3                      32.5   -2.2     38.2
  SNOW DEPTH       7

DEGREE DAYS
 HEATING
  YESTERDAY       65                        47     18       34
  MONTH TO DATE  741                       579    162      555
  SINCE DEC 1   3830                      3577    253     3420
  SINCE JUL 1   5471                      5323    148     4629

 COOLING
  YESTERDAY        0                         0      0        0
  MONTH TO DATE    0                         0      0        0
  SINCE DEC 1      0                         0      0        0
  SINCE JAN 1      0                         0      0        0
..................................................................


WIND (MPH)
  HIGHEST WIND SPEED    10   HIGHEST WIND DIRECTION     W (280)
  HIGHEST GUST SPEED    15   HIGHEST GUST DIRECTION    NW (300)
  AVERAGE WIND SPEED     2.5


SKY COVER
  POSSIBLE SUNSHINE  MM
  AVERAGE SKY COVER 0.0


WEATHER CONDITIONS
 THE FOLLOWING WEATHER WAS RECORDED YESTERDAY.
  NO SIGNIFICANT WEATHER WAS OBSERVED.


RELATIVE HUMIDITY (PERCENT)
 HIGHEST    83           600 AM
 LOWEST     50           300 PM
 AVERAGE    67

..........................................................


THE EAU CLAIRE WI CLIMATE NORMALS FOR TODAY
                         NORMAL    RECORD    YEAR
 MAXIMUM TEMPERATURE (F)   28        47      1921
                                             1918
 MINIMUM TEMPERATURE (F)    9       -29      1905


SUNRISE AND SUNSET
FEBRUARY 13 2018......SUNRISE   709 AM CST   SUNSET   531 PM CST
FEBRUARY 14 2018......SUNRISE   708 AM CST   SUNSET   533 PM CST


-  INDICATES NEGATIVE NUMBERS.
R  INDICATES RECORD WAS SET OR TIED.
MM INDICATES DATA IS MISSING.
T  INDICATES TRACE AMOUNT.




$$
