000
CDUS43 KMPX 112228
CLIEAU


CLIMATE REPORT
NATIONAL WEATHER SERVICE CHANHASSEN MN
426 PM CST THU JAN 11 2018


...................................

...THE EAU CLAIRE WI CLIMATE SUMMARY FOR JANUARY 11 2018...
VALID TODAY AS OF 0400 PM LOCAL TIME.

CLIMATE NORMAL PERIOD 1981 TO 2010
CLIMATE RECORD PERIOD 1893 TO 2018


WEATHER ITEM   OBSERVED TIME   RECORD YEAR NORMAL DEPARTURE LAST
                VALUE   (LST)  VALUE       VALUE  FROM      YEAR
                                                  NORMAL
..................................................................
TEMPERATURE (F)
 TODAY
  MAXIMUM         37    345 AM  46    1980  23     14        9
  MINIMUM         12    359 PM -31    1979   5      7        2
  AVERAGE         25                        14     11        6

PRECIPITATION (IN)
  TODAY            0.39R         0.26 1938   0.03   0.36     0.06
  MONTH TO DATE    0.41                      0.30   0.11     0.81
  SINCE DEC 1      1.32                      1.30   0.02     2.91
  SINCE JAN 1      0.41                      0.30   0.11     0.81

SNOWFALL (IN)
  TODAY            2.3           3.0  1971   0.4    1.9      1.3
  MONTH TO DATE    2.7                       4.2   -1.5     11.0
  SINCE DEC 1     10.0                      13.7   -3.7     30.2
  SINCE JUL 1     13.3                      20.0   -6.7     31.9
  SNOW DEPTH       4

DEGREE DAYS
 HEATING
  TODAY           40                        51    -11       59
  MONTH TO DATE  610                       556     54      622
  SINCE DEC 1   2118                      1986    132     2033
  SINCE JUL 1   3759                      3732     27     3242

 COOLING
  TODAY            0                         0      0        0
  MONTH TO DATE    0                         0      0        0
  SINCE DEC 1      0                         0      0        0
  SINCE JAN 1      0                         0      0        0
..................................................................


WIND (MPH)
  HIGHEST WIND SPEED    20   HIGHEST WIND DIRECTION    NW (310)
  HIGHEST GUST SPEED    26   HIGHEST GUST DIRECTION     W (250)
  AVERAGE WIND SPEED     9.4


SKY COVER
  POSSIBLE SUNSHINE  MM
  AVERAGE SKY COVER 1.0


WEATHER CONDITIONS
 THE FOLLOWING WEATHER WAS RECORDED TODAY.
  LIGHT RAIN
  SNOW
  LIGHT SNOW
  FOG
  FOG W/VISIBILITY <= 1/4 MILE


RELATIVE HUMIDITY (PERCENT)
 HIGHEST   100          1200 AM
 LOWEST     84           100 PM
 AVERAGE    92

..........................................................


THE EAU CLAIRE WI CLIMATE NORMALS FOR TOMORROW
                         NORMAL    RECORD    YEAR
 MAXIMUM TEMPERATURE (F)   23        47      1987
 MINIMUM TEMPERATURE (F)    5       -36      1912


SUNRISE AND SUNSET
JANUARY 11 2018.......SUNRISE   742 AM CST   SUNSET   446 PM CST
JANUARY 12 2018.......SUNRISE   742 AM CST   SUNSET   447 PM CST


-  INDICATES NEGATIVE NUMBERS.
R  INDICATES RECORD WAS SET OR TIED.
MM INDICATES DATA IS MISSING.
T  INDICATES TRACE AMOUNT.




$$
