000
CDUS43 KMPX 252126
CLIEAU


CLIMATE REPORT
NATIONAL WEATHER SERVICE CHANHASSEN MN
426 PM CDT THU JUN 25 2015


...................................

...THE EAU CLAIRE WI CLIMATE SUMMARY FOR JUNE 25 2015...
VALID AS OF 0400 PM LOCAL TIME.

CLIMATE NORMAL PERIOD 1981 TO 2010
CLIMATE RECORD PERIOD 1893 TO 2015


WEATHER ITEM   OBSERVED TIME   RECORD YEAR NORMAL DEPARTURE LAST
                VALUE   (LST)  VALUE       VALUE  FROM      YEAR
                                                  NORMAL
..................................................................
TEMPERATURE (F)
 TODAY
  MAXIMUM         81    108 PM  95    1900  81      0       76
                                      1941
                                      1966
  MINIMUM         58    445 AM  42    1957  58      0       57
  AVERAGE         70                        70      0       67

PRECIPITATION (IN)
  TODAY            0.09          1.96 1902   0.13  -0.04     0.79
  MONTH TO DATE    3.65                      3.45   0.20     7.32
  SINCE JUN 1      3.65                      3.45   0.20     7.32
  SINCE JAN 1     13.10                     13.09   0.01    21.42

SNOWFALL (IN)
  TODAY            0.0           0.0    MM   0.0    0.0      0.0
  MONTH TO DATE    0.0                       0.0    0.0      0.0
  SINCE JUN 1      0.0                       0.0    0.0      0.0
  SINCE JUL 1     38.1                      46.8   -8.7     74.8
  SNOW DEPTH       0

DEGREE DAYS
 HEATING
  TODAY            0                         1     -1        0
  MONTH TO DATE   27                        57    -30       25
  SINCE JUN 1     27                        57    -30       25
  SINCE JUL 1   8133                      7955    178     9167

 COOLING
  TODAY            5                         6     -1        2
  MONTH TO DATE   71                        90    -19       91
  SINCE JUN 1     71                        90    -19       91
  SINCE JAN 1     89                       122    -33      126
..................................................................


WIND (MPH)
  HIGHEST WIND SPEED    16   HIGHEST WIND DIRECTION     N (350)
  HIGHEST GUST SPEED    21   HIGHEST GUST DIRECTION     N (340)
  AVERAGE WIND SPEED     4.7


SKY COVER
  POSSIBLE SUNSHINE  MM
  AVERAGE SKY COVER 0.1


WEATHER CONDITIONS
 THE FOLLOWING WEATHER WAS RECORDED TODAY.
  HEAVY RAIN
  FOG


RELATIVE HUMIDITY (PERCENT)
 HIGHEST    90           100 AM
 LOWEST     49          1200 PM
 AVERAGE    70

..........................................................


THE EAU CLAIRE WI CLIMATE NORMALS FOR TOMORROW
                         NORMAL    RECORD    YEAR
 MAXIMUM TEMPERATURE (F)   82       101      1931
 MINIMUM TEMPERATURE (F)   59        43      1926


SUNRISE AND SUNSET
JUNE 25 2015..........SUNRISE   521 AM CDT   SUNSET   856 PM CDT
JUNE 26 2015..........SUNRISE   521 AM CDT   SUNSET   856 PM CDT


-  INDICATES NEGATIVE NUMBERS.
R  INDICATES RECORD WAS SET OR TIED.
MM INDICATES DATA IS MISSING.
T  INDICATES TRACE AMOUNT.




$$
