000
CDUS43 KMPX 112147
CLIEAU


CLIMATE REPORT
NATIONAL WEATHER SERVICE CHANHASSEN MN
447 PM CDT TUE APR 11 2017


...................................

...THE EAU CLAIRE WI CLIMATE SUMMARY FOR APRIL 11 2017...
VALID TODAY AS OF 0400 PM LOCAL TIME.

CLIMATE NORMAL PERIOD 1981 TO 2010
CLIMATE RECORD PERIOD 1893 TO 2017


WEATHER ITEM   OBSERVED TIME   RECORD YEAR NORMAL DEPARTURE LAST
                VALUE   (LST)  VALUE       VALUE  FROM      YEAR
                                                  NORMAL
..................................................................
TEMPERATURE (F)
 TODAY
  MAXIMUM         42    259 PM  81    1977  55    -13       42
  MINIMUM         31    624 AM   8    1952  32     -1       27
  AVERAGE         37                        44     -7       35

PRECIPITATION (IN)
  TODAY            0.07          1.93 2001   0.08  -0.01      T
  MONTH TO DATE    1.00                      0.89   0.11     0.56
  SINCE MAR 1      2.12                      2.62  -0.50     5.22
  SINCE JAN 1      6.20                      4.32   1.88     6.38

SNOWFALL (IN)
  TODAY            0.8          13.0  1929   0.1    0.7       T
  MONTH TO DATE    0.8                       1.1   -0.3      1.8
  SINCE MAR 1      5.6                       9.7   -4.1     13.9
  SINCE JUL 1     54.5                      46.0    8.5     38.0
  SNOW DEPTH       1

DEGREE DAYS
 HEATING
  TODAY           28                        21      7       30
  MONTH TO DATE  212                       261    -49      338
  SINCE MAR 1   1262                      1305    -43     1149
  SINCE JUL 1   6372                      7325   -953     6327

 COOLING
  TODAY            0                         0      0        0
  MONTH TO DATE    0                         0      0        0
  SINCE MAR 1      0                         0      0        0
  SINCE JAN 1      0                         0      0        0
..................................................................


WIND (MPH)
  HIGHEST WIND SPEED    13   HIGHEST WIND DIRECTION     W (280)
  HIGHEST GUST SPEED    17   HIGHEST GUST DIRECTION    NW (330)
  AVERAGE WIND SPEED     7.4


SKY COVER
  POSSIBLE SUNSHINE  MM
  AVERAGE SKY COVER 0.9


WEATHER CONDITIONS
 THE FOLLOWING WEATHER WAS RECORDED TODAY.
  LIGHT SNOW
  FOG


RELATIVE HUMIDITY (PERCENT)
 HIGHEST   100           500 AM
 LOWEST     67           300 PM
 AVERAGE    84

..........................................................


THE EAU CLAIRE WI CLIMATE NORMALS FOR TOMORROW
                         NORMAL    RECORD    YEAR
 MAXIMUM TEMPERATURE (F)   56        82      1931
 MINIMUM TEMPERATURE (F)   33        15      1957
                                             1939


SUNRISE AND SUNSET
APRIL 11 2017.........SUNRISE   628 AM CDT   SUNSET   747 PM CDT
APRIL 12 2017.........SUNRISE   626 AM CDT   SUNSET   748 PM CDT


-  INDICATES NEGATIVE NUMBERS.
R  INDICATES RECORD WAS SET OR TIED.
MM INDICATES DATA IS MISSING.
T  INDICATES TRACE AMOUNT.




$$
