000
CDUS43 KMPX 272343
CLIEAU


CLIMATE REPORT
NATIONAL WEATHER SERVICE CHANHASSEN MN
543 PM CST SUN NOV 27 2016


...................................

...THE EAU CLAIRE WI CLIMATE SUMMARY FOR NOVEMBER 27 2016...
VALID AS OF 0500 PM LOCAL TIME.

CLIMATE NORMAL PERIOD 1981 TO 2010
CLIMATE RECORD PERIOD 1893 TO 2016


WEATHER ITEM   OBSERVED TIME   RECORD YEAR NORMAL DEPARTURE LAST
                VALUE   (LST)  VALUE       VALUE  FROM      YEAR
                                                  NORMAL
..................................................................
TEMPERATURE (F)
 TODAY
  MAXIMUM         40    359 PM  67    1998  35      5       30
  MINIMUM         23    540 AM  -9    1897  18      5       13
  AVERAGE         32                        26      6       22

PRECIPITATION (IN)
  TODAY            0.00          0.65 2001   0.06  -0.06      T
  MONTH TO DATE    0.55                      1.68  -1.13     2.60
  SINCE SEP 1     11.47                      7.70   3.77    10.82
  SINCE JAN 1     38.30                     29.82   8.48    38.38

SNOWFALL (IN)
  TODAY            0.0           7.6  1977   0.3   -0.3       T
  MONTH TO DATE    1.7                       5.1   -3.4      0.3
  SINCE SEP 1      1.7                       5.5   -3.8      1.2
  SINCE JUL 1      1.7                       5.5   -3.8      1.2
  SNOW DEPTH       0

DEGREE DAYS
 HEATING
  TODAY           33                        39     -6       43
  MONTH TO DATE  613                       843   -230      625
  SINCE SEP 1   1120                      1588   -468     1192
  SINCE JUL 1   1130                      1627   -497     1247

 COOLING
  TODAY            0                         0      0        0
  MONTH TO DATE    0                         0      0        0
  SINCE SEP 1     41                        52    -11      118
  SINCE JAN 1    624                       579     45      520
..................................................................


WIND (MPH)
  HIGHEST WIND SPEED    14   HIGHEST WIND DIRECTION     E (100)
  HIGHEST GUST SPEED    18   HIGHEST GUST DIRECTION    SE (120)
  AVERAGE WIND SPEED     5.3


SKY COVER
  POSSIBLE SUNSHINE  MM
  AVERAGE SKY COVER 0.6


WEATHER CONDITIONS
 THE FOLLOWING WEATHER WAS RECORDED TODAY.
  FOG
  FOG W/VISIBILITY <= 1/4 MILE


RELATIVE HUMIDITY (PERCENT)
 HIGHEST   100           100 AM
 LOWEST     85           300 PM
 AVERAGE    93

..........................................................


THE EAU CLAIRE WI CLIMATE NORMALS FOR TOMORROW
                         NORMAL    RECORD    YEAR
 MAXIMUM TEMPERATURE (F)   34        60      1998
 MINIMUM TEMPERATURE (F)   18        -7      1976


SUNRISE AND SUNSET
NOVEMBER 27 2016......SUNRISE   719 AM CST   SUNSET   428 PM CST
NOVEMBER 28 2016......SUNRISE   721 AM CST   SUNSET   427 PM CST


-  INDICATES NEGATIVE NUMBERS.
R  INDICATES RECORD WAS SET OR TIED.
MM INDICATES DATA IS MISSING.
T  INDICATES TRACE AMOUNT.




$$
