000
CDUS43 KMPX 130640
CLIEAU


CLIMATE REPORT
NATIONAL WEATHER SERVICE CHANHASSEN MN
1239 AM CST WED DEC 13 2017


...................................

...THE EAU CLAIRE WI CLIMATE SUMMARY FOR DECEMBER 12 2017...

CLIMATE NORMAL PERIOD 1981 TO 2010
CLIMATE RECORD PERIOD 1893 TO 2017


WEATHER ITEM   OBSERVED TIME   RECORD YEAR NORMAL DEPARTURE LAST
                VALUE   (LST)  VALUE       VALUE  FROM      YEAR
                                                  NORMAL
..................................................................
TEMPERATURE (F)
 YESTERDAY
  MAXIMUM         19   1159 PM  55    1968  28     -9       16
  MINIMUM          2    721 AM -18    2000  12    -10        2
  AVERAGE         11                        20     -9        9

PRECIPITATION (IN)
  YESTERDAY        0.01          1.34 1965   0.03  -0.02      T
  MONTH TO DATE    0.63                      0.46   0.17     0.77
  SINCE DEC 1      0.63                      0.46   0.17     0.77
  SINCE JAN 1     35.05                     30.44   4.61    39.69

SNOWFALL (IN)
  YESTERDAY        0.1           8.5  1899   0.3   -0.2       T
  MONTH TO DATE    3.4                       3.7   -0.3      9.9
  SINCE DEC 1      3.4                       3.7   -0.3      9.9
  SINCE JUL 1      6.7                      10.0   -3.3     11.6
  SNOW DEPTH       2

DEGREE DAYS
 HEATING
  YESTERDAY       54                        45      9       56
  MONTH TO DATE  474                       518    -44      504
  SINCE DEC 1    474                       518    -44      504
  SINCE JUL 1   2115                      2264   -149     1713

 COOLING
  YESTERDAY        0                         0      0        0
  MONTH TO DATE    0                         0      0        0
  SINCE DEC 1      0                         0      0        0
  SINCE JAN 1    466                       579   -113      624
..................................................................


WIND (MPH)
  HIGHEST WIND SPEED    15   HIGHEST WIND DIRECTION    NW (330)
  HIGHEST GUST SPEED    22   HIGHEST GUST DIRECTION     N (350)
  AVERAGE WIND SPEED     7.5


SKY COVER
  POSSIBLE SUNSHINE  MM
  AVERAGE SKY COVER 0.7


WEATHER CONDITIONS
 THE FOLLOWING WEATHER WAS RECORDED YESTERDAY.
  LIGHT SNOW


RELATIVE HUMIDITY (PERCENT)
 HIGHEST    95           700 AM
 LOWEST     58           300 PM
 AVERAGE    77

..........................................................


THE EAU CLAIRE WI CLIMATE NORMALS FOR TODAY
                         NORMAL    RECORD    YEAR
 MAXIMUM TEMPERATURE (F)   28        51      1998
 MINIMUM TEMPERATURE (F)   11       -28      1901


SUNRISE AND SUNSET
DECEMBER 13 2017......SUNRISE   735 AM CST   SUNSET   425 PM CST
DECEMBER 14 2017......SUNRISE   736 AM CST   SUNSET   425 PM CST


-  INDICATES NEGATIVE NUMBERS.
R  INDICATES RECORD WAS SET OR TIED.
MM INDICATES DATA IS MISSING.
T  INDICATES TRACE AMOUNT.




$$
