000
CDUS43 KMPX 121008
CLIEAU


CLIMATE REPORT
NATIONAL WEATHER SERVICE CHANHASSEN MN
408 AM CST FRI DEC 12 2014


...................................

...THE EAU CLAIRE WI CLIMATE SUMMARY FOR DECEMBER 11 2014...

CLIMATE NORMAL PERIOD 1981 TO 2010
CLIMATE RECORD PERIOD 1893 TO 2014


WEATHER ITEM   OBSERVED TIME   RECORD YEAR NORMAL DEPARTURE LAST
                VALUE   (LST)  VALUE       VALUE  FROM      YEAR
                                                  NORMAL
..................................................................
TEMPERATURE (F)
 YESTERDAY
  MAXIMUM         27   1159 PM  54    1913  28     -1        7
  MINIMUM         23    149 AM -18    1936  12     11       -9
                                      1972
  AVERAGE         25                        20      5       -1

PRECIPITATION (IN)
  YESTERDAY        0.00          1.20 2010   0.04  -0.04      T
  MONTH TO DATE    0.01                      0.43  -0.42     0.92
  SINCE DEC 1      0.01                      0.43  -0.42     0.92
  SINCE JAN 1     42.31                     30.41  11.90    35.29

SNOWFALL (IN)
  YESTERDAY        0.0          22.0  2010   0.3   -0.3       T
  MONTH TO DATE    0.2                       3.4   -3.2      6.5
  SINCE DEC 1      0.2                       3.4   -3.2      6.5
  SINCE JUL 1     14.4                       9.7    4.7      8.7
  SNOW DEPTH       2

DEGREE DAYS
 HEATING
  YESTERDAY       40                        45     -5       66
  MONTH TO DATE  492                       473     19      581
  SINCE DEC 1    492                       473     19      581
  SINCE JUL 1   2464                      2219    245     2326

 COOLING
  YESTERDAY        0                         0      0        0
  MONTH TO DATE    0                         0      0        0
  SINCE DEC 1      0                         0      0        0
  SINCE JAN 1    500                       579    -79      653
..................................................................


WIND (MPH)
  HIGHEST WIND SPEED    10   HIGHEST WIND DIRECTION     W (250)
  HIGHEST GUST SPEED    13   HIGHEST GUST DIRECTION     W (250)
  AVERAGE WIND SPEED     5.8


SKY COVER
  POSSIBLE SUNSHINE  MM
  AVERAGE SKY COVER 1.0


WEATHER CONDITIONS
 THE FOLLOWING WEATHER WAS RECORDED YESTERDAY.
  LIGHT SNOW
  FOG


RELATIVE HUMIDITY (PERCENT)
 HIGHEST   100          1100 PM
 LOWEST     81           200 AM
 AVERAGE    91

..........................................................


THE EAU CLAIRE WI CLIMATE NORMALS FOR TODAY
                         NORMAL    RECORD    YEAR
 MAXIMUM TEMPERATURE (F)   28        55      1968
 MINIMUM TEMPERATURE (F)   12       -18      2000


SUNRISE AND SUNSET
DECEMBER 12 2014......SUNRISE   734 AM CST   SUNSET   425 PM CST
DECEMBER 13 2014......SUNRISE   735 AM CST   SUNSET   425 PM CST


-  INDICATES NEGATIVE NUMBERS.
R  INDICATES RECORD WAS SET OR TIED.
MM INDICATES DATA IS MISSING.
T  INDICATES TRACE AMOUNT.




$$
