000
CDUS43 KMPX 100733
CLIEAU


CLIMATE REPORT
NATIONAL WEATHER SERVICE CHANHASSEN MN
232 AM CDT MON JUL 10 2017


...................................

...THE EAU CLAIRE WI CLIMATE SUMMARY FOR JULY 9 2017...

CLIMATE NORMAL PERIOD 1981 TO 2010
CLIMATE RECORD PERIOD 1893 TO 2017


WEATHER ITEM   OBSERVED TIME   RECORD YEAR NORMAL DEPARTURE LAST
                VALUE   (LST)  VALUE       VALUE  FROM      YEAR
                                                  NORMAL
..................................................................
TEMPERATURE (F)
 YESTERDAY
  MAXIMUM         82    247 PM 104    1936  83     -1       80
  MINIMUM         60    459 AM  41    1895  60      0       53
  AVERAGE         71                        72     -1       67

PRECIPITATION (IN)
  YESTERDAY        T             1.62 1942   0.13  -0.13     0.00
  MONTH TO DATE    0.14                      1.14  -1.00     1.91
  SINCE JUN 1      5.45                      5.27   0.18     8.20
  SINCE JAN 1     19.95                     14.91   5.04    20.39

SNOWFALL (IN)
  YESTERDAY        0.0           0.0    MM   0.0    0.0      0.0
  MONTH TO DATE    0.0                       0.0    0.0      0.0
  SINCE JUN 1      0.0                       0.0    0.0      0.0
  SINCE JUL 1      0.0                       0.0    0.0      0.0
  SNOW DEPTH       0

DEGREE DAYS
 HEATING
  YESTERDAY        0                         0      0        0
  MONTH TO DATE    0                         0      0        4
  SINCE JUN 1     37                        62    -25       36
  SINCE JUL 1      0                         0      0        4

 COOLING
  YESTERDAY        6                         7     -1        2
  MONTH TO DATE   53                        62     -9       33
  SINCE JUN 1    160                       182    -22      159
  SINCE JAN 1    168                       214    -46      199
..................................................................


WIND (MPH)
  HIGHEST WIND SPEED    13   HIGHEST WIND DIRECTION     S (170)
  HIGHEST GUST SPEED    16   HIGHEST GUST DIRECTION    SE (130)
  AVERAGE WIND SPEED     6.5


SKY COVER
  POSSIBLE SUNSHINE  MM
  AVERAGE SKY COVER 0.3


WEATHER CONDITIONS
 THE FOLLOWING WEATHER WAS RECORDED YESTERDAY.
  THUNDERSTORM
  LIGHT RAIN


RELATIVE HUMIDITY (PERCENT)
 HIGHEST    84           100 AM
 LOWEST     45           500 PM
 AVERAGE    65

..........................................................


THE EAU CLAIRE WI CLIMATE NORMALS FOR TODAY
                         NORMAL    RECORD    YEAR
 MAXIMUM TEMPERATURE (F)   83       107      1936
 MINIMUM TEMPERATURE (F)   60        46      1996
                                             1968
                                             1953


SUNRISE AND SUNSET
JULY 10 2017..........SUNRISE   530 AM CDT   SUNSET   852 PM CDT
JULY 11 2017..........SUNRISE   531 AM CDT   SUNSET   852 PM CDT


-  INDICATES NEGATIVE NUMBERS.
R  INDICATES RECORD WAS SET OR TIED.
MM INDICATES DATA IS MISSING.
T  INDICATES TRACE AMOUNT.




$$
