000
CDUS43 KMPX 202146
CLIEAU


CLIMATE REPORT
NATIONAL WEATHER SERVICE CHANHASSEN MN
445 PM CDT FRI MAR 20 2015


...................................

...THE EAU CLAIRE WI CLIMATE SUMMARY FOR MARCH 20 2015...
VALID AS OF 0400 PM LOCAL TIME.

CLIMATE NORMAL PERIOD 1981 TO 2010
CLIMATE RECORD PERIOD 1893 TO 2015


WEATHER ITEM   OBSERVED TIME   RECORD YEAR NORMAL DEPARTURE LAST
                VALUE   (LST)  VALUE       VALUE  FROM      YEAR
                                                  NORMAL
..................................................................
TEMPERATURE (F)
 TODAY
  MAXIMUM         53    132 PM  69    2012  43     10       40
  MINIMUM         33    632 AM -19    1981  23     10       20
  AVERAGE         43                        33     10       30

PRECIPITATION (IN)
  TODAY            T             0.92 1969   0.06  -0.06      T
  MONTH TO DATE    0.11                      0.96  -0.85     0.17
  SINCE MAR 1      0.11                      0.96  -0.85     0.17
  SINCE JAN 1      0.70                      2.66  -1.96     3.37

SNOWFALL (IN)
  TODAY            0.0           5.0  1969   0.2   -0.2       T
  MONTH TO DATE    1.5                       6.1   -4.6      2.0
  SINCE MAR 1      1.5                       6.1   -4.6      2.0
  SINCE JUL 1     32.3                      42.4  -10.1     63.7
  SNOW DEPTH       0

DEGREE DAYS
 HEATING
  TODAY           22                        32    -10       35
  MONTH TO DATE  647                       723    -76      876
  SINCE MAR 1    647                       723    -76      876
  SINCE JUL 1   7000                      6744    256     7768

 COOLING
  TODAY            0                         0      0        0
  MONTH TO DATE    0                         0      0        0
  SINCE MAR 1      0                         0      0        0
  SINCE JAN 1      0                         0      0        0
..................................................................


WIND (MPH)
  HIGHEST WIND SPEED    16   HIGHEST WIND DIRECTION    SW (240)
  HIGHEST GUST SPEED    23   HIGHEST GUST DIRECTION    SW (220)
  AVERAGE WIND SPEED     9.1


SKY COVER
  POSSIBLE SUNSHINE  MM
  AVERAGE SKY COVER 0.5


WEATHER CONDITIONS
 THE FOLLOWING WEATHER WAS RECORDED TODAY.
  LIGHT RAIN


RELATIVE HUMIDITY (PERCENT)
 HIGHEST    82           700 AM
 LOWEST     43          1200 AM
 AVERAGE    63

..........................................................


THE EAU CLAIRE WI CLIMATE NORMALS FOR TOMORROW
                         NORMAL    RECORD    YEAR
 MAXIMUM TEMPERATURE (F)   43        77      1911
 MINIMUM TEMPERATURE (F)   24        -6      1965


SUNRISE AND SUNSET
MARCH 20 2015.........SUNRISE   709 AM CDT   SUNSET   718 PM CDT
MARCH 21 2015.........SUNRISE   708 AM CDT   SUNSET   719 PM CDT


-  INDICATES NEGATIVE NUMBERS.
R  INDICATES RECORD WAS SET OR TIED.
MM INDICATES DATA IS MISSING.
T  INDICATES TRACE AMOUNT.




$$
