884
CDUS43 KMPX 020824
CLIEAU


CLIMATE REPORT
NATIONAL WEATHER SERVICE CHANHASSEN MN
222 AM CST FRI DEC 2 2016


...................................

...THE EAU CLAIRE WI CLIMATE SUMMARY FOR DECEMBER 1 2016...

CLIMATE NORMAL PERIOD 1981 TO 2010
CLIMATE RECORD PERIOD 1893 TO 2016


WEATHER ITEM   OBSERVED TIME   RECORD YEAR NORMAL DEPARTURE LAST
                VALUE   (LST)  VALUE       VALUE  FROM      YEAR
                                                  NORMAL
..................................................................
TEMPERATURE (F)
 YESTERDAY
  MAXIMUM         38    240 PM  63    1998  33      5       36
  MINIMUM         32   1159 PM -18    1893  16     16       20
  AVERAGE         35                        24     11       28

PRECIPITATION (IN)
  YESTERDAY        T             1.00 1945   0.04  -0.04     0.16
  MONTH TO DATE    T                         0.04  -0.04     0.16
  SINCE DEC 1      T                         0.04  -0.04     0.16
  SINCE JAN 1     38.92                     30.02   8.90    38.75

SNOWFALL (IN)
  YESTERDAY        0.0           6.4  1985   0.3   -0.3      0.4
  MONTH TO DATE    0.0                       0.3   -0.3      0.4
  SINCE DEC 1      0.0                       0.3   -0.3      0.4
  SINCE JUL 1      1.7                       6.6   -4.9      1.8
  SNOW DEPTH       0

DEGREE DAYS
 HEATING
  YESTERDAY       30                        41    -11       37
  MONTH TO DATE   30                        41    -11       37
  SINCE DEC 1     30                        41    -11       37
  SINCE JUL 1   1239                      1787   -548     1399

 COOLING
  YESTERDAY        0                         0      0        0
  MONTH TO DATE    0                         0      0        0
  SINCE DEC 1      0                         0      0        0
  SINCE JAN 1    624                       579     45      520
..................................................................


WIND (MPH)
  HIGHEST WIND SPEED    15   HIGHEST WIND DIRECTION    NW (330)
  HIGHEST GUST SPEED    19   HIGHEST GUST DIRECTION     W (280)
  AVERAGE WIND SPEED     9.2


SKY COVER
  POSSIBLE SUNSHINE  MM
  AVERAGE SKY COVER 1.0


WEATHER CONDITIONS
 THE FOLLOWING WEATHER WAS RECORDED YESTERDAY.
  NO SIGNIFICANT WEATHER WAS OBSERVED.


RELATIVE HUMIDITY (PERCENT)
 HIGHEST   100           200 AM
 LOWEST     70           500 PM
 AVERAGE    85

..........................................................


THE EAU CLAIRE WI CLIMATE NORMALS FOR TODAY
                         NORMAL    RECORD    YEAR
 MAXIMUM TEMPERATURE (F)   32        63      1982
 MINIMUM TEMPERATURE (F)   16       -17      1897


SUNRISE AND SUNSET
DECEMBER  2 2016......SUNRISE   725 AM CST   SUNSET   426 PM CST
DECEMBER  3 2016......SUNRISE   726 AM CST   SUNSET   425 PM CST


-  INDICATES NEGATIVE NUMBERS.
R  INDICATES RECORD WAS SET OR TIED.
MM INDICATES DATA IS MISSING.
T  INDICATES TRACE AMOUNT.




$$
