000
CDUS43 KMPX 092131
CLIEAU


CLIMATE REPORT
NATIONAL WEATHER SERVICE CHANHASSEN MN
431 PM CDT WED APR 9 2014


...................................

...THE EAU CLAIRE WI CLIMATE SUMMARY FOR APRIL 9 2014...
VALID AS OF 0400 PM LOCAL TIME.

CLIMATE NORMAL PERIOD 1981 TO 2010
CLIMATE RECORD PERIOD 1893 TO 2014


WEATHER ITEM   OBSERVED TIME   RECORD YEAR NORMAL DEPARTURE LAST
                VALUE   (LST)  VALUE       VALUE  FROM      YEAR
                                                  NORMAL
..................................................................
TEMPERATURE (F)
 TODAY
  MAXIMUM         64    259 PM  79    1930  54     10       42
                                      1987
                                      1931
  MINIMUM         26    549 AM  12    1997  32     -6       31
  AVERAGE         45                        43      2       37

PRECIPITATION (IN)
  TODAY            0.00          1.32 1922   0.09  -0.09     0.72
  MONTH TO DATE    1.98                      0.72   1.26     1.36
  SINCE MAR 1      2.71                      2.45   0.26     4.18
  SINCE JAN 1      5.91                      4.15   1.76     6.75

SNOWFALL (IN)
  TODAY            0.0           7.9  1973   0.1   -0.1       T
  MONTH TO DATE    7.6                       0.9    6.7      0.4
  SINCE MAR 1     11.6                       9.5    2.1     24.1
  SINCE JUL 1     73.3                      45.8   27.5     66.6
  SNOW DEPTH       0

DEGREE DAYS
 HEATING
  TODAY           20                        22     -2       28
  MONTH TO DATE  248                       218     30      283
  SINCE MAR 1   1532                      1262    270     1552
  SINCE JUL 1   8424                      7283   1141     7411

 COOLING
  TODAY            0                         0      0        0
  MONTH TO DATE    0                         0      0        0
  SINCE MAR 1      0                         0      0        0
  SINCE JAN 1      0                         0      0        0
..................................................................


WIND (MPH)
  HIGHEST WIND SPEED    26   HIGHEST WIND DIRECTION    SW (220)
  HIGHEST GUST SPEED    35   HIGHEST GUST DIRECTION    SW (220)
  AVERAGE WIND SPEED     8.8


SKY COVER
  POSSIBLE SUNSHINE  MM
  AVERAGE SKY COVER 0.2


WEATHER CONDITIONS
 THE FOLLOWING WEATHER WAS RECORDED TODAY.
  NO SIGNIFICANT WEATHER WAS OBSERVED.


RELATIVE HUMIDITY (PERCENT)
 HIGHEST    92           500 AM
 LOWEST     28           200 PM
 AVERAGE    60

..........................................................


THE EAU CLAIRE WI CLIMATE NORMALS FOR TOMORROW
                         NORMAL    RECORD    YEAR
 MAXIMUM TEMPERATURE (F)   55        85      1977
 MINIMUM TEMPERATURE (F)   32        13      1952


SUNRISE AND SUNSET
APRIL  9 2014.........SUNRISE   632 AM CDT   SUNSET   744 PM CDT
APRIL 10 2014.........SUNRISE   630 AM CDT   SUNSET   745 PM CDT


-  INDICATES NEGATIVE NUMBERS.
R  INDICATES RECORD WAS SET OR TIED.
MM INDICATES DATA IS MISSING.
T  INDICATES TRACE AMOUNT.




$$
