000
CDUS43 KMPX 110941
CLIEAU


CLIMATE REPORT
NATIONAL WEATHER SERVICE CHANHASSEN MN
340 AM CST THU DEC 11 2014


...................................

...THE EAU CLAIRE WI CLIMATE SUMMARY FOR DECEMBER 10 2014...

CLIMATE NORMAL PERIOD 1981 TO 2010
CLIMATE RECORD PERIOD 1893 TO 2014


WEATHER ITEM   OBSERVED TIME   RECORD YEAR NORMAL DEPARTURE LAST
                VALUE   (LST)  VALUE       VALUE  FROM      YEAR
                                                  NORMAL
..................................................................
TEMPERATURE (F)
 YESTERDAY
  MAXIMUM         27   1251 AM  53    1979  29     -2        8
  MINIMUM         23   1159 PM -20    1919  12     11       -4
                                      1978
  AVERAGE         25                        20      5        2

PRECIPITATION (IN)
  YESTERDAY        T             0.97 1911   0.03  -0.03     0.03
  MONTH TO DATE    0.01                      0.39  -0.38     0.92
  SINCE DEC 1      0.01                      0.39  -0.38     0.92
  SINCE JAN 1     42.31                     30.37  11.94    35.29

SNOWFALL (IN)
  YESTERDAY        T             2.8  2003   0.3   -0.3      0.7
  MONTH TO DATE    0.2                       3.1   -2.9      6.5
  SINCE DEC 1      0.2                       3.1   -2.9      6.5
  SINCE JUL 1     14.4                       9.4    5.0      8.7
  SNOW DEPTH       2

DEGREE DAYS
 HEATING
  YESTERDAY       40                        45     -5       63
  MONTH TO DATE  452                       428     24      515
  SINCE DEC 1    452                       428     24      515
  SINCE JUL 1   2424                      2174    250     2260

 COOLING
  YESTERDAY        0                         0      0        0
  MONTH TO DATE    0                         0      0        0
  SINCE DEC 1      0                         0      0        0
  SINCE JAN 1    500                       579    -79      653
..................................................................


WIND (MPH)
  HIGHEST WIND SPEED     9   HIGHEST WIND DIRECTION     S (160)
  HIGHEST GUST SPEED    12   HIGHEST GUST DIRECTION     S (160)
  AVERAGE WIND SPEED     3.8


SKY COVER
  POSSIBLE SUNSHINE  MM
  AVERAGE SKY COVER 1.0


WEATHER CONDITIONS
 THE FOLLOWING WEATHER WAS RECORDED YESTERDAY.
  HAZE


RELATIVE HUMIDITY (PERCENT)
 HIGHEST    88          1000 PM
 LOWEST     75          1200 AM
 AVERAGE    82

..........................................................


THE EAU CLAIRE WI CLIMATE NORMALS FOR TODAY
                         NORMAL    RECORD    YEAR
 MAXIMUM TEMPERATURE (F)   28        54      1913
 MINIMUM TEMPERATURE (F)   12       -18      1936
                                             1972


SUNRISE AND SUNSET
DECEMBER 11 2014......SUNRISE   734 AM CST   SUNSET   425 PM CST
DECEMBER 12 2014......SUNRISE   734 AM CST   SUNSET   425 PM CST


-  INDICATES NEGATIVE NUMBERS.
R  INDICATES RECORD WAS SET OR TIED.
MM INDICATES DATA IS MISSING.
T  INDICATES TRACE AMOUNT.




$$
