000
CDUS43 KMPX 130642
CLIEAU


CLIMATE REPORT
NATIONAL WEATHER SERVICE CHANHASSEN MN
136 AM CDT SAT SEP 13 2014


...................................

...THE EAU CLAIRE WI CLIMATE SUMMARY FOR SEPTEMBER 12 2014...

CLIMATE NORMAL PERIOD 1981 TO 2010
CLIMATE RECORD PERIOD 1893 TO 2014


WEATHER ITEM   OBSERVED TIME   RECORD YEAR NORMAL DEPARTURE LAST
                VALUE   (LST)  VALUE       VALUE  FROM      YEAR
                                                  NORMAL
..................................................................
TEMPERATURE (F)
 YESTERDAY
  MAXIMUM         50   1144 AM  99    1895  73    -23       73
  MINIMUM         35   1031 PM  28    1955  51    -16       48
  AVERAGE         43                        62    -19       61

PRECIPITATION (IN)
  YESTERDAY        0.16          3.74 1903   0.13   0.03     0.00
  MONTH TO DATE    5.16                      1.52   3.64     0.01
  SINCE SEP 1      5.16                      1.52   3.64     0.01
  SINCE JAN 1     37.83                     23.64  14.19    27.65

SNOWFALL (IN)
  YESTERDAY        0.0           0.0    MM   0.0    0.0      0.0
  MONTH TO DATE    0.0                       0.0    0.0      0.0
  SINCE SEP 1      0.0                       0.0    0.0      0.0
  SINCE JUL 1      0.0                       0.0    0.0      0.0
  SNOW DEPTH       0

DEGREE DAYS
 HEATING
  YESTERDAY       22                         5     17        4
  MONTH TO DATE   57                        42     15       15
  SINCE SEP 1     57                        42     15       15
  SINCE JUL 1     80                        81     -1       53

 COOLING
  YESTERDAY        0                         2     -2        0
  MONTH TO DATE   17                        31    -14       72
  SINCE SEP 1     17                        31    -14       72
  SINCE JAN 1    495                       558    -63      638
..................................................................


WIND (MPH)
  HIGHEST WIND SPEED    12   HIGHEST WIND DIRECTION     E (100)
  HIGHEST GUST SPEED    13   HIGHEST GUST DIRECTION    SW (210)
  AVERAGE WIND SPEED     1.7


SKY COVER
  POSSIBLE SUNSHINE  MM
  AVERAGE SKY COVER 0.7


WEATHER CONDITIONS
 THE FOLLOWING WEATHER WAS RECORDED YESTERDAY.
  RAIN
  LIGHT RAIN
  FOG
  FOG W/VISIBILITY <= 1/4 MILE


RELATIVE HUMIDITY (PERCENT)
 HIGHEST   100          1100 PM
 LOWEST     66          1100 AM
 AVERAGE    83

..........................................................


THE EAU CLAIRE WI CLIMATE NORMALS FOR TODAY
                         NORMAL    RECORD    YEAR
 MAXIMUM TEMPERATURE (F)   73        95      1939
 MINIMUM TEMPERATURE (F)   50        29      1963


SUNRISE AND SUNSET
SEPTEMBER 13 2014.....SUNRISE   642 AM CDT   SUNSET   720 PM CDT
SEPTEMBER 14 2014.....SUNRISE   643 AM CDT   SUNSET   719 PM CDT


-  INDICATES NEGATIVE NUMBERS.
R  INDICATES RECORD WAS SET OR TIED.
MM INDICATES DATA IS MISSING.
T  INDICATES TRACE AMOUNT.




$$
