552
CDUS43 KMPX 172126
CLIEAU


CLIMATE REPORT
NATIONAL WEATHER SERVICE CHANHASSEN MN
426 PM CDT SAT JUN 17 2017


...................................

...THE EAU CLAIRE WI CLIMATE SUMMARY FOR JUNE 17 2017...
VALID TODAY AS OF 0400 PM LOCAL TIME.

CLIMATE NORMAL PERIOD 1981 TO 2010
CLIMATE RECORD PERIOD 1893 TO 2017


WEATHER ITEM   OBSERVED TIME   RECORD YEAR NORMAL DEPARTURE LAST
                VALUE   (LST)  VALUE       VALUE  FROM      YEAR
                                                  NORMAL
..................................................................
TEMPERATURE (F)
 TODAY
  MAXIMUM         81    243 PM  96    1995  79      2       86
                                      1940
  MINIMUM         61    441 AM  38    1960  56      5       56
  AVERAGE         71                        68      3       71

PRECIPITATION (IN)
  TODAY            0.00          1.75 1925   0.15  -0.15     0.00
  MONTH TO DATE    3.05                      2.34   0.71     3.20
  SINCE JUN 1      3.05                      2.34   0.71     3.20
  SINCE JAN 1     17.55                     11.98   5.57    15.39

SNOWFALL (IN)
  TODAY            0.0           0.0    MM   0.0    0.0      0.0
  MONTH TO DATE    0.0                       0.0    0.0      0.0
  SINCE JUN 1      0.0                       0.0    0.0      0.0
  SINCE JUL 1     54.5                      46.8    7.7     38.0
  SNOW DEPTH       0

DEGREE DAYS
 HEATING
  TODAY            0                         2     -2        0
  MONTH TO DATE    7                        49    -42       29
  SINCE JUN 1      7                        49    -42       29
  SINCE JUL 1   6976                      7946   -970     6840

 COOLING
  TODAY            6                         4      2        6
  MONTH TO DATE   96                        49     47       56
  SINCE JUN 1     96                        49     47       56
  SINCE JAN 1    104                        81     23       96
..................................................................


WIND (MPH)
  HIGHEST WIND SPEED    14   HIGHEST WIND DIRECTION     W (250)
  HIGHEST GUST SPEED    18   HIGHEST GUST DIRECTION     W (250)
  AVERAGE WIND SPEED     3.8


SKY COVER
  POSSIBLE SUNSHINE  MM
  AVERAGE SKY COVER 0.2


WEATHER CONDITIONS
 THE FOLLOWING WEATHER WAS RECORDED TODAY.
  FOG
  FOG W/VISIBILITY <= 1/4 MILE


RELATIVE HUMIDITY (PERCENT)
 HIGHEST   100          1200 AM
 LOWEST     42           300 PM
 AVERAGE    71

..........................................................


THE EAU CLAIRE WI CLIMATE NORMALS FOR TOMORROW
                         NORMAL    RECORD    YEAR
 MAXIMUM TEMPERATURE (F)   80        96      1995
 MINIMUM TEMPERATURE (F)   56        44      1999
                                             1912


SUNRISE AND SUNSET
JUNE 17 2017..........SUNRISE   519 AM CDT   SUNSET   855 PM CDT
JUNE 18 2017..........SUNRISE   519 AM CDT   SUNSET   855 PM CDT


-  INDICATES NEGATIVE NUMBERS.
R  INDICATES RECORD WAS SET OR TIED.
MM INDICATES DATA IS MISSING.
T  INDICATES TRACE AMOUNT.




$$
