721
CDUS43 KMPX 172150
CLIEAU


CLIMATE REPORT
NATIONAL WEATHER SERVICE CHANHASSEN MN
440 PM CDT TUE MAY 17 2016


...................................

...THE EAU CLAIRE WI CLIMATE SUMMARY FOR MAY 17 2016...
VALID AS OF 0400 PM LOCAL TIME.

CLIMATE NORMAL PERIOD 1981 TO 2010
CLIMATE RECORD PERIOD 1893 TO 2016


WEATHER ITEM   OBSERVED TIME   RECORD YEAR NORMAL DEPARTURE LAST
                VALUE   (LST)  VALUE       VALUE  FROM      YEAR
                                                  NORMAL
..................................................................
TEMPERATURE (F)
 TODAY
  MAXIMUM         64    254 PM  93    1987  70     -6       76
  MINIMUM         35    446 AM  29    2002  46    -11       54
                                      1925
  AVERAGE         50                        58     -8       65

PRECIPITATION (IN)
  TODAY            0.00          1.92 1910   0.11  -0.11     0.20
  MONTH TO DATE    0.97                      1.84  -0.87     2.55
  SINCE MAR 1      8.19                      6.32   1.87     6.02
  SINCE JAN 1      9.35                      8.02   1.33     6.61

SNOWFALL (IN)
  TODAY            0.0           T    1915   0.0    0.0      0.0
  MONTH TO DATE    0.0                       0.2   -0.2      0.0
  SINCE MAR 1     13.9                      10.7    3.2      7.3
  SINCE JUL 1     38.0                      47.0   -9.0     38.1
  SNOW DEPTH       0

DEGREE DAYS
 HEATING
  TODAY           15                         8      7        0
  MONTH TO DATE  211                       170     41      122
  SINCE MAR 1   1599                      1790   -191     1633
  SINCE JUL 1   6777                      7810  -1033     7986

 COOLING
  TODAY            0                         1     -1        0
  MONTH TO DATE    3                        11     -8       10
  SINCE MAR 1      7                        15     -8       10
  SINCE JAN 1      7                        15     -8       10
..................................................................


WIND (MPH)
  HIGHEST WIND SPEED    17   HIGHEST WIND DIRECTION    NE (60)
  HIGHEST GUST SPEED    24   HIGHEST GUST DIRECTION    NE (60)
  AVERAGE WIND SPEED     8.3


SKY COVER
  POSSIBLE SUNSHINE  MM
  AVERAGE SKY COVER 0.3


WEATHER CONDITIONS
 THE FOLLOWING WEATHER WAS RECORDED TODAY.
  NO SIGNIFICANT WEATHER WAS OBSERVED.


RELATIVE HUMIDITY (PERCENT)
 HIGHEST    75           500 AM
 LOWEST     25           200 PM
 AVERAGE    50

..........................................................


THE EAU CLAIRE WI CLIMATE NORMALS FOR TOMORROW
                         NORMAL    RECORD    YEAR
 MAXIMUM TEMPERATURE (F)   70        91      2012
                                             1998
                                             1972
 MINIMUM TEMPERATURE (F)   46        29      2002


SUNRISE AND SUNSET
MAY 17 2016...........SUNRISE   535 AM CDT   SUNSET   831 PM CDT
MAY 18 2016...........SUNRISE   534 AM CDT   SUNSET   832 PM CDT


-  INDICATES NEGATIVE NUMBERS.
R  INDICATES RECORD WAS SET OR TIED.
MM INDICATES DATA IS MISSING.
T  INDICATES TRACE AMOUNT.




$$
