000
CDUS43 KMPX 130637
CLIEAU


CLIMATE REPORT
NATIONAL WEATHER SERVICE CHANHASSEN MN
137 AM CDT TUE JUN 13 2017


...................................

...THE EAU CLAIRE WI CLIMATE SUMMARY FOR JUNE 12 2017...

CLIMATE NORMAL PERIOD 1981 TO 2010
CLIMATE RECORD PERIOD 1893 TO 2017


WEATHER ITEM   OBSERVED TIME   RECORD YEAR NORMAL DEPARTURE LAST
                VALUE   (LST)  VALUE       VALUE  FROM      YEAR
                                                  NORMAL
..................................................................
TEMPERATURE (F)
 YESTERDAY
  MAXIMUM         83   1257 PM  94    1988  78      5       73
                                      1893
  MINIMUM         62   1154 PM  30    1903  54      8       60
  AVERAGE         73                        66      7       67

PRECIPITATION (IN)
  YESTERDAY        0.28          2.19 1925   0.14   0.14     0.03
  MONTH TO DATE    2.15                      1.62   0.53     1.38
  SINCE JUN 1      2.15                      1.62   0.53     1.38
  SINCE JAN 1     16.65                     11.26   5.39    13.57

SNOWFALL (IN)
  YESTERDAY        0.0           0.0    MM   0.0    0.0      0.0
  MONTH TO DATE    0.0                       0.0    0.0      0.0
  SINCE JUN 1      0.0                       0.0    0.0      0.0
  SINCE JUL 1     54.5                      46.8    7.7     38.0
  SNOW DEPTH       0

DEGREE DAYS
 HEATING
  YESTERDAY        0                         2     -2        0
  MONTH TO DATE    7                        39    -32       29
  SINCE JUN 1      7                        39    -32       29
  SINCE JUL 1   6976                      7936   -960     6840

 COOLING
  YESTERDAY        8                         3      5        2
  MONTH TO DATE   64                        29     35       34
  SINCE JUN 1     64                        29     35       34
  SINCE JAN 1     72                        61     11       74
..................................................................


WIND (MPH)
  HIGHEST WIND SPEED    28   HIGHEST WIND DIRECTION     W (270)
  HIGHEST GUST SPEED    38   HIGHEST GUST DIRECTION     W (260)
  AVERAGE WIND SPEED     4.7


SKY COVER
  POSSIBLE SUNSHINE  MM
  AVERAGE SKY COVER 0.4


WEATHER CONDITIONS
 THE FOLLOWING WEATHER WAS RECORDED YESTERDAY.
  THUNDERSTORM
  RAIN
  LIGHT RAIN
  FOG
  FOG W/VISIBILITY <= 1/4 MILE


RELATIVE HUMIDITY (PERCENT)
 HIGHEST   100           100 AM
 LOWEST     51           100 PM
 AVERAGE    76

..........................................................


THE EAU CLAIRE WI CLIMATE NORMALS FOR TODAY
                         NORMAL    RECORD    YEAR
 MAXIMUM TEMPERATURE (F)   78        97      1987
                                             1956
 MINIMUM TEMPERATURE (F)   55        37      1969


SUNRISE AND SUNSET
JUNE 13 2017..........SUNRISE   519 AM CDT   SUNSET   853 PM CDT
JUNE 14 2017..........SUNRISE   519 AM CDT   SUNSET   854 PM CDT


-  INDICATES NEGATIVE NUMBERS.
R  INDICATES RECORD WAS SET OR TIED.
MM INDICATES DATA IS MISSING.
T  INDICATES TRACE AMOUNT.




$$
