827
CDUS43 KMPX 110629
CLIEAU


CLIMATE REPORT
NATIONAL WEATHER SERVICE CHANHASSEN MN
1228 AM CST WED JAN 11 2017


...................................

...THE EAU CLAIRE WI CLIMATE SUMMARY FOR JANUARY 10 2017...

CLIMATE NORMAL PERIOD 1981 TO 2010
CLIMATE RECORD PERIOD 1893 TO 2017


WEATHER ITEM   OBSERVED TIME   RECORD YEAR NORMAL DEPARTURE LAST
                VALUE   (LST)  VALUE       VALUE  FROM      YEAR
                                                  NORMAL
..................................................................
TEMPERATURE (F)
 YESTERDAY
  MAXIMUM         28    216 PM  53    2012  23      5       -1
  MINIMUM          4   1159 PM -29    1982   5     -1      -12
  AVERAGE         16                        14      2       -6

PRECIPITATION (IN)
  YESTERDAY        0.47R         0.38 1900   0.02   0.45     0.00
  MONTH TO DATE    0.75                      0.27   0.48     0.31
  SINCE DEC 1      2.85                      1.27   1.58     4.15
  SINCE JAN 1      0.75                      0.27   0.48     0.31

SNOWFALL (IN)
  YESTERDAY        6.1 R         4.6  1976   0.4    5.7      0.0
  MONTH TO DATE    9.7                       3.8    5.9      3.2
  SINCE DEC 1     28.9                      13.3   15.6     12.6
  SINCE JUL 1     30.6                      19.6   11.0     14.0
  SNOW DEPTH       6

DEGREE DAYS
 HEATING
  YESTERDAY       49                        51     -2       71
  MONTH TO DATE  563                       505     58      445
  SINCE DEC 1   1974                      1935     39     1499
  SINCE JUL 1   3183                      3681   -498     2861

 COOLING
  YESTERDAY        0                         0      0        0
  MONTH TO DATE    0                         0      0        0
  SINCE DEC 1      0                         0      0        0
  SINCE JAN 1      0                         0      0        0
..................................................................


WIND (MPH)
  HIGHEST WIND SPEED    28   HIGHEST WIND DIRECTION     W (270)
  HIGHEST GUST SPEED    37   HIGHEST GUST DIRECTION     W (290)
  AVERAGE WIND SPEED    10.6


SKY COVER
  POSSIBLE SUNSHINE  MM
  AVERAGE SKY COVER 0.8


WEATHER CONDITIONS
 THE FOLLOWING WEATHER WAS RECORDED YESTERDAY.
  HEAVY SNOW
  SNOW
  LIGHT SNOW
  FOG
  FOG W/VISIBILITY <= 1/4 MILE
  HAZE


RELATIVE HUMIDITY (PERCENT)
 HIGHEST   100           900 AM
 LOWEST     66           800 PM
 AVERAGE    83

..........................................................


THE EAU CLAIRE WI CLIMATE NORMALS FOR TODAY
                         NORMAL    RECORD    YEAR
 MAXIMUM TEMPERATURE (F)   23        46      1980
 MINIMUM TEMPERATURE (F)    5       -31      1979


SUNRISE AND SUNSET
JANUARY 11 2017.......SUNRISE   742 AM CST   SUNSET   446 PM CST
JANUARY 12 2017.......SUNRISE   741 AM CST   SUNSET   448 PM CST


-  INDICATES NEGATIVE NUMBERS.
R  INDICATES RECORD WAS SET OR TIED.
MM INDICATES DATA IS MISSING.
T  INDICATES TRACE AMOUNT.




$$
