000
CDUS43 KMPX 290744
CLIEAU


CLIMATE REPORT
NATIONAL WEATHER SERVICE CHANHASSEN MN
143 AM CST WED NOV 29 2017


...................................

...THE EAU CLAIRE WI CLIMATE SUMMARY FOR NOVEMBER 28 2017...

CLIMATE NORMAL PERIOD 1981 TO 2010
CLIMATE RECORD PERIOD 1893 TO 2017


WEATHER ITEM   OBSERVED TIME   RECORD YEAR NORMAL DEPARTURE LAST
                VALUE   (LST)  VALUE       VALUE  FROM      YEAR
                                                  NORMAL
..................................................................
TEMPERATURE (F)
 YESTERDAY
  MAXIMUM         55    106 AM  60    1998  34     21       46
  MINIMUM         33   1159 PM  -7    1976  18     15       38
  AVERAGE         44                        26     18       42

PRECIPITATION (IN)
  YESTERDAY        0.00          0.91 1960   0.05  -0.05     0.12
  MONTH TO DATE    0.53                      1.73  -1.20     1.12
  SINCE SEP 1      6.34                      7.75  -1.41    12.04
  SINCE JAN 1     34.46                     29.87   4.59    38.87

SNOWFALL (IN)
  YESTERDAY        0.0           6.6  1988   0.2   -0.2      0.0
  MONTH TO DATE    1.4                       5.3   -3.9      1.7
  SINCE SEP 1      3.3                       5.7   -2.4      1.7
  SINCE JUL 1      3.3                       5.7   -2.4      1.7
  SNOW DEPTH       0

DEGREE DAYS
 HEATING
  YESTERDAY       21                        39    -18       23
  MONTH TO DATE  946                       882     64      636
  SINCE SEP 1   1536                      1627    -91     1143
  SINCE JUL 1   1579                      1666    -87     1153

 COOLING
  YESTERDAY        0                         0      0        0
  MONTH TO DATE    0                         0      0        0
  SINCE SEP 1     94                        52     42       41
  SINCE JAN 1    466                       579   -113      624
..................................................................


WIND (MPH)
  HIGHEST WIND SPEED    28   HIGHEST WIND DIRECTION     W (280)
  HIGHEST GUST SPEED    38   HIGHEST GUST DIRECTION     W (280)
  AVERAGE WIND SPEED    11.2


SKY COVER
  POSSIBLE SUNSHINE  MM
  AVERAGE SKY COVER 0.1


WEATHER CONDITIONS
 THE FOLLOWING WEATHER WAS RECORDED YESTERDAY.
  NO SIGNIFICANT WEATHER WAS OBSERVED.


RELATIVE HUMIDITY (PERCENT)
 HIGHEST    76           400 AM
 LOWEST     16           400 PM
 AVERAGE    46

..........................................................


THE EAU CLAIRE WI CLIMATE NORMALS FOR TODAY
                         NORMAL    RECORD    YEAR
 MAXIMUM TEMPERATURE (F)   34        61      1998
 MINIMUM TEMPERATURE (F)   17       -12      1985


SUNRISE AND SUNSET
NOVEMBER 29 2017......SUNRISE   721 AM CST   SUNSET   427 PM CST
NOVEMBER 30 2017......SUNRISE   723 AM CST   SUNSET   427 PM CST


-  INDICATES NEGATIVE NUMBERS.
R  INDICATES RECORD WAS SET OR TIED.
MM INDICATES DATA IS MISSING.
T  INDICATES TRACE AMOUNT.




$$
