000
CDUS43 KMPX 060717
CLIEAU


CLIMATE REPORT
NATIONAL WEATHER SERVICE CHANHASSEN MN
217 AM CDT FRI OCT 6 2017


...................................

...THE EAU CLAIRE WI CLIMATE SUMMARY FOR OCTOBER 5 2017...

CLIMATE NORMAL PERIOD 1981 TO 2010
CLIMATE RECORD PERIOD 1893 TO 2017


WEATHER ITEM   OBSERVED TIME   RECORD YEAR NORMAL DEPARTURE LAST
                VALUE   (LST)  VALUE       VALUE  FROM      YEAR
                                                  NORMAL
..................................................................
TEMPERATURE (F)
 YESTERDAY
  MAXIMUM         63    121 PM  84    1922  63      0       69
  MINIMUM         41    113 AM  19    1952  40      1       45
  AVERAGE         52                        52      0       57

PRECIPITATION (IN)
  YESTERDAY        T             1.39 1941   0.10  -0.10     0.06
  MONTH TO DATE    0.42                      0.50  -0.08     0.06
  SINCE SEP 1      2.69                      4.18  -1.49     8.26
  SINCE JAN 1     30.81                     26.30   4.51    35.09

SNOWFALL (IN)
  YESTERDAY        0.0           T    1987   0.0    0.0      0.0
                                      1952
  MONTH TO DATE    0.0                       0.0    0.0      0.0
  SINCE SEP 1      0.0                       0.0    0.0      0.0
  SINCE JUL 1      0.0                       0.0    0.0      0.0
  SNOW DEPTH       0

DEGREE DAYS
 HEATING
  YESTERDAY       13                        14     -1        8
  MONTH TO DATE   35                        65    -30       26
  SINCE SEP 1    153                       259   -106      108
  SINCE JUL 1    196                       298   -102      118

 COOLING
  YESTERDAY        0                         0      0        0
  MONTH TO DATE    0                         4     -4        0
  SINCE SEP 1     94                        52     42       39
  SINCE JAN 1    466                       579   -113      622
..................................................................


WIND (MPH)
  HIGHEST WIND SPEED    12   HIGHEST WIND DIRECTION     S (200)
  HIGHEST GUST SPEED    14   HIGHEST GUST DIRECTION    SW (210)
  AVERAGE WIND SPEED     2.7


SKY COVER
  POSSIBLE SUNSHINE  MM
  AVERAGE SKY COVER 0.9


WEATHER CONDITIONS
 THE FOLLOWING WEATHER WAS RECORDED YESTERDAY.
  THUNDERSTORM
  LIGHT RAIN


RELATIVE HUMIDITY (PERCENT)
 HIGHEST    96          1200 AM
 LOWEST     55           100 PM
 AVERAGE    76

..........................................................


THE EAU CLAIRE WI CLIMATE NORMALS FOR TODAY
                         NORMAL    RECORD    YEAR
 MAXIMUM TEMPERATURE (F)   63        87      2007
 MINIMUM TEMPERATURE (F)   40        20      1935


SUNRISE AND SUNSET
OCTOBER  6 2017.......SUNRISE   710 AM CDT   SUNSET   637 PM CDT
OCTOBER  7 2017.......SUNRISE   712 AM CDT   SUNSET   635 PM CDT


-  INDICATES NEGATIVE NUMBERS.
R  INDICATES RECORD WAS SET OR TIED.
MM INDICATES DATA IS MISSING.
T  INDICATES TRACE AMOUNT.




$$
