000
CDUS43 KMPX 090039
CLIEAU


CLIMATE REPORT
NATIONAL WEATHER SERVICE CHANHASSEN MN
638 PM CST WED NOV 8 2017


...................................

...THE EAU CLAIRE WI CLIMATE SUMMARY FOR NOVEMBER 8 2017...
VALID TODAY AS OF 0600 PM LOCAL TIME.

CLIMATE NORMAL PERIOD 1981 TO 2010
CLIMATE RECORD PERIOD 1893 TO 2017


WEATHER ITEM   OBSERVED TIME   RECORD YEAR NORMAL DEPARTURE LAST
                VALUE   (LST)  VALUE       VALUE  FROM      YEAR
                                                  NORMAL
..................................................................
TEMPERATURE (F)
 TODAY
  MAXIMUM         41    311 PM  76    1999  46     -5       59
  MINIMUM         22    100 AM   3    1991  29     -7       33
  AVERAGE         32                        37     -5       46

PRECIPITATION (IN)
  TODAY            0.00          1.39 1916   0.07  -0.07     0.00
  MONTH TO DATE    0.32                      0.51  -0.19     0.00
  SINCE SEP 1      6.13                      6.53  -0.40    10.92
  SINCE JAN 1     34.25                     28.65   5.60    37.75

SNOWFALL (IN)
  TODAY            0.0           5.0  1943   0.1   -0.1      0.0
  MONTH TO DATE    1.1                       0.8    0.3      0.0
  SINCE SEP 1      3.0                       1.2    1.8      0.0
  SINCE JUL 1      3.0                       1.2    1.8      0.0
  SNOW DEPTH       0

DEGREE DAYS
 HEATING
  TODAY           33                        28      5       19
  MONTH TO DATE  262                       208     54      115
  SINCE SEP 1    852                       953   -101      622
  SINCE JUL 1    895                       992    -97      632

 COOLING
  TODAY            0                         0      0        0
  MONTH TO DATE    0                         0      0        0
  SINCE SEP 1     94                        52     42       41
  SINCE JAN 1    466                       579   -113      624
..................................................................


WIND (MPH)
  HIGHEST WIND SPEED    20   HIGHEST WIND DIRECTION    SW (230)
  HIGHEST GUST SPEED    24   HIGHEST GUST DIRECTION    SW (230)
  AVERAGE WIND SPEED     8.3


SKY COVER
  POSSIBLE SUNSHINE  MM
  AVERAGE SKY COVER 0.4


WEATHER CONDITIONS
 THE FOLLOWING WEATHER WAS RECORDED TODAY.
  NO SIGNIFICANT WEATHER WAS OBSERVED.


RELATIVE HUMIDITY (PERCENT)
 HIGHEST    92           600 AM
 LOWEST     51           300 PM
 AVERAGE    72

..........................................................


THE EAU CLAIRE WI CLIMATE NORMALS FOR TOMORROW
                         NORMAL    RECORD    YEAR
 MAXIMUM TEMPERATURE (F)   45        74      1999
 MINIMUM TEMPERATURE (F)   28         6      1921


SUNRISE AND SUNSET
NOVEMBER  8 2017......SUNRISE   654 AM CST   SUNSET   445 PM CST
NOVEMBER  9 2017......SUNRISE   655 AM CST   SUNSET   444 PM CST


-  INDICATES NEGATIVE NUMBERS.
R  INDICATES RECORD WAS SET OR TIED.
MM INDICATES DATA IS MISSING.
T  INDICATES TRACE AMOUNT.




$$
