000
CDUS43 KMPX 142157
CLIEAU


CLIMATE REPORT
NATIONAL WEATHER SERVICE CHANHASSEN MN
457 PM CDT SUN MAY 14 2017


...................................

...THE EAU CLAIRE WI CLIMATE SUMMARY FOR MAY 14 2017...
VALID TODAY AS OF 0400 PM LOCAL TIME.

CLIMATE NORMAL PERIOD 1981 TO 2010
CLIMATE RECORD PERIOD 1893 TO 2017


WEATHER ITEM   OBSERVED TIME   RECORD YEAR NORMAL DEPARTURE LAST
                VALUE   (LST)  VALUE       VALUE  FROM      YEAR
                                                  NORMAL
..................................................................
TEMPERATURE (F)
 TODAY
  MAXIMUM         80    230 PM  95    1932  69     11       48
  MINIMUM         46    435 AM  25    1895  45      1       30
  AVERAGE         63                        57      6       39

PRECIPITATION (IN)
  TODAY            0.00          2.00 1905   0.10  -0.10     0.00
                                      1896
  MONTH TO DATE    0.67                      1.50  -0.83     0.97
  SINCE MAR 1      6.73                      5.98   0.75     8.19
  SINCE JAN 1     10.81                      7.68   3.13     9.35

SNOWFALL (IN)
  TODAY            0.0           0.0    MM   0.0    0.0      0.0
  MONTH TO DATE    T                         0.2   -0.2      0.0
  SINCE MAR 1      5.6                      10.7   -5.1     13.9
  SINCE JUL 1     54.5                      47.0    7.5     38.0
  SNOW DEPTH       0

DEGREE DAYS
 HEATING
  TODAY            2                         9     -7       26
  MONTH TO DATE  160                       146     14      164
  SINCE MAR 1   1731                      1766    -35     1552
  SINCE JUL 1   6841                      7786   -945     6730

 COOLING
  TODAY            0                         1     -1        0
  MONTH TO DATE    1                         8     -7        3
  SINCE MAR 1      1                        12    -11        7
  SINCE JAN 1      1                        12    -11        7
..................................................................


WIND (MPH)
  HIGHEST WIND SPEED    15   HIGHEST WIND DIRECTION    SE (140)
  HIGHEST GUST SPEED    21   HIGHEST GUST DIRECTION     E (100)
  AVERAGE WIND SPEED     7.8


SKY COVER
  POSSIBLE SUNSHINE  MM
  AVERAGE SKY COVER 0.1


WEATHER CONDITIONS
 THE FOLLOWING WEATHER WAS RECORDED TODAY.
  NO SIGNIFICANT WEATHER WAS OBSERVED.


RELATIVE HUMIDITY (PERCENT)
 HIGHEST    66           400 AM
 LOWEST     35           300 PM
 AVERAGE    51

..........................................................


THE EAU CLAIRE WI CLIMATE NORMALS FOR TOMORROW
                         NORMAL    RECORD    YEAR
 MAXIMUM TEMPERATURE (F)   70        93      1998
 MINIMUM TEMPERATURE (F)   45        27      2016


SUNRISE AND SUNSET
MAY 14 2017...........SUNRISE   538 AM CDT   SUNSET   827 PM CDT
MAY 15 2017...........SUNRISE   537 AM CDT   SUNSET   828 PM CDT


-  INDICATES NEGATIVE NUMBERS.
R  INDICATES RECORD WAS SET OR TIED.
MM INDICATES DATA IS MISSING.
T  INDICATES TRACE AMOUNT.




$$
