000
CDUS43 KMPX 102209
CLIEAU


CLIMATE REPORT
NATIONAL WEATHER SERVICE CHANHASSEN MN
509 PM CDT MON APR 10 2017


...................................

...THE EAU CLAIRE WI CLIMATE SUMMARY FOR APRIL 10 2017...
VALID TODAY AS OF 0500 PM LOCAL TIME.

CLIMATE NORMAL PERIOD 1981 TO 2010
CLIMATE RECORD PERIOD 1893 TO 2017


WEATHER ITEM   OBSERVED TIME   RECORD YEAR NORMAL DEPARTURE LAST
                VALUE   (LST)  VALUE       VALUE  FROM      YEAR
                                                  NORMAL
..................................................................
TEMPERATURE (F)
 TODAY
  MAXIMUM         53   1236 AM  85    1977  55     -2       59
  MINIMUM         37    259 PM  13    1952  32      5       34
  AVERAGE         45                        43      2       47

PRECIPITATION (IN)
  TODAY            T             1.01 2008   0.09  -0.09     0.00
  MONTH TO DATE    0.88                      0.81   0.07     0.56
  SINCE MAR 1      2.00                      2.54  -0.54     5.22
  SINCE JAN 1      6.08                      4.24   1.84     6.38

SNOWFALL (IN)
  TODAY           MM             2.7  2013   0.1   MM        0.0
  MONTH TO DATE    0.0                       1.0   -1.0      1.8
  SINCE MAR 1      4.8                       9.6   -4.8     13.9
  SINCE JUL 1     53.7                      45.9    7.8     38.0
  SNOW DEPTH       0

DEGREE DAYS
 HEATING
  TODAY           20                        22     -2       18
  MONTH TO DATE  182                       240    -58      308
  SINCE MAR 1   1232                      1284    -52     1119
  SINCE JUL 1   6342                      7304   -962     6297

 COOLING
  TODAY            0                         0      0        0
  MONTH TO DATE    0                         0      0        0
  SINCE MAR 1      0                         0      0        0
  SINCE JAN 1      0                         0      0        0
..................................................................


WIND (MPH)
  HIGHEST WIND SPEED    21   HIGHEST WIND DIRECTION     N (360)
  HIGHEST GUST SPEED    31   HIGHEST GUST DIRECTION     N (360)
  AVERAGE WIND SPEED    12.0


SKY COVER
  POSSIBLE SUNSHINE  MM
  AVERAGE SKY COVER 0.9


WEATHER CONDITIONS
 THE FOLLOWING WEATHER WAS RECORDED TODAY.
  LIGHT RAIN
  LIGHT SNOW
  FOG


RELATIVE HUMIDITY (PERCENT)
 HIGHEST    89           100 AM
 LOWEST     71           500 AM
 AVERAGE    80

..........................................................


THE EAU CLAIRE WI CLIMATE NORMALS FOR TOMORROW
                         NORMAL    RECORD    YEAR
 MAXIMUM TEMPERATURE (F)   55        81      1977
 MINIMUM TEMPERATURE (F)   32         8      1952


SUNRISE AND SUNSET
APRIL 10 2017.........SUNRISE   630 AM CDT   SUNSET   745 PM CDT
APRIL 11 2017.........SUNRISE   628 AM CDT   SUNSET   747 PM CDT


-  INDICATES NEGATIVE NUMBERS.
R  INDICATES RECORD WAS SET OR TIED.
MM INDICATES DATA IS MISSING.
T  INDICATES TRACE AMOUNT.




$$
