000
CDUS43 KMPX 160658
CLIEAU


CLIMATE REPORT
NATIONAL WEATHER SERVICE CHANHASSEN MN
158 AM CDT THU OCT 16 2014


...................................

...THE EAU CLAIRE WI CLIMATE SUMMARY FOR OCTOBER 15 2014...

CLIMATE NORMAL PERIOD 1981 TO 2010
CLIMATE RECORD PERIOD 1893 TO 2014


WEATHER ITEM   OBSERVED TIME   RECORD YEAR NORMAL DEPARTURE LAST
                VALUE   (LST)  VALUE       VALUE  FROM      YEAR
                                                  NORMAL
..................................................................
TEMPERATURE (F)
 YESTERDAY
  MAXIMUM         67    341 PM  86    1947  59      8       56
  MINIMUM         38   1159 PM  21    1937  37      1       47
  AVERAGE         53                        48      5       52

PRECIPITATION (IN)
  YESTERDAY        0.00          1.58 1897   0.07  -0.07     0.82
  MONTH TO DATE    2.07                      1.30   0.77     3.07
  SINCE SEP 1      7.53                      4.98   2.55     4.84
  SINCE JAN 1     40.20                     27.10  13.10    32.48

SNOWFALL (IN)
  YESTERDAY        0.0           0.5  2009   0.0    0.0      0.0
                                      1909
  MONTH TO DATE    0.6                       0.1    0.5      0.0
  SINCE SEP 1      0.6                       0.1    0.5      0.0
  SINCE JUL 1      0.6                       0.1    0.5      0.0
  SNOW DEPTH       0

DEGREE DAYS
 HEATING
  YESTERDAY       12                        17     -5       13
  MONTH TO DATE  273                       222     51      143
  SINCE SEP 1    460                       416     44      272
  SINCE JUL 1    483                       455     28      310

 COOLING
  YESTERDAY        0                         0      0        0
  MONTH TO DATE    0                         0      0        0
  SINCE SEP 1     22                        48    -26       87
  SINCE JAN 1    500                       575    -75      653
..................................................................


WIND (MPH)
  HIGHEST WIND SPEED    18   HIGHEST WIND DIRECTION     N (10)
  HIGHEST GUST SPEED    24   HIGHEST GUST DIRECTION     N (20)
  AVERAGE WIND SPEED     8.0


SKY COVER
  POSSIBLE SUNSHINE  MM
  AVERAGE SKY COVER 0.0


WEATHER CONDITIONS
 THE FOLLOWING WEATHER WAS RECORDED YESTERDAY.
  HAZE


RELATIVE HUMIDITY (PERCENT)
 HIGHEST    92          1100 PM
 LOWEST     29           300 PM
 AVERAGE    61

..........................................................


THE EAU CLAIRE WI CLIMATE NORMALS FOR TODAY
                         NORMAL    RECORD    YEAR
 MAXIMUM TEMPERATURE (F)   58        85      1947
 MINIMUM TEMPERATURE (F)   37        17      1952


SUNRISE AND SUNSET
OCTOBER 16 2014.......SUNRISE   723 AM CDT   SUNSET   619 PM CDT
OCTOBER 17 2014.......SUNRISE   724 AM CDT   SUNSET   618 PM CDT


-  INDICATES NEGATIVE NUMBERS.
R  INDICATES RECORD WAS SET OR TIED.
MM INDICATES DATA IS MISSING.
T  INDICATES TRACE AMOUNT.




$$
