000
CDUS43 KMPX 172138
CLIEAU


CLIMATE REPORT
NATIONAL WEATHER SERVICE CHANHASSEN MN
436 PM CDT SUN APR 17 2016


...................................

...THE EAU CLAIRE WI CLIMATE SUMMARY FOR APRIL 17 2016...
VALID AS OF 0400 PM LOCAL TIME.

CLIMATE NORMAL PERIOD 1981 TO 2010
CLIMATE RECORD PERIOD 1893 TO 2016


WEATHER ITEM   OBSERVED TIME   RECORD YEAR NORMAL DEPARTURE LAST
                VALUE   (LST)  VALUE       VALUE  FROM      YEAR
                                                  NORMAL
..................................................................
TEMPERATURE (F)
 TODAY
  MAXIMUM         80    219 PM  82    1987  59     21       76
  MINIMUM         61    630 AM  15    1983  35     26       43
  AVERAGE         71                        47     24       60

PRECIPITATION (IN)
  TODAY            0.00          1.25 1910   0.09  -0.09     0.00
  MONTH TO DATE    0.57                      1.43  -0.86     1.88
  SINCE MAR 1      5.23                      3.16   2.07     2.59
  SINCE JAN 1      6.39                      4.86   1.53     3.18

SNOWFALL (IN)
  TODAY            0.0           2.0  1910   0.0    0.0      0.0
  MONTH TO DATE    1.8                       1.4    0.4      1.4
  SINCE MAR 1     13.9                      10.0    3.9      7.3
  SINCE JUL 1     38.0                      46.3   -8.3     38.1
  SNOW DEPTH       0

DEGREE DAYS
 HEATING
  TODAY            0                        18    -18        5
  MONTH TO DATE  397                       378     19      288
  SINCE MAR 1   1208                      1422   -214     1278
  SINCE JUL 1   6386                      7442  -1056     7631

 COOLING
  TODAY            6                         0      6        0
  MONTH TO DATE    6                         0      6        0
  SINCE MAR 1      6                         0      6        0
  SINCE JAN 1      6                         0      6        0
..................................................................


WIND (MPH)
  HIGHEST WIND SPEED    20   HIGHEST WIND DIRECTION     S (160)
  HIGHEST GUST SPEED    23   HIGHEST GUST DIRECTION     S (160)
  AVERAGE WIND SPEED     8.9


SKY COVER
  POSSIBLE SUNSHINE  MM
  AVERAGE SKY COVER 0.7


WEATHER CONDITIONS
 THE FOLLOWING WEATHER WAS RECORDED TODAY.
  NO SIGNIFICANT WEATHER WAS OBSERVED.


RELATIVE HUMIDITY (PERCENT)
 HIGHEST    49           600 AM
 LOWEST     32           300 PM
 AVERAGE    41

..........................................................


THE EAU CLAIRE WI CLIMATE NORMALS FOR TOMORROW
                         NORMAL    RECORD    YEAR
 MAXIMUM TEMPERATURE (F)   59        88      1987
 MINIMUM TEMPERATURE (F)   35        19      1983
                                             1953
                                             1907


SUNRISE AND SUNSET
APRIL 17 2016.........SUNRISE   617 AM CDT   SUNSET   754 PM CDT
APRIL 18 2016.........SUNRISE   615 AM CDT   SUNSET   756 PM CDT


-  INDICATES NEGATIVE NUMBERS.
R  INDICATES RECORD WAS SET OR TIED.
MM INDICATES DATA IS MISSING.
T  INDICATES TRACE AMOUNT.




$$
