000
CDUS43 KMPX 030634
CLIEAU


CLIMATE REPORT
NATIONAL WEATHER SERVICE CHANHASSEN MN
1230 AM CST TUE JAN 3 2017


...................................

...THE EAU CLAIRE WI CLIMATE SUMMARY FOR JANUARY 2 2017...

CLIMATE NORMAL PERIOD 1981 TO 2010
CLIMATE RECORD PERIOD 1893 TO 2017


WEATHER ITEM   OBSERVED TIME   RECORD YEAR NORMAL DEPARTURE LAST
                VALUE   (LST)  VALUE       VALUE  FROM      YEAR
                                                  NORMAL
..................................................................
TEMPERATURE (F)
 YESTERDAY
  MAXIMUM         33    124 PM  54    1897  23     10       29
  MINIMUM         26    306 AM -28    1979   6     20       11
  AVERAGE         30                        15     15       20

PRECIPITATION (IN)
  YESTERDAY        0.15          0.51 1966   0.03   0.12     0.00
  MONTH TO DATE    0.15                      0.06   0.09      T
  SINCE DEC 1      2.19                      1.06   1.13     3.84
  SINCE JAN 1      0.15                      0.06   0.09      T

SNOWFALL (IN)
  YESTERDAY        2.0           7.2  1966   0.3    1.7      0.0
  MONTH TO DATE    2.0                       0.7    1.3      0.1
  SINCE DEC 1     21.2                      10.2   11.0      9.5
  SINCE JUL 1     22.9                      16.5    6.4     10.9
  SNOW DEPTH       3

DEGREE DAYS
 HEATING
  YESTERDAY       35                        50    -15       45
  MONTH TO DATE   75                       100    -25       89
  SINCE DEC 1   1486                      1530    -44     1143
  SINCE JUL 1   2695                      3276   -581     2505

 COOLING
  YESTERDAY        0                         0      0        0
  MONTH TO DATE    0                         0      0        0
  SINCE DEC 1      0                         0      0        0
  SINCE JAN 1      0                         0      0        0
..................................................................


WIND (MPH)
  HIGHEST WIND SPEED    16   HIGHEST WIND DIRECTION     E (80)
  HIGHEST GUST SPEED    20   HIGHEST GUST DIRECTION     E (110)
  AVERAGE WIND SPEED     9.1


SKY COVER
  POSSIBLE SUNSHINE  MM
  AVERAGE SKY COVER 1.0


WEATHER CONDITIONS
 THE FOLLOWING WEATHER WAS RECORDED YESTERDAY.
  LT FREEZING RAIN
  HEAVY SNOW
  SNOW
  LIGHT SNOW
  FOG
  FOG W/VISIBILITY <= 1/4 MILE


RELATIVE HUMIDITY (PERCENT)
 HIGHEST   100           600 PM
 LOWEST     69           600 AM
 AVERAGE    85

..........................................................


THE EAU CLAIRE WI CLIMATE NORMALS FOR TODAY
                         NORMAL    RECORD    YEAR
 MAXIMUM TEMPERATURE (F)   23        44      1998
                                             2007
 MINIMUM TEMPERATURE (F)    6       -28      1911


SUNRISE AND SUNSET
JANUARY  3 2017.......SUNRISE   744 AM CST   SUNSET   438 PM CST
JANUARY  4 2017.......SUNRISE   744 AM CST   SUNSET   439 PM CST


-  INDICATES NEGATIVE NUMBERS.
R  INDICATES RECORD WAS SET OR TIED.
MM INDICATES DATA IS MISSING.
T  INDICATES TRACE AMOUNT.




$$
