000
CDUS43 KMPX 030726
CLIEAU


CLIMATE REPORT
NATIONAL WEATHER SERVICE CHANHASSEN MN
225 AM CDT FRI NOV 3 2017


...................................

...THE EAU CLAIRE WI CLIMATE SUMMARY FOR NOVEMBER 2 2017...

CLIMATE NORMAL PERIOD 1981 TO 2010
CLIMATE RECORD PERIOD 1893 TO 2017


WEATHER ITEM   OBSERVED TIME   RECORD YEAR NORMAL DEPARTURE LAST
                VALUE   (LST)  VALUE       VALUE  FROM      YEAR
                                                  NORMAL
..................................................................
TEMPERATURE (F)
 YESTERDAY
  MAXIMUM         42    132 PM  75    1933  50     -8       62
  MINIMUM         35    153 AM  -1    1951  31      4       41
  AVERAGE         39                        40     -1       52

PRECIPITATION (IN)
  YESTERDAY        0.00          1.13 1972   0.06  -0.06     0.00
  MONTH TO DATE    0.16                      0.12   0.04     0.00
  SINCE SEP 1      5.97                      6.14  -0.17    10.92
  SINCE JAN 1     34.09                     28.26   5.83    37.75

SNOWFALL (IN)
  YESTERDAY        0.0           1.5  1910   0.1   -0.1      0.0
  MONTH TO DATE    1.1                       0.2    0.9      0.0
  SINCE SEP 1      3.0                       0.6    2.4      0.0
  SINCE JUL 1      3.0                       0.6    2.4      0.0
  SNOW DEPTH       T

DEGREE DAYS
 HEATING
  YESTERDAY       26                        25      1       13
  MONTH TO DATE   62                        49     13       25
  SINCE SEP 1    652                       794   -142      532
  SINCE JUL 1    695                       833   -138      542

 COOLING
  YESTERDAY        0                         0      0        0
  MONTH TO DATE    0                         0      0        0
  SINCE SEP 1     94                        52     42       41
  SINCE JAN 1    466                       579   -113      624
..................................................................


WIND (MPH)
  HIGHEST WIND SPEED    16   HIGHEST WIND DIRECTION    NW (320)
  HIGHEST GUST SPEED    20   HIGHEST GUST DIRECTION    NW (310)
  AVERAGE WIND SPEED     5.7


SKY COVER
  POSSIBLE SUNSHINE  MM
  AVERAGE SKY COVER 1.0


WEATHER CONDITIONS
 THE FOLLOWING WEATHER WAS RECORDED YESTERDAY.
  FOG
  HAZE


RELATIVE HUMIDITY (PERCENT)
 HIGHEST   100          1200 AM
 LOWEST     64          1100 PM
 AVERAGE    82

..........................................................


THE EAU CLAIRE WI CLIMATE NORMALS FOR TODAY
                         NORMAL    RECORD    YEAR
 MAXIMUM TEMPERATURE (F)   49        74      2008
 MINIMUM TEMPERATURE (F)   31         4      1951


SUNRISE AND SUNSET
NOVEMBER  3 2017......SUNRISE   747 AM CDT   SUNSET   551 PM CDT
NOVEMBER  4 2017......SUNRISE   749 AM CDT   SUNSET   550 PM CDT


-  INDICATES NEGATIVE NUMBERS.
R  INDICATES RECORD WAS SET OR TIED.
MM INDICATES DATA IS MISSING.
T  INDICATES TRACE AMOUNT.




$$
