000
CDUS43 KMPX 252237
CLIEAU


CLIMATE REPORT
NATIONAL WEATHER SERVICE CHANHASSEN MN
437 PM CST FRI NOV 25 2016


...................................

...THE EAU CLAIRE WI CLIMATE SUMMARY FOR NOVEMBER 25 2016...
VALID AS OF 0400 PM LOCAL TIME.

CLIMATE NORMAL PERIOD 1981 TO 2010
CLIMATE RECORD PERIOD 1893 TO 2016


WEATHER ITEM   OBSERVED TIME   RECORD YEAR NORMAL DEPARTURE LAST
                VALUE   (LST)  VALUE       VALUE  FROM      YEAR
                                                  NORMAL
..................................................................
TEMPERATURE (F)
 TODAY
  MAXIMUM         38    257 PM  55    1914  36      2       50
                                      1998
  MINIMUM         33    655 AM -11    1893  20     13       34
  AVERAGE         36                        28      8       42

PRECIPITATION (IN)
  TODAY            0.02          0.55 1906   0.06  -0.04     0.00
  MONTH TO DATE    0.55                      1.57  -1.02     2.27
  SINCE SEP 1     11.47                      7.59   3.88    10.49
  SINCE JAN 1     38.30                     29.71   8.59    38.05

SNOWFALL (IN)
  TODAY            T             5.1  1993   0.3   -0.3      0.0
  MONTH TO DATE    1.7                       4.5   -2.8       T
  SINCE SEP 1      1.7                       4.9   -3.2      0.9
  SINCE JUL 1      1.7                       4.9   -3.2      0.9
  SNOW DEPTH       0

DEGREE DAYS
 HEATING
  TODAY           29                        37     -8       23
  MONTH TO DATE  552                       766   -214      555
  SINCE SEP 1   1059                      1511   -452     1122
  SINCE JUL 1   1069                      1550   -481     1177

 COOLING
  TODAY            0                         0      0        0
  MONTH TO DATE    0                         0      0        0
  SINCE SEP 1     41                        52    -11      118
  SINCE JAN 1    624                       579     45      520
..................................................................


WIND (MPH)
  HIGHEST WIND SPEED    13   HIGHEST WIND DIRECTION     W (280)
  HIGHEST GUST SPEED    15   HIGHEST GUST DIRECTION     W (270)
  AVERAGE WIND SPEED     6.6


SKY COVER
  POSSIBLE SUNSHINE  MM
  AVERAGE SKY COVER 0.9


WEATHER CONDITIONS
 THE FOLLOWING WEATHER WAS RECORDED TODAY.
  LIGHT SNOW
  FOG


RELATIVE HUMIDITY (PERCENT)
 HIGHEST   100           500 AM
 LOWEST     70           400 PM
 AVERAGE    85

..........................................................


THE EAU CLAIRE WI CLIMATE NORMALS FOR TOMORROW
                         NORMAL    RECORD    YEAR
 MAXIMUM TEMPERATURE (F)   35        61      1914
 MINIMUM TEMPERATURE (F)   19       -11      1977


SUNRISE AND SUNSET
NOVEMBER 25 2016......SUNRISE   717 AM CST   SUNSET   429 PM CST
NOVEMBER 26 2016......SUNRISE   718 AM CST   SUNSET   428 PM CST


-  INDICATES NEGATIVE NUMBERS.
R  INDICATES RECORD WAS SET OR TIED.
MM INDICATES DATA IS MISSING.
T  INDICATES TRACE AMOUNT.




$$
