000
CDUS43 KMPX 230623
CLIEAU


CLIMATE REPORT
NATIONAL WEATHER SERVICE CHANHASSEN MN
123 AM CDT SUN AUG 23 2015


...................................

...THE EAU CLAIRE WI CLIMATE SUMMARY FOR AUGUST 22 2015...

CLIMATE NORMAL PERIOD 1981 TO 2010
CLIMATE RECORD PERIOD 1893 TO 2015


WEATHER ITEM   OBSERVED TIME   RECORD YEAR NORMAL DEPARTURE LAST
                VALUE   (LST)  VALUE       VALUE  FROM      YEAR
                                                  NORMAL
..................................................................
TEMPERATURE (F)
 YESTERDAY
  MAXIMUM         81    126 PM  97    1947  80      1       86
                                      1948
  MINIMUM         62    443 AM  41    1952  58      4       69
                                      1958
  AVERAGE         72                        69      3       78

PRECIPITATION (IN)
  YESTERDAY        0.10          1.42 1973   0.15  -0.05     0.00
  MONTH TO DATE    6.96                      3.29   3.67     3.88
  SINCE JUN 1     17.88                     11.30   6.58    16.16
  SINCE JAN 1     27.33                     20.94   6.39    30.26

SNOWFALL (IN)
  YESTERDAY        0.0           0.0    MM   0.0    0.0      0.0
  MONTH TO DATE    0.0                       0.0    0.0      0.0
  SINCE JUN 1      0.0                       0.0    0.0      0.0
  SINCE JUL 1      0.0                       0.0    0.0      0.0
  SNOW DEPTH       0

DEGREE DAYS
 HEATING
  YESTERDAY        0                         1     -1        0
  MONTH TO DATE    9                        17     -8        3
  SINCE JUN 1     53                        90    -37       46
  SINCE JUL 1     25                        28     -3       21

 COOLING
  YESTERDAY        7                         5      2       13
  MONTH TO DATE  116                       124     -8      126
  SINCE JUN 1    378                       458    -80      398
  SINCE JAN 1    396                       490    -94      433
..................................................................


WIND (MPH)
  HIGHEST WIND SPEED    28   HIGHEST WIND DIRECTION     S (180)
  HIGHEST GUST SPEED    36   HIGHEST GUST DIRECTION     S (180)
  AVERAGE WIND SPEED    14.4


SKY COVER
  POSSIBLE SUNSHINE  MM
  AVERAGE SKY COVER 0.4


WEATHER CONDITIONS
 THE FOLLOWING WEATHER WAS RECORDED YESTERDAY.
  THUNDERSTORM
  LIGHT RAIN
  FOG


RELATIVE HUMIDITY (PERCENT)
 HIGHEST    84           300 AM
 LOWEST     54           100 PM
 AVERAGE    69

..........................................................


THE EAU CLAIRE WI CLIMATE NORMALS FOR TODAY
                         NORMAL    RECORD    YEAR
 MAXIMUM TEMPERATURE (F)   79       102      1948
 MINIMUM TEMPERATURE (F)   58        41      1920


SUNRISE AND SUNSET
AUGUST 23 2015........SUNRISE   617 AM CDT   SUNSET   759 PM CDT
AUGUST 24 2015........SUNRISE   618 AM CDT   SUNSET   757 PM CDT


-  INDICATES NEGATIVE NUMBERS.
R  INDICATES RECORD WAS SET OR TIED.
MM INDICATES DATA IS MISSING.
T  INDICATES TRACE AMOUNT.




$$
