000
CDUS43 KMPX 111006
CLIEAU


CLIMATE REPORT
NATIONAL WEATHER SERVICE CHANHASSEN MN
406 AM CST THU JAN 11 2018


...................................

...THE EAU CLAIRE WI CLIMATE SUMMARY FOR JANUARY 10 2018...

CLIMATE NORMAL PERIOD 1981 TO 2010
CLIMATE RECORD PERIOD 1893 TO 2018


WEATHER ITEM   OBSERVED TIME   RECORD YEAR NORMAL DEPARTURE LAST
                VALUE   (LST)  VALUE       VALUE  FROM      YEAR
                                                  NORMAL
..................................................................
TEMPERATURE (F)
 YESTERDAY
  MAXIMUM         36    202 AM  53    2012  23     13       28
  MINIMUM         33    954 AM -29    1982   5     28        4
  AVERAGE         35                        14     21       16

PRECIPITATION (IN)
  YESTERDAY        T             0.47 2017   0.02  -0.02     0.47
  MONTH TO DATE    0.02                      0.27  -0.25     0.75
  SINCE DEC 1      0.93                      1.27  -0.34     2.85
  SINCE JAN 1      0.02                      0.27  -0.25     0.75

SNOWFALL (IN)
  YESTERDAY        0.0           6.1  2017   0.4   -0.4      6.1
  MONTH TO DATE    0.4                       3.8   -3.4      9.7
  SINCE DEC 1      7.7                      13.3   -5.6     28.9
  SINCE JUL 1     11.0                      19.6   -8.6     30.6
  SNOW DEPTH       3

DEGREE DAYS
 HEATING
  YESTERDAY       30                        51    -21       49
  MONTH TO DATE  570                       505     65      563
  SINCE DEC 1   2078                      1935    143     1974
  SINCE JUL 1   3719                      3681     38     3183

 COOLING
  YESTERDAY        0                         0      0        0
  MONTH TO DATE    0                         0      0        0
  SINCE DEC 1      0                         0      0        0
  SINCE JAN 1      0                         0      0        0
..................................................................


WIND (MPH)
  HIGHEST WIND SPEED    18   HIGHEST WIND DIRECTION    SE (150)
  HIGHEST GUST SPEED    26   HIGHEST GUST DIRECTION     S (180)
  AVERAGE WIND SPEED     9.9


SKY COVER
  POSSIBLE SUNSHINE  MM
  AVERAGE SKY COVER 0.8


WEATHER CONDITIONS
 THE FOLLOWING WEATHER WAS RECORDED YESTERDAY.
  LIGHT RAIN
  LIGHT SNOW
  FOG
  HAZE


RELATIVE HUMIDITY (PERCENT)
 HIGHEST   100           600 PM
 LOWEST     75           400 AM
 AVERAGE    88

..........................................................


THE EAU CLAIRE WI CLIMATE NORMALS FOR TODAY
                         NORMAL    RECORD    YEAR
 MAXIMUM TEMPERATURE (F)   23        46      1980
 MINIMUM TEMPERATURE (F)    5       -31      1979


SUNRISE AND SUNSET
JANUARY 11 2018.......SUNRISE   742 AM CST   SUNSET   446 PM CST
JANUARY 12 2018.......SUNRISE   742 AM CST   SUNSET   447 PM CST


-  INDICATES NEGATIVE NUMBERS.
R  INDICATES RECORD WAS SET OR TIED.
MM INDICATES DATA IS MISSING.
T  INDICATES TRACE AMOUNT.




$$
