000
CDUS43 KMPX 130712
CLIEAU


CLIMATE REPORT
NATIONAL WEATHER SERVICE CHANHASSEN MN
211 AM CDT WED SEP 13 2017


...................................

...THE EAU CLAIRE WI CLIMATE SUMMARY FOR SEPTEMBER 12 2017...

CLIMATE NORMAL PERIOD 1981 TO 2010
CLIMATE RECORD PERIOD 1893 TO 2017


WEATHER ITEM   OBSERVED TIME   RECORD YEAR NORMAL DEPARTURE LAST
                VALUE   (LST)  VALUE       VALUE  FROM      YEAR
                                                  NORMAL
..................................................................
TEMPERATURE (F)
 YESTERDAY
  MAXIMUM         82    350 PM  99    1895  73      9       81
  MINIMUM         54    408 AM  28    1955  51      3       53
  AVERAGE         68                        62      6       67

PRECIPITATION (IN)
  YESTERDAY        0.00          3.74 1903   0.13  -0.13      T
  MONTH TO DATE    0.25                      1.52  -1.27     1.75
  SINCE SEP 1      0.25                      1.52  -1.27     1.75
  SINCE JAN 1     28.37                     23.64   4.73    28.58

SNOWFALL (IN)
  YESTERDAY        0.0           0.0    MM   0.0    0.0      0.0
  MONTH TO DATE    0.0                       0.0    0.0      0.0
  SINCE SEP 1      0.0                       0.0    0.0      0.0
  SINCE JUL 1      0.0                       0.0    0.0      0.0
  SNOW DEPTH       0

DEGREE DAYS
 HEATING
  YESTERDAY        0                         5     -5        0
  MONTH TO DATE   57                        42     15       14
  SINCE SEP 1     57                        42     15       14
  SINCE JUL 1    100                        81     19       24

 COOLING
  YESTERDAY        3                         2      1        2
  MONTH TO DATE    6                        31    -25       31
  SINCE SEP 1      6                        31    -25       31
  SINCE JAN 1    378                       558   -180      614
..................................................................


WIND (MPH)
  HIGHEST WIND SPEED     8   HIGHEST WIND DIRECTION    SW (230)
  HIGHEST GUST SPEED    10   HIGHEST GUST DIRECTION    SW (210)
  AVERAGE WIND SPEED     1.2


SKY COVER
  POSSIBLE SUNSHINE  MM
  AVERAGE SKY COVER 0.4


WEATHER CONDITIONS
 THE FOLLOWING WEATHER WAS RECORDED YESTERDAY.
  FOG
  FOG W/VISIBILITY <= 1/4 MILE


RELATIVE HUMIDITY (PERCENT)
 HIGHEST   100          1200 AM
 LOWEST     45           400 PM
 AVERAGE    73

..........................................................


THE EAU CLAIRE WI CLIMATE NORMALS FOR TODAY
                         NORMAL    RECORD    YEAR
 MAXIMUM TEMPERATURE (F)   73        95      1939
 MINIMUM TEMPERATURE (F)   50        29      1963


SUNRISE AND SUNSET
SEPTEMBER 13 2017.....SUNRISE   643 AM CDT   SUNSET   720 PM CDT
SEPTEMBER 14 2017.....SUNRISE   644 AM CDT   SUNSET   718 PM CDT


-  INDICATES NEGATIVE NUMBERS.
R  INDICATES RECORD WAS SET OR TIED.
MM INDICATES DATA IS MISSING.
T  INDICATES TRACE AMOUNT.




$$
