565
CDUS43 KMPX 220634
CLIEAU


CLIMATE REPORT
NATIONAL WEATHER SERVICE CHANHASSEN MN
133 AM CDT WED MAR 22 2017


...................................

...THE EAU CLAIRE WI CLIMATE SUMMARY FOR MARCH 21 2017...

CLIMATE NORMAL PERIOD 1981 TO 2010
CLIMATE RECORD PERIOD 1893 TO 2017


WEATHER ITEM   OBSERVED TIME   RECORD YEAR NORMAL DEPARTURE LAST
                VALUE   (LST)  VALUE       VALUE  FROM      YEAR
                                                  NORMAL
..................................................................
TEMPERATURE (F)
 YESTERDAY
  MAXIMUM         38    227 PM  77    1911  43     -5       49
  MINIMUM         20   1144 PM  -6    1965  24     -4       22
  AVERAGE         29                        34     -5       36

PRECIPITATION (IN)
  YESTERDAY        0.00          1.07 1992   0.07  -0.07     0.00
  MONTH TO DATE    0.88                      1.03  -0.15     2.15
  SINCE MAR 1      0.88                      1.03  -0.15     2.15
  SINCE JAN 1      4.96                      2.73   2.23     3.31

SNOWFALL (IN)
  YESTERDAY        0.0          10.7  1992   0.3   -0.3      0.0
  MONTH TO DATE    4.8                       6.4   -1.6      1.6
  SINCE MAR 1      4.8                       6.4   -1.6      1.6
  SINCE JUL 1     53.7                      42.7   11.0     25.7
  SNOW DEPTH       0

DEGREE DAYS
 HEATING
  YESTERDAY       36                        31      5       29
  MONTH TO DATE  793                       754     39      557
  SINCE MAR 1    793                       754     39      557
  SINCE JUL 1   5903                      6774   -871     5735

 COOLING
  YESTERDAY        0                         0      0        0
  MONTH TO DATE    0                         0      0        0
  SINCE MAR 1      0                         0      0        0
  SINCE JAN 1      0                         0      0        0
..................................................................


WIND (MPH)
  HIGHEST WIND SPEED    18   HIGHEST WIND DIRECTION    NW (320)
  HIGHEST GUST SPEED    26   HIGHEST GUST DIRECTION     N (10)
  AVERAGE WIND SPEED     9.4


SKY COVER
  POSSIBLE SUNSHINE  MM
  AVERAGE SKY COVER 0.0


WEATHER CONDITIONS
 THE FOLLOWING WEATHER WAS RECORDED YESTERDAY.
  NO SIGNIFICANT WEATHER WAS OBSERVED.


RELATIVE HUMIDITY (PERCENT)
 HIGHEST    61           500 AM
 LOWEST     29           300 PM
 AVERAGE    45

..........................................................


THE EAU CLAIRE WI CLIMATE NORMALS FOR TODAY
                         NORMAL    RECORD    YEAR
 MAXIMUM TEMPERATURE (F)   44        69      2012
                                             1945
 MINIMUM TEMPERATURE (F)   24        -4      1989


SUNRISE AND SUNSET
MARCH 22 2017.........SUNRISE   705 AM CDT   SUNSET   721 PM CDT
MARCH 23 2017.........SUNRISE   703 AM CDT   SUNSET   723 PM CDT


-  INDICATES NEGATIVE NUMBERS.
R  INDICATES RECORD WAS SET OR TIED.
MM INDICATES DATA IS MISSING.
T  INDICATES TRACE AMOUNT.




$$
