000
CDUS43 KMPX 180911
CLIEAU


CLIMATE REPORT
NATIONAL WEATHER SERVICE CHANHASSEN MN
309 AM CST SUN JAN 18 2015


...................................

...THE EAU CLAIRE WI CLIMATE SUMMARY FOR JANUARY 17 2015...

CLIMATE NORMAL PERIOD 1981 TO 2010
CLIMATE RECORD PERIOD 1893 TO 2015


WEATHER ITEM   OBSERVED TIME   RECORD YEAR NORMAL DEPARTURE LAST
                VALUE   (LST)  VALUE       VALUE  FROM      YEAR
                                                  NORMAL
..................................................................
TEMPERATURE (F)
 YESTERDAY
  MAXIMUM         38    206 PM  44    1947  23     15       15
  MINIMUM         23    857 AM -32    1982   5     18       -3
  AVERAGE         31                        14     17        6

PRECIPITATION (IN)
  YESTERDAY        0.00          0.71 1935   0.03  -0.03     0.01
  MONTH TO DATE    0.22                      0.48  -0.26     0.96
  SINCE DEC 1      0.90                      1.48  -0.58     2.49
  SINCE JAN 1      0.22                      0.48  -0.26     0.96

SNOWFALL (IN)
  YESTERDAY        0.0           7.3  1969   0.5   -0.5      0.4
  MONTH TO DATE    4.4                       7.0   -2.6     11.0
  SINCE DEC 1     10.7                      16.5   -5.8     30.0
  SINCE JUL 1     24.9                      22.8    2.1     32.2
  SNOW DEPTH       4

DEGREE DAYS
 HEATING
  YESTERDAY       34                        51    -17       59
  MONTH TO DATE  970                       862    108      980
  SINCE DEC 1   2250                      2292    -42     2645
  SINCE JUL 1   4222                      4038    184     4390

 COOLING
  YESTERDAY        0                         0      0        0
  MONTH TO DATE    0                         0      0        0
  SINCE DEC 1      0                         0      0        0
  SINCE JAN 1      0                         0      0        0
..................................................................


WIND (MPH)
  HIGHEST WIND SPEED    23   HIGHEST WIND DIRECTION    NW (300)
  HIGHEST GUST SPEED    31   HIGHEST GUST DIRECTION    NW (310)
  AVERAGE WIND SPEED     9.1


SKY COVER
  POSSIBLE SUNSHINE  MM
  AVERAGE SKY COVER 0.8


WEATHER CONDITIONS
 THE FOLLOWING WEATHER WAS RECORDED YESTERDAY.
  FOG
  HAZE


RELATIVE HUMIDITY (PERCENT)
 HIGHEST    88           500 AM
 LOWEST     69          1000 PM
 AVERAGE    79

..........................................................


THE EAU CLAIRE WI CLIMATE NORMALS FOR TODAY
                         NORMAL    RECORD    YEAR
 MAXIMUM TEMPERATURE (F)   23        45      1996
 MINIMUM TEMPERATURE (F)    5       -36      1967


SUNRISE AND SUNSET
JANUARY 18 2015.......SUNRISE   738 AM CST   SUNSET   455 PM CST
JANUARY 19 2015.......SUNRISE   738 AM CST   SUNSET   456 PM CST


-  INDICATES NEGATIVE NUMBERS.
R  INDICATES RECORD WAS SET OR TIED.
MM INDICATES DATA IS MISSING.
T  INDICATES TRACE AMOUNT.




$$
