000
CDUS43 KMPX 120023
CLIEAU


CLIMATE REPORT
NATIONAL WEATHER SERVICE CHANHASSEN MN
722 PM CDT TUE JUL 11 2017


...................................

...THE EAU CLAIRE WI CLIMATE SUMMARY FOR JULY 11 2017...
VALID TODAY AS OF 0700 PM LOCAL TIME.

CLIMATE NORMAL PERIOD 1981 TO 2010
CLIMATE RECORD PERIOD 1893 TO 2017


WEATHER ITEM   OBSERVED TIME   RECORD YEAR NORMAL DEPARTURE LAST
                VALUE   (LST)  VALUE       VALUE  FROM      YEAR
                                                  NORMAL
..................................................................
TEMPERATURE (F)
 TODAY
  MAXIMUM         86   1056 AM 109    1936  83      3       89
  MINIMUM         59    446 AM  46    1895  60     -1       70
  AVERAGE         73                        72      1       80

PRECIPITATION (IN)
  TODAY            0.00          0.98 1993   0.12  -0.12     0.02
  MONTH TO DATE    0.14                      1.39  -1.25     2.02
  SINCE JUN 1      5.45                      5.52  -0.07     8.31
  SINCE JAN 1     19.95                     15.16   4.79    20.50

SNOWFALL (IN)
  TODAY            0.0           0.0    MM   0.0    0.0      0.0
  MONTH TO DATE    0.0                       0.0    0.0      0.0
  SINCE JUN 1      0.0                       0.0    0.0      0.0
  SINCE JUL 1      0.0                       0.0    0.0      0.0
  SNOW DEPTH       0

DEGREE DAYS
 HEATING
  TODAY            0                         0      0        0
  MONTH TO DATE    0                         0      0        4
  SINCE JUN 1     37                        62    -25       36
  SINCE JUL 1      0                         0      0        4

 COOLING
  TODAY            8                         7      1       15
  MONTH TO DATE   71                        76     -5       53
  SINCE JUN 1    178                       196    -18      179
  SINCE JAN 1    186                       228    -42      219
..................................................................


WIND (MPH)
  HIGHEST WIND SPEED    13   HIGHEST WIND DIRECTION    SW (220)
  HIGHEST GUST SPEED    15   HIGHEST GUST DIRECTION    SW (210)
  AVERAGE WIND SPEED     3.6


SKY COVER
  POSSIBLE SUNSHINE  MM
  AVERAGE SKY COVER 0.1


WEATHER CONDITIONS
 THE FOLLOWING WEATHER WAS RECORDED TODAY.
  FOG


RELATIVE HUMIDITY (PERCENT)
 HIGHEST   100           200 AM
 LOWEST     37          1100 AM
 AVERAGE    69

..........................................................


THE EAU CLAIRE WI CLIMATE NORMALS FOR TOMORROW
                         NORMAL    RECORD    YEAR
 MAXIMUM TEMPERATURE (F)   83       110      1936
 MINIMUM TEMPERATURE (F)   61        43      1941


SUNRISE AND SUNSET
JULY 11 2017..........SUNRISE   531 AM CDT   SUNSET   852 PM CDT
JULY 12 2017..........SUNRISE   532 AM CDT   SUNSET   851 PM CDT


-  INDICATES NEGATIVE NUMBERS.
R  INDICATES RECORD WAS SET OR TIED.
MM INDICATES DATA IS MISSING.
T  INDICATES TRACE AMOUNT.




$$
