000
CDUS43 KMPX 190721
CLIEAU


CLIMATE REPORT
NATIONAL WEATHER SERVICE CHANHASSEN MN
221 AM CDT SUN MAR 19 2017


...................................

...THE EAU CLAIRE WI CLIMATE SUMMARY FOR MARCH 18 2017...

CLIMATE NORMAL PERIOD 1981 TO 2010
CLIMATE RECORD PERIOD 1893 TO 2017


WEATHER ITEM   OBSERVED TIME   RECORD YEAR NORMAL DEPARTURE LAST
                VALUE   (LST)  VALUE       VALUE  FROM      YEAR
                                                  NORMAL
..................................................................
TEMPERATURE (F)
 YESTERDAY
  MAXIMUM         36    411 PM  80    2012  42     -6       38
  MINIMUM         21   1149 PM  -9    1993  22     -1       30
  AVERAGE         29                        32     -3       34

PRECIPITATION (IN)
  YESTERDAY        0.00          1.25 1986   0.06  -0.06     0.01
  MONTH TO DATE    0.88                      0.84   0.04     2.15
  SINCE MAR 1      0.88                      0.84   0.04     2.15
  SINCE JAN 1      4.96                      2.54   2.42     3.31

SNOWFALL (IN)
  YESTERDAY        0.0          10.6  1951   0.3   -0.3       T
  MONTH TO DATE    4.8                       5.6   -0.8      1.6
  SINCE MAR 1      4.8                       5.6   -0.8      1.6
  SINCE JUL 1     53.7                      41.9   11.8     25.7
  SNOW DEPTH       T

DEGREE DAYS
 HEATING
  YESTERDAY       36                        33      3       31
  MONTH TO DATE  704                       659     45      467
  SINCE MAR 1    704                       659     45      467
  SINCE JUL 1   5814                      6679   -865     5645

 COOLING
  YESTERDAY        0                         0      0        0
  MONTH TO DATE    0                         0      0        0
  SINCE MAR 1      0                         0      0        0
  SINCE JAN 1      0                         0      0        0
..................................................................


WIND (MPH)
  HIGHEST WIND SPEED    21   HIGHEST WIND DIRECTION    NW (310)
  HIGHEST GUST SPEED    27   HIGHEST GUST DIRECTION    NW (300)
  AVERAGE WIND SPEED     8.2


SKY COVER
  POSSIBLE SUNSHINE  MM
  AVERAGE SKY COVER 0.7


WEATHER CONDITIONS
 THE FOLLOWING WEATHER WAS RECORDED YESTERDAY.
  NO SIGNIFICANT WEATHER WAS OBSERVED.


RELATIVE HUMIDITY (PERCENT)
 HIGHEST    92          1000 PM
 LOWEST     69           100 PM
 AVERAGE    81

..........................................................


THE EAU CLAIRE WI CLIMATE NORMALS FOR TODAY
                         NORMAL    RECORD    YEAR
 MAXIMUM TEMPERATURE (F)   42        76      2012
 MINIMUM TEMPERATURE (F)   23       -15      1923


SUNRISE AND SUNSET
MARCH 19 2017.........SUNRISE   710 AM CDT   SUNSET   718 PM CDT
MARCH 20 2017.........SUNRISE   709 AM CDT   SUNSET   719 PM CDT


-  INDICATES NEGATIVE NUMBERS.
R  INDICATES RECORD WAS SET OR TIED.
MM INDICATES DATA IS MISSING.
T  INDICATES TRACE AMOUNT.




$$
