000
CDUS43 KMPX 130033
CLIEAU


CLIMATE REPORT
NATIONAL WEATHER SERVICE CHANHASSEN MN
733 PM CDT SUN OCT 12 2014


...................................

...THE EAU CLAIRE WI CLIMATE SUMMARY FOR OCTOBER 12 2014...
VALID TODAY AS OF 0700 PM LOCAL TIME.

CLIMATE NORMAL PERIOD 1981 TO 2010
CLIMATE RECORD PERIOD 1893 TO 2014


WEATHER ITEM   OBSERVED TIME   RECORD YEAR NORMAL DEPARTURE LAST
                VALUE   (LST)  VALUE       VALUE  FROM      YEAR
                                                  NORMAL
..................................................................
TEMPERATURE (F)
 TODAY
  MAXIMUM         60    107 PM  86    1995  60      0       69
  MINIMUM         34    329 AM  20    1988  38     -4       43
  AVERAGE         47                        49     -2       56

PRECIPITATION (IN)
  TODAY            T             1.10 1898   0.08  -0.08     0.00
  MONTH TO DATE    1.12                      1.08   0.04     2.22
  SINCE SEP 1      6.58                      4.76   1.82     3.99
  SINCE JAN 1     39.25                     26.88  12.37    31.63

SNOWFALL (IN)
  TODAY            0.0           1.7  1909   0.0    0.0      0.0
  MONTH TO DATE    0.6                       0.0    0.6      0.0
  SINCE SEP 1      0.6                       0.0    0.6      0.0
  SINCE JUL 1      0.6                       0.0    0.6      0.0
  SNOW DEPTH       0

DEGREE DAYS
 HEATING
  TODAY           18                        16      2        9
  MONTH TO DATE  237                       171     66       94
  SINCE SEP 1    424                       365     59      223
  SINCE JUL 1    447                       404     43      261

 COOLING
  TODAY            0                         0      0        0
  MONTH TO DATE    0                         0      0        0
  SINCE SEP 1     22                        48    -26       87
  SINCE JAN 1    500                       575    -75      653
..................................................................


WIND (MPH)
  HIGHEST WIND SPEED    21   HIGHEST WIND DIRECTION     S (170)
  HIGHEST GUST SPEED    25   HIGHEST GUST DIRECTION     S (170)
  AVERAGE WIND SPEED    10.6


SKY COVER
  POSSIBLE SUNSHINE  MM
  AVERAGE SKY COVER 0.2


WEATHER CONDITIONS
 THE FOLLOWING WEATHER WAS RECORDED TODAY.
  NO SIGNIFICANT WEATHER WAS OBSERVED.


RELATIVE HUMIDITY (PERCENT)
 HIGHEST    85           300 AM
 LOWEST     37           100 PM
 AVERAGE    61

..........................................................


THE EAU CLAIRE WI CLIMATE NORMALS FOR TOMORROW
                         NORMAL    RECORD    YEAR
 MAXIMUM TEMPERATURE (F)   59        84      1956
 MINIMUM TEMPERATURE (F)   38        17      1917


SUNRISE AND SUNSET
OCTOBER 12 2014.......SUNRISE   718 AM CDT   SUNSET   626 PM CDT
OCTOBER 13 2014.......SUNRISE   719 AM CDT   SUNSET   625 PM CDT


-  INDICATES NEGATIVE NUMBERS.
R  INDICATES RECORD WAS SET OR TIED.
MM INDICATES DATA IS MISSING.
T  INDICATES TRACE AMOUNT.




$$
