000
CDUS43 KMPX 030641
CLIEAU


CLIMATE REPORT
NATIONAL WEATHER SERVICE CHANHASSEN MN
1240 AM CST WED JAN 3 2018


...................................

...THE EAU CLAIRE WI CLIMATE SUMMARY FOR JANUARY 2 2018...

CLIMATE NORMAL PERIOD 1981 TO 2010
CLIMATE RECORD PERIOD 1893 TO 2018


WEATHER ITEM   OBSERVED TIME   RECORD YEAR NORMAL DEPARTURE LAST
                VALUE   (LST)  VALUE       VALUE  FROM      YEAR
                                                  NORMAL
..................................................................
TEMPERATURE (F)
 YESTERDAY
  MAXIMUM         14    359 PM  54    1897  23     -9       33
  MINIMUM        -10    741 AM -28    1979   6    -16       26
  AVERAGE          2                        15    -13       30

PRECIPITATION (IN)
  YESTERDAY        0.02          0.51 1966   0.03  -0.01     0.15
  MONTH TO DATE    0.02                      0.06  -0.04     0.15
  SINCE DEC 1      0.93                      1.06  -0.13     2.25
  SINCE JAN 1      0.02                      0.06  -0.04     0.15

SNOWFALL (IN)
  YESTERDAY        0.4           7.2  1966   0.3    0.1      2.0
  MONTH TO DATE    0.4                       0.7   -0.3      2.0
  SINCE DEC 1      7.7                      10.2   -2.5     21.2
  SINCE JUL 1     11.0                      16.5   -5.5     22.9
  SNOW DEPTH       4

DEGREE DAYS
 HEATING
  YESTERDAY       63                        50     13       35
  MONTH TO DATE  138                       100     38       75
  SINCE DEC 1   1646                      1530    116     1486
  SINCE JUL 1   3287                      3276     11     2695

 COOLING
  YESTERDAY        0                         0      0        0
  MONTH TO DATE    0                         0      0        0
  SINCE DEC 1      0                         0      0        0
  SINCE JAN 1      0                         0      0        0
..................................................................


WIND (MPH)
  HIGHEST WIND SPEED    24   HIGHEST WIND DIRECTION    SW (220)
  HIGHEST GUST SPEED    33   HIGHEST GUST DIRECTION    SW (230)
  AVERAGE WIND SPEED    11.1


SKY COVER
  POSSIBLE SUNSHINE  MM
  AVERAGE SKY COVER 0.3


WEATHER CONDITIONS
 THE FOLLOWING WEATHER WAS RECORDED YESTERDAY.
  LIGHT SNOW
  FOG
  HAZE


RELATIVE HUMIDITY (PERCENT)
 HIGHEST    84          1100 PM
 LOWEST     58           300 PM
 AVERAGE    71

..........................................................


THE EAU CLAIRE WI CLIMATE NORMALS FOR TODAY
                         NORMAL    RECORD    YEAR
 MAXIMUM TEMPERATURE (F)   23        44      2007
                                             1998
 MINIMUM TEMPERATURE (F)    6       -28      1911


SUNRISE AND SUNSET
JANUARY  3 2018.......SUNRISE   744 AM CST   SUNSET   438 PM CST
JANUARY  4 2018.......SUNRISE   744 AM CST   SUNSET   439 PM CST


-  INDICATES NEGATIVE NUMBERS.
R  INDICATES RECORD WAS SET OR TIED.
MM INDICATES DATA IS MISSING.
T  INDICATES TRACE AMOUNT.




$$
