000
CDUS43 KMPX 130734
CLIEAU


CLIMATE REPORT
NATIONAL WEATHER SERVICE CHANHASSEN MN
233 AM CDT WED AUG 13 2014


...................................

...THE EAU CLAIRE WI CLIMATE SUMMARY FOR AUGUST 12 2014...

CLIMATE NORMAL PERIOD 1981 TO 2010
CLIMATE RECORD PERIOD 1893 TO 2014


WEATHER ITEM   OBSERVED TIME   RECORD YEAR NORMAL DEPARTURE LAST
                VALUE   (LST)  VALUE       VALUE  FROM      YEAR
                                                  NORMAL
..................................................................
TEMPERATURE (F)
 YESTERDAY
  MAXIMUM         77    449 PM  99    1947  81     -4       81
  MINIMUM         55    356 AM  43    1982  59     -4       53
  AVERAGE         66                        70     -4       67

PRECIPITATION (IN)
  YESTERDAY        0.00          2.38 1985   0.16  -0.16     0.02
  MONTH TO DATE    3.01                      1.80   1.21     0.39
  SINCE JUN 1     15.29                      9.81   5.48     6.89
  SINCE JAN 1     29.39                     19.45   9.94    26.94

SNOWFALL (IN)
  YESTERDAY        0.0           0.0    MM   0.0    0.0      0.0
  MONTH TO DATE    0.0                       0.0    0.0      0.0
  SINCE JUN 1      0.0                       0.0    0.0      0.0
  SINCE JUL 1      0.0                       0.0    0.0      0.0
  SNOW DEPTH       0

DEGREE DAYS
 HEATING
  YESTERDAY        0                         1     -1        0
  MONTH TO DATE    0                         7     -7        7
  SINCE JUN 1     43                        80    -37       96
  SINCE JUL 1     18                        18      0       33

 COOLING
  YESTERDAY        1                         6     -5        2
  MONTH TO DATE   65                        72     -7       19
  SINCE JUN 1    337                       406    -69      351
  SINCE JAN 1    372                       438    -66      383
..................................................................


WIND (MPH)
  HIGHEST WIND SPEED    18   HIGHEST WIND DIRECTION     N (340)
  HIGHEST GUST SPEED    26   HIGHEST GUST DIRECTION     N (340)
  AVERAGE WIND SPEED     7.9


SKY COVER
  POSSIBLE SUNSHINE  MM
  AVERAGE SKY COVER 0.2


WEATHER CONDITIONS
 THE FOLLOWING WEATHER WAS RECORDED YESTERDAY.
  NO SIGNIFICANT WEATHER WAS OBSERVED.


RELATIVE HUMIDITY (PERCENT)
 HIGHEST   100           200 AM
 LOWEST     38           100 PM
 AVERAGE    69

..........................................................


THE EAU CLAIRE WI CLIMATE NORMALS FOR TODAY
                         NORMAL    RECORD    YEAR
 MAXIMUM TEMPERATURE (F)   81       101      1944
 MINIMUM TEMPERATURE (F)   59        42      2004


SUNRISE AND SUNSET
AUGUST 13 2014........SUNRISE   606 AM CDT   SUNSET   815 PM CDT
AUGUST 14 2014........SUNRISE   607 AM CDT   SUNSET   814 PM CDT


-  INDICATES NEGATIVE NUMBERS.
R  INDICATES RECORD WAS SET OR TIED.
MM INDICATES DATA IS MISSING.
T  INDICATES TRACE AMOUNT.




$$
