993
CDUS43 KMPX 210820
CLIEAU


CLIMATE REPORT
NATIONAL WEATHER SERVICE CHANHASSEN MN
320 AM CDT WED SEP 21 2016


...................................

...THE EAU CLAIRE WI CLIMATE SUMMARY FOR SEPTEMBER 20 2016...

CLIMATE NORMAL PERIOD 1981 TO 2010
CLIMATE RECORD PERIOD 1893 TO 2016


WEATHER ITEM   OBSERVED TIME   RECORD YEAR NORMAL DEPARTURE LAST
                VALUE   (LST)  VALUE       VALUE  FROM      YEAR
                                                  NORMAL
..................................................................
TEMPERATURE (F)
 YESTERDAY
  MAXIMUM         80    355 PM  96    1895  70     10       71
  MINIMUM         47    535 AM  27    1973  47      0       42
  AVERAGE         64                        58      6       57

PRECIPITATION (IN)
  YESTERDAY        0.28          1.13 1980   0.13   0.15     0.00
  MONTH TO DATE    2.52                      2.50   0.02     4.50
  SINCE SEP 1      2.52                      2.50   0.02     4.50
  SINCE JAN 1     29.35                     24.62   4.73    32.06

SNOWFALL (IN)
  YESTERDAY       MM             T    1951   0.0   MM        0.0
  MONTH TO DATE    0.0                       0.0    0.0      0.0
  SINCE SEP 1      0.0                       0.0    0.0      0.0
  SINCE JUL 1      0.0                       0.0    0.0      0.0
  SNOW DEPTH       0

DEGREE DAYS
 HEATING
  YESTERDAY        1                         8     -7        8
  MONTH TO DATE   34                        94    -60       60
  SINCE SEP 1     34                        94    -60       60
  SINCE JUL 1     44                       133    -89      115

 COOLING
  YESTERDAY        0                         1     -1        0
  MONTH TO DATE   35                        41     -6      104
  SINCE SEP 1     35                        41     -6      104
  SINCE JAN 1    618                       568     50      506
..................................................................


WIND (MPH)
  HIGHEST WIND SPEED    14   HIGHEST WIND DIRECTION    SE (120)
  HIGHEST GUST SPEED    18   HIGHEST GUST DIRECTION    SE (140)
  AVERAGE WIND SPEED     4.2


SKY COVER
  POSSIBLE SUNSHINE  MM
  AVERAGE SKY COVER 0.5


WEATHER CONDITIONS
 THE FOLLOWING WEATHER WAS RECORDED YESTERDAY.
  HEAVY RAIN
  FOG
  FOG W/VISIBILITY <= 1/4 MILE


RELATIVE HUMIDITY (PERCENT)
 HIGHEST   100          1200 AM
 LOWEST     39           400 PM
 AVERAGE    70

..........................................................


THE EAU CLAIRE WI CLIMATE NORMALS FOR TODAY
                         NORMAL    RECORD    YEAR
 MAXIMUM TEMPERATURE (F)   69        89      1908
                                             1941
 MINIMUM TEMPERATURE (F)   46        29      1999


SUNRISE AND SUNSET
SEPTEMBER 21 2016.....SUNRISE   652 AM CDT   SUNSET   704 PM CDT
SEPTEMBER 22 2016.....SUNRISE   654 AM CDT   SUNSET   702 PM CDT


-  INDICATES NEGATIVE NUMBERS.
R  INDICATES RECORD WAS SET OR TIED.
MM INDICATES DATA IS MISSING.
T  INDICATES TRACE AMOUNT.




$$
