000
CDUS43 KMPX 090803
CLIEAU


CLIMATE REPORT
NATIONAL WEATHER SERVICE CHANHASSEN MN
303 AM CDT MON MAY 9 2016


...................................

...THE EAU CLAIRE WI CLIMATE SUMMARY FOR MAY 8 2016...

CLIMATE NORMAL PERIOD 1981 TO 2010
CLIMATE RECORD PERIOD 1893 TO 2016


WEATHER ITEM   OBSERVED TIME   RECORD YEAR NORMAL DEPARTURE LAST
                VALUE   (LST)  VALUE       VALUE  FROM      YEAR
                                                  NORMAL
..................................................................
TEMPERATURE (F)
 YESTERDAY
  MAXIMUM         72    350 PM  88    1936  68      4       63
  MINIMUM         40    529 AM  28    1983  43     -3       47
                                      1966
                                      1954
  AVERAGE         56                        55      1       55

PRECIPITATION (IN)
  YESTERDAY        0.00          1.49 1938   0.10  -0.10     0.03
  MONTH TO DATE    0.26                      0.86  -0.60     1.43
  SINCE MAR 1      7.48                      5.34   2.14     4.90
  SINCE JAN 1      8.64                      7.04   1.60     5.49

SNOWFALL (IN)
  YESTERDAY        0.0           0.5  1907   0.0    0.0      0.0
  MONTH TO DATE    0.0                       0.1   -0.1      0.0
  SINCE MAR 1     13.9                      10.6    3.3      7.3
  SINCE JUL 1     38.0                      46.9   -8.9     38.1
  SNOW DEPTH       0

DEGREE DAYS
 HEATING
  YESTERDAY        9                        10     -1       10
  MONTH TO DATE   79                        90    -11       39
  SINCE MAR 1   1467                      1710   -243     1550
  SINCE JUL 1   6645                      7730  -1085     7903

 COOLING
  YESTERDAY        0                         1     -1        0
  MONTH TO DATE    3                         2      1        9
  SINCE MAR 1      7                         6      1        9
  SINCE JAN 1      7                         6      1        9
..................................................................


WIND (MPH)
  HIGHEST WIND SPEED    15   HIGHEST WIND DIRECTION     N (20)
  HIGHEST GUST SPEED    22   HIGHEST GUST DIRECTION     N (360)
  AVERAGE WIND SPEED     3.2


SKY COVER
  POSSIBLE SUNSHINE  MM
  AVERAGE SKY COVER 0.0


WEATHER CONDITIONS
 THE FOLLOWING WEATHER WAS RECORDED YESTERDAY.
  NO SIGNIFICANT WEATHER WAS OBSERVED.


RELATIVE HUMIDITY (PERCENT)
 HIGHEST    76           200 AM
 LOWEST     20           100 PM
 AVERAGE    48

..........................................................


THE EAU CLAIRE WI CLIMATE NORMALS FOR TODAY
                         NORMAL    RECORD    YEAR
 MAXIMUM TEMPERATURE (F)   68        91      1934
 MINIMUM TEMPERATURE (F)   43        20      1966


SUNRISE AND SUNSET
MAY  9 2016...........SUNRISE   544 AM CDT   SUNSET   822 PM CDT
MAY 10 2016...........SUNRISE   543 AM CDT   SUNSET   823 PM CDT


-  INDICATES NEGATIVE NUMBERS.
R  INDICATES RECORD WAS SET OR TIED.
MM INDICATES DATA IS MISSING.
T  INDICATES TRACE AMOUNT.




$$
