000
CDUS43 KMPX 020106
CLIEAU


CLIMATE REPORT
NATIONAL WEATHER SERVICE CHANHASSEN MN
706 PM CST MON JAN 1 2018


...................................

...THE EAU CLAIRE WI CLIMATE SUMMARY FOR JANUARY 1 2018...
VALID TODAY AS OF 0700 PM LOCAL TIME.

CLIMATE NORMAL PERIOD 1981 TO 2010
CLIMATE RECORD PERIOD 1893 TO 2017


WEATHER ITEM   OBSERVED TIME   RECORD YEAR NORMAL DEPARTURE LAST
                VALUE   (LST)  VALUE       VALUE  FROM      YEAR
                                                  NORMAL
..................................................................
TEMPERATURE (F)
 TODAY
  MAXIMUM         -3    421 PM  47    1897  24    -27       29
  MINIMUM        -17    828 AM -25    1974   7    -24       20
  AVERAGE        -10                        15    -25       25

PRECIPITATION (IN)
  TODAY            0.00          0.40 1897   0.03  -0.03     0.00
  MONTH TO DATE    0.00                      0.03  -0.03     0.00
  SINCE DEC 1      0.91                      1.03  -0.12     2.10
  SINCE JAN 1      0.00                      0.03  -0.03     0.00

SNOWFALL (IN)
  TODAY            0.0           4.0  1932   0.4   -0.4      0.0
  MONTH TO DATE    0.0                       0.4   -0.4      0.0
  SINCE DEC 1      7.3                       9.9   -2.6     19.2
  SINCE JUL 1     10.6                      16.2   -5.6     20.9
  SNOW DEPTH       3

DEGREE DAYS
 HEATING
  TODAY           75                        50     25       40
  MONTH TO DATE   75                        50     25       40
  SINCE DEC 1   1583                      1480    103     1451
  SINCE JUL 1   3224                      3226     -2     2660

 COOLING
  TODAY            0                         0      0        0
  MONTH TO DATE    0                         0      0        0
  SINCE DEC 1      0                         0      0        0
  SINCE JAN 1      0                         0      0        0
..................................................................


WIND (MPH)
  HIGHEST WIND SPEED    13   HIGHEST WIND DIRECTION     W (260)
  HIGHEST GUST SPEED    16   HIGHEST GUST DIRECTION     W (260)
  AVERAGE WIND SPEED     6.7


SKY COVER
  POSSIBLE SUNSHINE  MM
  AVERAGE SKY COVER 0.0


WEATHER CONDITIONS
 THE FOLLOWING WEATHER WAS RECORDED TODAY.
  NO SIGNIFICANT WEATHER WAS OBSERVED.


RELATIVE HUMIDITY (PERCENT)
 HIGHEST    81           200 AM
 LOWEST     56           300 PM
 AVERAGE    69

..........................................................


THE EAU CLAIRE WI CLIMATE NORMALS FOR TOMORROW
                         NORMAL    RECORD    YEAR
 MAXIMUM TEMPERATURE (F)   23        54      1897
 MINIMUM TEMPERATURE (F)    6       -28      1979


SUNRISE AND SUNSET
JANUARY  1 2018.......SUNRISE   744 AM CST   SUNSET   436 PM CST
JANUARY  2 2018.......SUNRISE   744 AM CST   SUNSET   437 PM CST


-  INDICATES NEGATIVE NUMBERS.
R  INDICATES RECORD WAS SET OR TIED.
MM INDICATES DATA IS MISSING.
T  INDICATES TRACE AMOUNT.




$$
