000
CDUS43 KMPX 220135
CLIEAU


CLIMATE REPORT
NATIONAL WEATHER SERVICE CHANHASSEN MN
734 PM CST MON NOV 21 2016


...................................

...THE EAU CLAIRE WI CLIMATE SUMMARY FOR NOVEMBER 21 2016...
VALID TODAY AS OF 0700 PM LOCAL TIME.

CLIMATE NORMAL PERIOD 1981 TO 2010
CLIMATE RECORD PERIOD 1893 TO 2016


WEATHER ITEM   OBSERVED TIME   RECORD YEAR NORMAL DEPARTURE LAST
                VALUE   (LST)  VALUE       VALUE  FROM      YEAR
                                                  NORMAL
..................................................................
TEMPERATURE (F)
 TODAY
  MAXIMUM         38    320 PM  68    1990  38      0       26
  MINIMUM         16    620 AM  -4    2014  22     -6       10
  AVERAGE         27                        30     -3       18

PRECIPITATION (IN)
  TODAY            0.00          0.81 1898   0.06  -0.06      T
  MONTH TO DATE    0.05                      1.33  -1.28     2.27
  SINCE SEP 1     10.97                      7.35   3.62    10.49
  SINCE JAN 1     37.80                     29.47   8.33    38.05

SNOWFALL (IN)
  TODAY            0.0           3.8  1945   0.2   -0.2       T
  MONTH TO DATE    T                         3.4   -3.4       T
  SINCE SEP 1      T                         3.8   -3.8      0.9
  SINCE JUL 1      T                         3.8   -3.8      0.9
  SNOW DEPTH       0

DEGREE DAYS
 HEATING
  TODAY           38                        35      3       47
  MONTH TO DATE  428                       620   -192      427
  SINCE SEP 1    935                      1365   -430      994
  SINCE JUL 1    945                      1404   -459     1049

 COOLING
  TODAY            0                         0      0        0
  MONTH TO DATE    0                         0      0        0
  SINCE SEP 1     41                        52    -11      118
  SINCE JAN 1    624                       579     45      520
..................................................................


WIND (MPH)
  HIGHEST WIND SPEED    12   HIGHEST WIND DIRECTION    SE (120)
  HIGHEST GUST SPEED    13   HIGHEST GUST DIRECTION    SE (130)
  AVERAGE WIND SPEED     4.0


SKY COVER
  POSSIBLE SUNSHINE  MM
  AVERAGE SKY COVER 0.2


WEATHER CONDITIONS
 THE FOLLOWING WEATHER WAS RECORDED TODAY.
  NO SIGNIFICANT WEATHER WAS OBSERVED.


RELATIVE HUMIDITY (PERCENT)
 HIGHEST   100           500 AM
 LOWEST     44           200 PM
 AVERAGE    72

..........................................................


THE EAU CLAIRE WI CLIMATE NORMALS FOR TOMORROW
                         NORMAL    RECORD    YEAR
 MAXIMUM TEMPERATURE (F)   37        62      2012
 MINIMUM TEMPERATURE (F)   21        -6      1921


SUNRISE AND SUNSET
NOVEMBER 21 2016......SUNRISE   712 AM CST   SUNSET   432 PM CST
NOVEMBER 22 2016......SUNRISE   713 AM CST   SUNSET   431 PM CST


-  INDICATES NEGATIVE NUMBERS.
R  INDICATES RECORD WAS SET OR TIED.
MM INDICATES DATA IS MISSING.
T  INDICATES TRACE AMOUNT.




$$
