000
CDUS43 KMPX 180627
CLIEAU


CLIMATE REPORT
NATIONAL WEATHER SERVICE CHANHASSEN MN
1227 AM CST TUE NOV 18 2014


...................................

...THE EAU CLAIRE WI CLIMATE SUMMARY FOR NOVEMBER 17 2014...

CLIMATE NORMAL PERIOD 1981 TO 2010
CLIMATE RECORD PERIOD 1893 TO 2014


WEATHER ITEM   OBSERVED TIME   RECORD YEAR NORMAL DEPARTURE LAST
                VALUE   (LST)  VALUE       VALUE  FROM      YEAR
                                                  NORMAL
..................................................................
TEMPERATURE (F)
 YESTERDAY
  MAXIMUM         14    855 PM  69    1953  40    -26       45
                                      1931
  MINIMUM          5    758 AM  -3    1959  24    -19       32
  AVERAGE         10                        32    -22       39

PRECIPITATION (IN)
  YESTERDAY        T             1.52 1987   0.06  -0.06     0.07
  MONTH TO DATE    1.14                      1.09   0.05     0.94
  SINCE SEP 1      9.03                      7.11   1.92     6.35
  SINCE JAN 1     41.70                     29.23  12.47    33.99

SNOWFALL (IN)
  YESTERDAY        T             8.7  1978   0.2   -0.2      0.0
  MONTH TO DATE    7.0                       2.4    4.6      0.1
  SINCE SEP 1      7.6                       2.8    4.8      0.1
  SINCE JUL 1      7.6                       2.8    4.8      0.1
  SNOW DEPTH       5

DEGREE DAYS
 HEATING
  YESTERDAY       55                        33     22       26
  MONTH TO DATE  624                       483    141      490
  SINCE SEP 1   1377                      1228    149     1170
  SINCE JUL 1   1400                      1267    133     1208

 COOLING
  YESTERDAY        0                         0      0        0
  MONTH TO DATE    0                         0      0        0
  SINCE SEP 1     22                        52    -30       87
  SINCE JAN 1    500                       579    -79      653
..................................................................


WIND (MPH)
  HIGHEST WIND SPEED    20   HIGHEST WIND DIRECTION     W (280)
  HIGHEST GUST SPEED    26   HIGHEST GUST DIRECTION     W (280)
  AVERAGE WIND SPEED    12.0


SKY COVER
  POSSIBLE SUNSHINE  MM
  AVERAGE SKY COVER 0.9


WEATHER CONDITIONS
 THE FOLLOWING WEATHER WAS RECORDED YESTERDAY.
  LIGHT SNOW
  HAZE


RELATIVE HUMIDITY (PERCENT)
 HIGHEST    84          1200 AM
 LOWEST     61           100 PM
 AVERAGE    73

..........................................................


THE EAU CLAIRE WI CLIMATE NORMALS FOR TODAY
                         NORMAL    RECORD    YEAR
 MAXIMUM TEMPERATURE (F)   40        69      1941
 MINIMUM TEMPERATURE (F)   23         0      1989


SUNRISE AND SUNSET
NOVEMBER 18 2014......SUNRISE   707 AM CST   SUNSET   435 PM CST
NOVEMBER 19 2014......SUNRISE   709 AM CST   SUNSET   434 PM CST


-  INDICATES NEGATIVE NUMBERS.
R  INDICATES RECORD WAS SET OR TIED.
MM INDICATES DATA IS MISSING.
T  INDICATES TRACE AMOUNT.




$$
