000
CDUS43 KMPX 070726
CLIEAU


CLIMATE REPORT
NATIONAL WEATHER SERVICE CHANHASSEN MN
226 AM CDT SAT OCT 7 2017


...................................

...THE EAU CLAIRE WI CLIMATE SUMMARY FOR OCTOBER 6 2017...

CLIMATE NORMAL PERIOD 1981 TO 2010
CLIMATE RECORD PERIOD 1893 TO 2017


WEATHER ITEM   OBSERVED TIME   RECORD YEAR NORMAL DEPARTURE LAST
                VALUE   (LST)  VALUE       VALUE  FROM      YEAR
                                                  NORMAL
..................................................................
TEMPERATURE (F)
 YESTERDAY
  MAXIMUM         60    108 PM  87    2007  63     -3       69
  MINIMUM         51    627 AM  20    1935  40     11       39
  AVERAGE         56                        51      5       54

PRECIPITATION (IN)
  YESTERDAY        1.06          3.27 1911   0.09   0.97     0.43
  MONTH TO DATE    1.48                      0.59   0.89     0.49
  SINCE SEP 1      3.75                      4.27  -0.52     8.69
  SINCE JAN 1     31.87                     26.39   5.48    35.52

SNOWFALL (IN)
  YESTERDAY        0.0           T    2012   0.0    0.0      0.0
                                      1952
  MONTH TO DATE    0.0                       0.0    0.0      0.0
  SINCE SEP 1      0.0                       0.0    0.0      0.0
  SINCE JUL 1      0.0                       0.0    0.0      0.0
  SNOW DEPTH       0

DEGREE DAYS
 HEATING
  YESTERDAY        9                        14     -5       11
  MONTH TO DATE   44                        79    -35       37
  SINCE SEP 1    162                       273   -111      119
  SINCE JUL 1    205                       312   -107      129

 COOLING
  YESTERDAY        0                         0      0        0
  MONTH TO DATE    0                         4     -4        0
  SINCE SEP 1     94                        52     42       39
  SINCE JAN 1    466                       579   -113      622
..................................................................


WIND (MPH)
  HIGHEST WIND SPEED    16   HIGHEST WIND DIRECTION    NE (60)
  HIGHEST GUST SPEED    20   HIGHEST GUST DIRECTION     E (80)
  AVERAGE WIND SPEED     6.5


SKY COVER
  POSSIBLE SUNSHINE  MM
  AVERAGE SKY COVER 1.0


WEATHER CONDITIONS
 THE FOLLOWING WEATHER WAS RECORDED YESTERDAY.
  THUNDERSTORM
  HEAVY RAIN
  RAIN
  LIGHT RAIN
  FOG


RELATIVE HUMIDITY (PERCENT)
 HIGHEST   100           600 AM
 LOWEST     75          1200 PM
 AVERAGE    88

..........................................................


THE EAU CLAIRE WI CLIMATE NORMALS FOR TODAY
                         NORMAL    RECORD    YEAR
 MAXIMUM TEMPERATURE (F)   62        85      2007
                                             1916
 MINIMUM TEMPERATURE (F)   40        20      1896


SUNRISE AND SUNSET
OCTOBER  7 2017.......SUNRISE   712 AM CDT   SUNSET   635 PM CDT
OCTOBER  8 2017.......SUNRISE   713 AM CDT   SUNSET   633 PM CDT


-  INDICATES NEGATIVE NUMBERS.
R  INDICATES RECORD WAS SET OR TIED.
MM INDICATES DATA IS MISSING.
T  INDICATES TRACE AMOUNT.




$$
