000
CDUS43 KMPX 072124
CLIEAU


CLIMATE REPORT
NATIONAL WEATHER SERVICE CHANHASSEN MN
423 PM CDT MON AUG 7 2017


...................................

...THE EAU CLAIRE WI CLIMATE SUMMARY FOR AUGUST 7 2017...
VALID TODAY AS OF 0400 PM LOCAL TIME.

CLIMATE NORMAL PERIOD 1981 TO 2010
CLIMATE RECORD PERIOD 1893 TO 2017


WEATHER ITEM   OBSERVED TIME   RECORD YEAR NORMAL DEPARTURE LAST
                VALUE   (LST)  VALUE       VALUE  FROM      YEAR
                                                  NORMAL
..................................................................
TEMPERATURE (F)
 TODAY
  MAXIMUM         79    252 PM  99    1949  82     -3       84
  MINIMUM         48    515 AM  45    1972  60    -12       55
  AVERAGE         64                        71     -7       70

PRECIPITATION (IN)
  TODAY            0.00          3.37 1980   0.15  -0.15     0.00
  MONTH TO DATE    0.81                      1.05  -0.24     0.34
  SINCE JUN 1     10.31                      9.06   1.25    10.14
  SINCE JAN 1     24.81                     18.70   6.11    22.33

SNOWFALL (IN)
  TODAY            0.0           0.0    MM   0.0    0.0      0.0
  MONTH TO DATE    0.0                       0.0    0.0      0.0
  SINCE JUN 1      0.0                       0.0    0.0      0.0
  SINCE JUL 1      0.0                       0.0    0.0      0.0
  SNOW DEPTH       0

DEGREE DAYS
 HEATING
  TODAY            1                         1      0        0
  MONTH TO DATE   11                         2      9        0
  SINCE JUN 1     50                        75    -25       36
  SINCE JUL 1     13                        13      0        4

 COOLING
  TODAY            0                         6     -6        5
  MONTH TO DATE   16                        42    -26       57
  SINCE JUN 1    320                       376    -56      404
  SINCE JAN 1    328                       408    -80      444
..................................................................


WIND (MPH)
  HIGHEST WIND SPEED     9   HIGHEST WIND DIRECTION     N (350)
  HIGHEST GUST SPEED    13   HIGHEST GUST DIRECTION    NE (30)
  AVERAGE WIND SPEED     1.4


SKY COVER
  POSSIBLE SUNSHINE  MM
  AVERAGE SKY COVER 0.5


WEATHER CONDITIONS
 THE FOLLOWING WEATHER WAS RECORDED TODAY.
  FOG
  FOG W/VISIBILITY <= 1/4 MILE


RELATIVE HUMIDITY (PERCENT)
 HIGHEST   100          1200 AM
 LOWEST     33           200 PM
 AVERAGE    67

..........................................................


THE EAU CLAIRE WI CLIMATE NORMALS FOR TOMORROW
                         NORMAL    RECORD    YEAR
 MAXIMUM TEMPERATURE (F)   82        98      1896
 MINIMUM TEMPERATURE (F)   59        40      1904


SUNRISE AND SUNSET
AUGUST  7 2017........SUNRISE   559 AM CDT   SUNSET   824 PM CDT
AUGUST  8 2017........SUNRISE   600 AM CDT   SUNSET   822 PM CDT


-  INDICATES NEGATIVE NUMBERS.
R  INDICATES RECORD WAS SET OR TIED.
MM INDICATES DATA IS MISSING.
T  INDICATES TRACE AMOUNT.




$$
