000
CDUS43 KMPX 210624
CLIEAU


CLIMATE REPORT
NATIONAL WEATHER SERVICE CHANHASSEN MN
124 AM CDT TUE JUL 21 2015


...................................

...THE EAU CLAIRE WI CLIMATE SUMMARY FOR JULY 20 2015...

CLIMATE NORMAL PERIOD 1981 TO 2010
CLIMATE RECORD PERIOD 1893 TO 2015


WEATHER ITEM   OBSERVED TIME   RECORD YEAR NORMAL DEPARTURE LAST
                VALUE   (LST)  VALUE       VALUE  FROM      YEAR
                                                  NORMAL
..................................................................
TEMPERATURE (F)
 YESTERDAY
  MAXIMUM         82    215 PM 102    1932  83     -1       86
  MINIMUM         61   1159 PM  44    1966  60      1       68
  AVERAGE         72                        72      0       77

PRECIPITATION (IN)
  YESTERDAY        0.00          1.55 1987   0.12  -0.12     0.00
  MONTH TO DATE    5.16                      2.48   2.68     1.87
  SINCE JUN 1      9.99                      6.61   3.38    11.71
  SINCE JAN 1     19.44                     16.25   3.19    25.81

SNOWFALL (IN)
  YESTERDAY        0.0           0.0    MM   0.0    0.0      0.0
  MONTH TO DATE    0.0                       0.0    0.0      0.0
  SINCE JUN 1      0.0                       0.0    0.0      0.0
  SINCE JUL 1      0.0                       0.0    0.0      0.0
  SNOW DEPTH       0

DEGREE DAYS
 HEATING
  YESTERDAY        0                         0      0        0
  MONTH TO DATE   16                         2     14       18
  SINCE JUN 1     44                        64    -20       43
  SINCE JUL 1     16                         2     14       18

 COOLING
  YESTERDAY        7                         7      0       12
  MONTH TO DATE   91                       139    -48       79
  SINCE JUN 1    173                       259    -86      213
  SINCE JAN 1    191                       291   -100      248
..................................................................


WIND (MPH)
  HIGHEST WIND SPEED    22   HIGHEST WIND DIRECTION    NW (310)
  HIGHEST GUST SPEED    27   HIGHEST GUST DIRECTION     W (290)
  AVERAGE WIND SPEED     9.5


SKY COVER
  POSSIBLE SUNSHINE  MM
  AVERAGE SKY COVER 0.1


WEATHER CONDITIONS
 THE FOLLOWING WEATHER WAS RECORDED YESTERDAY.
  NO SIGNIFICANT WEATHER WAS OBSERVED.


RELATIVE HUMIDITY (PERCENT)
 HIGHEST    81          1200 AM
 LOWEST     39           300 PM
 AVERAGE    60

..........................................................


THE EAU CLAIRE WI CLIMATE NORMALS FOR TODAY
                         NORMAL    RECORD    YEAR
 MAXIMUM TEMPERATURE (F)   83       105      1934
 MINIMUM TEMPERATURE (F)   60        46      1992


SUNRISE AND SUNSET
JULY 21 2015..........SUNRISE   540 AM CDT   SUNSET   844 PM CDT
JULY 22 2015..........SUNRISE   541 AM CDT   SUNSET   844 PM CDT


-  INDICATES NEGATIVE NUMBERS.
R  INDICATES RECORD WAS SET OR TIED.
MM INDICATES DATA IS MISSING.
T  INDICATES TRACE AMOUNT.




$$
