000
CDUS43 KMPX 110053
CLIEAU


CLIMATE REPORT
NATIONAL WEATHER SERVICE CHANHASSEN MN
753 PM CDT TUE MAY 10 2016


...................................

...THE EAU CLAIRE WI CLIMATE SUMMARY FOR MAY 10 2016...
VALID TODAY AS OF 0700 PM LOCAL TIME.

CLIMATE NORMAL PERIOD 1981 TO 2010
CLIMATE RECORD PERIOD 1893 TO 2016


WEATHER ITEM   OBSERVED TIME   RECORD YEAR NORMAL DEPARTURE LAST
                VALUE   (LST)  VALUE       VALUE  FROM      YEAR
                                                  NORMAL
..................................................................
TEMPERATURE (F)
 TODAY
  MAXIMUM         57   1221 AM  93    1895  68    -11       63
  MINIMUM         47    649 AM  23    1966  44      3       47
  AVERAGE         52                        56     -4       55

PRECIPITATION (IN)
  TODAY            0.27          1.48 1920   0.11   0.16     0.16
  MONTH TO DATE    0.53                      1.08  -0.55     1.59
  SINCE MAR 1      7.75                      5.56   2.19     5.06
  SINCE JAN 1      8.91                      7.26   1.65     5.65

SNOWFALL (IN)
  TODAY            0.0           T    1907   0.0    0.0      0.0
                                      1925
  MONTH TO DATE    0.0                       0.2   -0.2      0.0
  SINCE MAR 1     13.9                      10.7    3.2      7.3
  SINCE JUL 1     38.0                      47.0   -9.0     38.1
  SNOW DEPTH       0

DEGREE DAYS
 HEATING
  TODAY           13                        10      3       10
  MONTH TO DATE   98                       110    -12       57
  SINCE MAR 1   1486                      1730   -244     1568
  SINCE JUL 1   6664                      7750  -1086     7921

 COOLING
  TODAY            0                         1     -1        0
  MONTH TO DATE    3                         4     -1        9
  SINCE MAR 1      7                         8     -1        9
  SINCE JAN 1      7                         8     -1        9
..................................................................


WIND (MPH)
  HIGHEST WIND SPEED    20   HIGHEST WIND DIRECTION     E (100)
  HIGHEST GUST SPEED    27   HIGHEST GUST DIRECTION     E (110)
  AVERAGE WIND SPEED    12.5


SKY COVER
  POSSIBLE SUNSHINE  MM
  AVERAGE SKY COVER 1.0


WEATHER CONDITIONS
 THE FOLLOWING WEATHER WAS RECORDED TODAY.
  RAIN
  LIGHT RAIN
  FOG


RELATIVE HUMIDITY (PERCENT)
 HIGHEST    93           700 AM
 LOWEST     41           200 AM
 AVERAGE    67

..........................................................


THE EAU CLAIRE WI CLIMATE NORMALS FOR TOMORROW
                         NORMAL    RECORD    YEAR
 MAXIMUM TEMPERATURE (F)   69        89      1922
 MINIMUM TEMPERATURE (F)   44        28      1946
                                             1907


SUNRISE AND SUNSET
MAY 10 2016...........SUNRISE   543 AM CDT   SUNSET   823 PM CDT
MAY 11 2016...........SUNRISE   541 AM CDT   SUNSET   824 PM CDT


-  INDICATES NEGATIVE NUMBERS.
R  INDICATES RECORD WAS SET OR TIED.
MM INDICATES DATA IS MISSING.
T  INDICATES TRACE AMOUNT.




$$
