000
CDUS43 KMPX 140646
CLIEAU


CLIMATE REPORT
NATIONAL WEATHER SERVICE CHANHASSEN MN
144 AM CDT THU MAY 14 2015


...................................

...THE EAU CLAIRE WI CLIMATE SUMMARY FOR MAY 13 2015...

CLIMATE NORMAL PERIOD 1981 TO 2010
CLIMATE RECORD PERIOD 1893 TO 2015


WEATHER ITEM   OBSERVED TIME   RECORD YEAR NORMAL DEPARTURE LAST
                VALUE   (LST)  VALUE       VALUE  FROM      YEAR
                                                  NORMAL
..................................................................
TEMPERATURE (F)
 YESTERDAY
  MAXIMUM         66    347 PM  90    1900  69     -3       54
  MINIMUM         33    441 AM  26    1953  45    -12       43
  AVERAGE         50                        57     -7       49

PRECIPITATION (IN)
  YESTERDAY        0.00          1.45 1906   0.11  -0.11     0.01
  MONTH TO DATE    1.76                      1.40   0.36     1.74
  SINCE MAR 1      5.23                      5.88  -0.65     8.56
  SINCE JAN 1      5.82                      7.58  -1.76    11.76

SNOWFALL (IN)
  YESTERDAY        0.0           0.0    MM   0.0    0.0      0.0
  MONTH TO DATE    0.0                       0.2   -0.2      0.0
  SINCE MAR 1      7.3                      10.7   -3.4     13.1
  SINCE JUL 1     38.1                      47.0   -8.9     74.8
  SNOW DEPTH       0

DEGREE DAYS
 HEATING
  YESTERDAY       15                         9      6       16
  MONTH TO DATE  102                       137    -35      145
  SINCE MAR 1   1613                      1757   -144     2139
  SINCE JUL 1   7966                      7778    188     9031

 COOLING
  YESTERDAY        0                         1     -1        0
  MONTH TO DATE    9                         7      2        0
  SINCE MAR 1      9                        11     -2        0
  SINCE JAN 1      9                        11     -2        0
..................................................................


WIND (MPH)
  HIGHEST WIND SPEED    18   HIGHEST WIND DIRECTION    SE (150)
  HIGHEST GUST SPEED    24   HIGHEST GUST DIRECTION    SE (150)
  AVERAGE WIND SPEED     7.9


SKY COVER
  POSSIBLE SUNSHINE  MM
  AVERAGE SKY COVER 0.2


WEATHER CONDITIONS
 THE FOLLOWING WEATHER WAS RECORDED YESTERDAY.
  NO SIGNIFICANT WEATHER WAS OBSERVED.


RELATIVE HUMIDITY (PERCENT)
 HIGHEST    92           300 AM
 LOWEST     31           500 PM
 AVERAGE    62

..........................................................


THE EAU CLAIRE WI CLIMATE NORMALS FOR TODAY
                         NORMAL    RECORD    YEAR
 MAXIMUM TEMPERATURE (F)   69        95      1932
 MINIMUM TEMPERATURE (F)   45        25      1895


SUNRISE AND SUNSET
MAY 14 2015...........SUNRISE   539 AM CDT   SUNSET   827 PM CDT
MAY 15 2015...........SUNRISE   538 AM CDT   SUNSET   828 PM CDT


-  INDICATES NEGATIVE NUMBERS.
R  INDICATES RECORD WAS SET OR TIED.
MM INDICATES DATA IS MISSING.
T  INDICATES TRACE AMOUNT.




$$
