000
CDUS43 KMPX 252311
CLIEAU


CLIMATE REPORT
NATIONAL WEATHER SERVICE CHANHASSEN MN
511 PM CST SAT NOV 25 2017


...................................

...THE EAU CLAIRE WI CLIMATE SUMMARY FOR NOVEMBER 25 2017...
VALID TODAY AS OF 0500 PM LOCAL TIME.

CLIMATE NORMAL PERIOD 1981 TO 2010
CLIMATE RECORD PERIOD 1893 TO 2017


WEATHER ITEM   OBSERVED TIME   RECORD YEAR NORMAL DEPARTURE LAST
                VALUE   (LST)  VALUE       VALUE  FROM      YEAR
                                                  NORMAL
..................................................................
TEMPERATURE (F)
 TODAY
  MAXIMUM         39    154 PM  55    1998  36      3       38
                                      1960
                                      1914
  MINIMUM         32    725 AM -11    1893  20     12       33
  AVERAGE         36                        28      8       36

PRECIPITATION (IN)
  TODAY            0.00          0.55 1906   0.06  -0.06     0.02
  MONTH TO DATE    0.53                      1.57  -1.04     0.60
  SINCE SEP 1      6.34                      7.59  -1.25    11.52
  SINCE JAN 1     34.46                     29.71   4.75    38.35

SNOWFALL (IN)
  TODAY            0.0           5.1  1993   0.3   -0.3       T
  MONTH TO DATE    1.4                       4.5   -3.1      1.7
  SINCE SEP 1      3.3                       4.9   -1.6      1.7
  SINCE JUL 1      3.3                       4.9   -1.6      1.7
  SNOW DEPTH       0

DEGREE DAYS
 HEATING
  TODAY           29                        37     -8       29
  MONTH TO DATE  862                       766     96      552
  SINCE SEP 1   1452                      1511    -59     1059
  SINCE JUL 1   1495                      1550    -55     1069

 COOLING
  TODAY            0                         0      0        0
  MONTH TO DATE    0                         0      0        0
  SINCE SEP 1     94                        52     42       41
  SINCE JAN 1    466                       579   -113      624
..................................................................


WIND (MPH)
  HIGHEST WIND SPEED    15   HIGHEST WIND DIRECTION    NW (310)
  HIGHEST GUST SPEED    22   HIGHEST GUST DIRECTION    NW (300)
  AVERAGE WIND SPEED    10.2


SKY COVER
  POSSIBLE SUNSHINE  MM
  AVERAGE SKY COVER 0.0


WEATHER CONDITIONS
 THE FOLLOWING WEATHER WAS RECORDED TODAY.
  NO SIGNIFICANT WEATHER WAS OBSERVED.


RELATIVE HUMIDITY (PERCENT)
 HIGHEST    89           400 AM
 LOWEST     44           200 PM
 AVERAGE    67

..........................................................


THE EAU CLAIRE WI CLIMATE NORMALS FOR TOMORROW
                         NORMAL    RECORD    YEAR
 MAXIMUM TEMPERATURE (F)   35        61      1914
 MINIMUM TEMPERATURE (F)   19       -11      1977


SUNRISE AND SUNSET
NOVEMBER 25 2017......SUNRISE   717 AM CST   SUNSET   429 PM CST
NOVEMBER 26 2017......SUNRISE   718 AM CST   SUNSET   429 PM CST


-  INDICATES NEGATIVE NUMBERS.
R  INDICATES RECORD WAS SET OR TIED.
MM INDICATES DATA IS MISSING.
T  INDICATES TRACE AMOUNT.




$$
