000
CDUS43 KMPX 070628
CLIEAU


CLIMATE REPORT
NATIONAL WEATHER SERVICE CHANHASSEN MN
126 AM CDT TUE JUL 7 2015


...................................

...THE EAU CLAIRE WI CLIMATE SUMMARY FOR JULY 6 2015...

CLIMATE NORMAL PERIOD 1981 TO 2010
CLIMATE RECORD PERIOD 1893 TO 2015


WEATHER ITEM   OBSERVED TIME   RECORD YEAR NORMAL DEPARTURE LAST
                VALUE   (LST)  VALUE       VALUE  FROM      YEAR
                                                  NORMAL
..................................................................
TEMPERATURE (F)
 YESTERDAY
  MAXIMUM         74   1117 AM 103    1936  83     -9       86
  MINIMUM         59   1159 PM  46    1983  60     -1       67
                                      2001
  AVERAGE         67                        72     -5       77

PRECIPITATION (IN)
  YESTERDAY        2.08          2.32 2008   0.13   1.95     0.14
  MONTH TO DATE    2.08                      0.76   1.32     0.20
  SINCE JUN 1      6.91                      4.89   2.02    10.04
  SINCE JAN 1     16.36                     14.53   1.83    24.14

SNOWFALL (IN)
  YESTERDAY        0.0           0.0    MM   0.0    0.0      0.0
  MONTH TO DATE    0.0                       0.0    0.0      0.0
  SINCE JUN 1      0.0                       0.0    0.0      0.0
  SINCE JUL 1      0.0                       0.0    0.0      0.0
  SNOW DEPTH       0

DEGREE DAYS
 HEATING
  YESTERDAY        0                         0      0        0
  MONTH TO DATE    7                         2      5        6
  SINCE JUN 1     35                        64    -29       31
  SINCE JUL 1      7                         2      5        6

 COOLING
  YESTERDAY        2                         7     -5       12
  MONTH TO DATE   17                        41    -24       24
  SINCE JUN 1     99                       161    -62      158
  SINCE JAN 1    117                       193    -76      193
..................................................................


WIND (MPH)
  HIGHEST WIND SPEED    21   HIGHEST WIND DIRECTION     N (360)
  HIGHEST GUST SPEED    30   HIGHEST GUST DIRECTION     N (340)
  AVERAGE WIND SPEED     8.1


SKY COVER
  POSSIBLE SUNSHINE  MM
  AVERAGE SKY COVER 0.9


WEATHER CONDITIONS
 THE FOLLOWING WEATHER WAS RECORDED YESTERDAY.
  THUNDERSTORM
  HEAVY RAIN
  RAIN
  LIGHT RAIN
  FOG
  HAZE


RELATIVE HUMIDITY (PERCENT)
 HIGHEST    97           900 AM
 LOWEST     73          1200 AM
 AVERAGE    85

..........................................................


THE EAU CLAIRE WI CLIMATE NORMALS FOR TODAY
                         NORMAL    RECORD    YEAR
 MAXIMUM TEMPERATURE (F)   83       105      1936
 MINIMUM TEMPERATURE (F)   60        44      1997


SUNRISE AND SUNSET
JULY  7 2015..........SUNRISE   527 AM CDT   SUNSET   854 PM CDT
JULY  8 2015..........SUNRISE   528 AM CDT   SUNSET   854 PM CDT


-  INDICATES NEGATIVE NUMBERS.
R  INDICATES RECORD WAS SET OR TIED.
MM INDICATES DATA IS MISSING.
T  INDICATES TRACE AMOUNT.




$$
