000
CDUS43 KMPX 140719
CLIEAU


CLIMATE REPORT
NATIONAL WEATHER SERVICE CHANHASSEN MN
218 AM CDT MON JUL 14 2014


...................................

...THE EAU CLAIRE WI CLIMATE SUMMARY FOR JULY 13 2014...

CLIMATE NORMAL PERIOD 1981 TO 2010
CLIMATE RECORD PERIOD 1893 TO 2014


WEATHER ITEM   OBSERVED TIME   RECORD YEAR NORMAL DEPARTURE LAST
                VALUE   (LST)  VALUE       VALUE  FROM      YEAR
                                                  NORMAL
..................................................................
TEMPERATURE (F)
 YESTERDAY
  MAXIMUM         76    414 PM 111    1936  83     -7       82
  MINIMUM         57   1159 PM  43    1975  61     -4       65
  AVERAGE         67                        72     -5       74

PRECIPITATION (IN)
  YESTERDAY        0.00          0.84 1968   0.12  -0.12     0.06
  MONTH TO DATE    1.84                      1.63   0.21     0.14
  SINCE JUN 1     11.68                      5.76   5.92     6.00
  SINCE JAN 1     25.78                     15.40  10.38    26.05

SNOWFALL (IN)
  YESTERDAY        0.0           0.0    MM   0.0    0.0      0.0
  MONTH TO DATE    0.0                       0.0    0.0      0.0
  SINCE JUN 1      0.0                       0.0    0.0      0.0
  SINCE JUL 1      0.0                       0.0    0.0      0.0
  SNOW DEPTH       0

DEGREE DAYS
 HEATING
  YESTERDAY        0                         0      0        0
  MONTH TO DATE    6                         2      4        0
  SINCE JUN 1     31                        64    -33       63
  SINCE JUL 1      6                         2      4        0

 COOLING
  YESTERDAY        2                         7     -5        9
  MONTH TO DATE   55                        90    -35      115
  SINCE JUN 1    189                       210    -21      205
  SINCE JAN 1    224                       242    -18      237
..................................................................


WIND (MPH)
  HIGHEST WIND SPEED    18   HIGHEST WIND DIRECTION     W (260)
  HIGHEST GUST SPEED    23   HIGHEST GUST DIRECTION     W (260)
  AVERAGE WIND SPEED     7.4


SKY COVER
  POSSIBLE SUNSHINE  MM
  AVERAGE SKY COVER 0.3


WEATHER CONDITIONS
 THE FOLLOWING WEATHER WAS RECORDED YESTERDAY.
  FOG


RELATIVE HUMIDITY (PERCENT)
 HIGHEST   100          1200 AM
 LOWEST     36           300 PM
 AVERAGE    68

..........................................................


THE EAU CLAIRE WI CLIMATE NORMALS FOR TODAY
                         NORMAL    RECORD    YEAR
 MAXIMUM TEMPERATURE (F)   83       111      1936
 MINIMUM TEMPERATURE (F)   61        46      1930


SUNRISE AND SUNSET
JULY 14 2014..........SUNRISE   533 AM CDT   SUNSET   850 PM CDT
JULY 15 2014..........SUNRISE   534 AM CDT   SUNSET   849 PM CDT


-  INDICATES NEGATIVE NUMBERS.
R  INDICATES RECORD WAS SET OR TIED.
MM INDICATES DATA IS MISSING.
T  INDICATES TRACE AMOUNT.




$$
