000
CDUS43 KMPX 140032
CLIEAU


CLIMATE REPORT
NATIONAL WEATHER SERVICE CHANHASSEN MN
731 PM CDT SUN AUG 13 2017


...................................

...THE EAU CLAIRE WI CLIMATE SUMMARY FOR AUGUST 13 2017...
VALID TODAY AS OF 0700 PM LOCAL TIME.

CLIMATE NORMAL PERIOD 1981 TO 2010
CLIMATE RECORD PERIOD 1893 TO 2017


WEATHER ITEM   OBSERVED TIME   RECORD YEAR NORMAL DEPARTURE LAST
                VALUE   (LST)  VALUE       VALUE  FROM      YEAR
                                                  NORMAL
..................................................................
TEMPERATURE (F)
 TODAY
  MAXIMUM         78   1258 PM 101    1944  81     -3       81
  MINIMUM         50    540 AM  42    2004  59     -9       62
  AVERAGE         64                        70     -6       72

PRECIPITATION (IN)
  TODAY            0.00          2.35 1989   0.15  -0.15     0.00
  MONTH TO DATE    1.53                      1.95  -0.42     3.13
  SINCE JUN 1     11.03                      9.96   1.07    12.93
  SINCE JAN 1     25.53                     19.60   5.93    25.12

SNOWFALL (IN)
  TODAY            0.0           0.0    MM   0.0    0.0      0.0
  MONTH TO DATE    0.0                       0.0    0.0      0.0
  SINCE JUN 1      0.0                       0.0    0.0      0.0
  SINCE JUL 1      0.0                       0.0    0.0      0.0
  SNOW DEPTH       0

DEGREE DAYS
 HEATING
  TODAY            1                         1      0        0
  MONTH TO DATE   15                         8      7        0
  SINCE JUN 1     54                        81    -27       36
  SINCE JUL 1     17                        19     -2        4

 COOLING
  TODAY            0                         6     -6        7
  MONTH TO DATE   23                        78    -55      117
  SINCE JUN 1    327                       412    -85      464
  SINCE JAN 1    335                       444   -109      504
..................................................................


WIND (MPH)
  HIGHEST WIND SPEED    14   HIGHEST WIND DIRECTION     S (180)
  HIGHEST GUST SPEED    18   HIGHEST GUST DIRECTION     S (180)
  AVERAGE WIND SPEED     2.9


SKY COVER
  POSSIBLE SUNSHINE  MM
  AVERAGE SKY COVER 0.2


WEATHER CONDITIONS
 THE FOLLOWING WEATHER WAS RECORDED TODAY.
  FOG
  FOG W/VISIBILITY <= 1/4 MILE


RELATIVE HUMIDITY (PERCENT)
 HIGHEST   100           200 AM
 LOWEST     39           100 PM
 AVERAGE    70

..........................................................


THE EAU CLAIRE WI CLIMATE NORMALS FOR TOMORROW
                         NORMAL    RECORD    YEAR
 MAXIMUM TEMPERATURE (F)   81        95      1944
 MINIMUM TEMPERATURE (F)   59        38      1964


SUNRISE AND SUNSET
AUGUST 13 2017........SUNRISE   606 AM CDT   SUNSET   815 PM CDT
AUGUST 14 2017........SUNRISE   607 AM CDT   SUNSET   813 PM CDT


-  INDICATES NEGATIVE NUMBERS.
R  INDICATES RECORD WAS SET OR TIED.
MM INDICATES DATA IS MISSING.
T  INDICATES TRACE AMOUNT.




$$
