000
CDUS43 KMPX 100715
CLIEAU


CLIMATE REPORT
NATIONAL WEATHER SERVICE CHANHASSEN MN
215 AM CDT WED AUG 10 2016


...................................

...THE EAU CLAIRE WI CLIMATE SUMMARY FOR AUGUST 9 2016...

CLIMATE NORMAL PERIOD 1981 TO 2010
CLIMATE RECORD PERIOD 1893 TO 2016


WEATHER ITEM   OBSERVED TIME   RECORD YEAR NORMAL DEPARTURE LAST
                VALUE   (LST)  VALUE       VALUE  FROM      YEAR
                                                  NORMAL
..................................................................
TEMPERATURE (F)
 YESTERDAY
  MAXIMUM         87    340 PM  97    1944  81      6       82
  MINIMUM         65    523 AM  41    1927  59      6       64
  AVERAGE         76                        70      6       73

PRECIPITATION (IN)
  YESTERDAY        0.00          4.12 1993   0.15  -0.15     0.99
  MONTH TO DATE    0.34                      1.35  -1.01     4.12
  SINCE JUN 1     10.14                      9.36   0.78    15.04
  SINCE JAN 1     22.33                     19.00   3.33    24.49

SNOWFALL (IN)
  YESTERDAY        0.0           0.0    MM   0.0    0.0      0.0
  MONTH TO DATE    0.0                       0.0    0.0      0.0
  SINCE JUN 1      0.0                       0.0    0.0      0.0
  SINCE JUL 1      0.0                       0.0    0.0      0.0
  SNOW DEPTH       0

DEGREE DAYS
 HEATING
  YESTERDAY        0                         1     -1        0
  MONTH TO DATE    0                         4     -4        0
  SINCE JUN 1     36                        77    -41       44
  SINCE JUL 1      4                        15    -11       16

 COOLING
  YESTERDAY       11                         6      5        8
  MONTH TO DATE   74                        54     20       39
  SINCE JUN 1    421                       388     33      301
  SINCE JAN 1    461                       420     41      319
..................................................................


WIND (MPH)
  HIGHEST WIND SPEED    18   HIGHEST WIND DIRECTION    SW (220)
  HIGHEST GUST SPEED    25   HIGHEST GUST DIRECTION    SW (220)
  AVERAGE WIND SPEED     7.8


SKY COVER
  POSSIBLE SUNSHINE  MM
  AVERAGE SKY COVER 0.4


WEATHER CONDITIONS
 THE FOLLOWING WEATHER WAS RECORDED YESTERDAY.
  HAZE


RELATIVE HUMIDITY (PERCENT)
 HIGHEST    93          1100 PM
 LOWEST     58           200 PM
 AVERAGE    76

..........................................................


THE EAU CLAIRE WI CLIMATE NORMALS FOR TODAY
                         NORMAL    RECORD    YEAR
 MAXIMUM TEMPERATURE (F)   81        98      1947
 MINIMUM TEMPERATURE (F)   59        45      2008
                                             1982


SUNRISE AND SUNSET
AUGUST 10 2016........SUNRISE   603 AM CDT   SUNSET   819 PM CDT
AUGUST 11 2016........SUNRISE   604 AM CDT   SUNSET   817 PM CDT


-  INDICATES NEGATIVE NUMBERS.
R  INDICATES RECORD WAS SET OR TIED.
MM INDICATES DATA IS MISSING.
T  INDICATES TRACE AMOUNT.




$$
