513
CDUS43 KMPX 270631
CLIEAU


CLIMATE REPORT
NATIONAL WEATHER SERVICE CHANHASSEN MN
1231 AM CST MON FEB 27 2017


...................................

...THE EAU CLAIRE WI CLIMATE SUMMARY FOR FEBRUARY 26 2017...

CLIMATE NORMAL PERIOD 1981 TO 2010
CLIMATE RECORD PERIOD 1893 TO 2017


WEATHER ITEM   OBSERVED TIME   RECORD YEAR NORMAL DEPARTURE LAST
                VALUE   (LST)  VALUE       VALUE  FROM      YEAR
                                                  NORMAL
..................................................................
TEMPERATURE (F)
 YESTERDAY
  MAXIMUM         35    349 PM  56    2000  33      2       36
                                      1976
  MINIMUM         18    609 AM -18    1963  14      4       23
                                      1897
  AVERAGE         27                        24      3       30

PRECIPITATION (IN)
  YESTERDAY        T             1.20 1929   0.03  -0.03      T
  MONTH TO DATE    1.73                      0.74   0.99     0.73
  SINCE DEC 1      6.18                      2.63   3.55     4.99
  SINCE JAN 1      4.08                      1.63   2.45     1.15

SNOWFALL (IN)
  YESTERDAY        T            12.0  1929   0.2   -0.2       T
  MONTH TO DATE   10.7                       6.8    3.9      7.9
  SINCE DEC 1     47.2                      29.5   17.7     22.5
  SINCE JUL 1     48.9                      35.8   13.1     23.9
  SNOW DEPTH       8

DEGREE DAYS
 HEATING
  YESTERDAY       38                        41     -3       35
  MONTH TO DATE  974                      1194   -220     1160
  SINCE DEC 1   3839                      4192   -353     3729
  SINCE JUL 1   5048                      5938   -890     5091

 COOLING
  YESTERDAY        0                         0      0        0
  MONTH TO DATE    0                         0      0        0
  SINCE DEC 1      0                         0      0        0
  SINCE JAN 1      0                         0      0        0
..................................................................


WIND (MPH)
  HIGHEST WIND SPEED    18   HIGHEST WIND DIRECTION    SW (240)
  HIGHEST GUST SPEED    24   HIGHEST GUST DIRECTION    SW (230)
  AVERAGE WIND SPEED     7.6


SKY COVER
  POSSIBLE SUNSHINE  MM
  AVERAGE SKY COVER 0.6


WEATHER CONDITIONS
 THE FOLLOWING WEATHER WAS RECORDED YESTERDAY.
  LIGHT SNOW
  HAZE


RELATIVE HUMIDITY (PERCENT)
 HIGHEST    84           900 PM
 LOWEST     59           600 PM
 AVERAGE    72

..........................................................


THE EAU CLAIRE WI CLIMATE NORMALS FOR TODAY
                         NORMAL    RECORD    YEAR
 MAXIMUM TEMPERATURE (F)   33        61      2016
 MINIMUM TEMPERATURE (F)   15       -22      2014


SUNRISE AND SUNSET
FEBRUARY 27 2017......SUNRISE   647 AM CST   SUNSET   551 PM CST
FEBRUARY 28 2017......SUNRISE   645 AM CST   SUNSET   553 PM CST


-  INDICATES NEGATIVE NUMBERS.
R  INDICATES RECORD WAS SET OR TIED.
MM INDICATES DATA IS MISSING.
T  INDICATES TRACE AMOUNT.




$$
