000
CDUS43 KMPX 290754
CLIEAU


CLIMATE REPORT
NATIONAL WEATHER SERVICE CHANHASSEN MN
251 AM CDT WED OCT 29 2014


...................................

...THE EAU CLAIRE WI CLIMATE SUMMARY FOR OCTOBER 28 2014...

CLIMATE NORMAL PERIOD 1981 TO 2010
CLIMATE RECORD PERIOD 1893 TO 2014


WEATHER ITEM   OBSERVED TIME   RECORD YEAR NORMAL DEPARTURE LAST
                VALUE   (LST)  VALUE       VALUE  FROM      YEAR
                                                  NORMAL
..................................................................
TEMPERATURE (F)
 YESTERDAY
  MAXIMUM         50   1224 AM  74    1896  52     -2       44
  MINIMUM         39   1159 PM  10    1909  33      6       25
  AVERAGE         45                        43      2       35

PRECIPITATION (IN)
  YESTERDAY        T             1.03 1900   0.06  -0.06     0.00
  MONTH TO DATE    2.43                      2.17   0.26     3.36
  SINCE SEP 1      7.89                      5.85   2.04     5.13
  SINCE JAN 1     40.56                     27.97  12.59    32.77

SNOWFALL (IN)
  YESTERDAY        0.0           1.0  1964   0.0    0.0      0.0
  MONTH TO DATE    0.6                       0.3    0.3       T
  SINCE SEP 1      0.6                       0.3    0.3       T
  SINCE JUL 1      0.6                       0.3    0.3       T
  SNOW DEPTH       0

DEGREE DAYS
 HEATING
  YESTERDAY       20                        22     -2       30
  MONTH TO DATE  482                       482      0      483
  SINCE SEP 1    669                       676     -7      612
  SINCE JUL 1    692                       715    -23      650

 COOLING
  YESTERDAY        0                         0      0        0
  MONTH TO DATE    0                         0      0        0
  SINCE SEP 1     22                        48    -26       87
  SINCE JAN 1    500                       575    -75      653
..................................................................


WIND (MPH)
  HIGHEST WIND SPEED    29   HIGHEST WIND DIRECTION     W (270)
  HIGHEST GUST SPEED    39   HIGHEST GUST DIRECTION     W (270)
  AVERAGE WIND SPEED    13.4


SKY COVER
  POSSIBLE SUNSHINE  MM
  AVERAGE SKY COVER 0.8


WEATHER CONDITIONS
 THE FOLLOWING WEATHER WAS RECORDED YESTERDAY.
  LIGHT RAIN


RELATIVE HUMIDITY (PERCENT)
 HIGHEST    89           300 AM
 LOWEST     56           400 PM
 AVERAGE    73

..........................................................


THE EAU CLAIRE WI CLIMATE NORMALS FOR TODAY
                         NORMAL    RECORD    YEAR
 MAXIMUM TEMPERATURE (F)   52        77      1950
 MINIMUM TEMPERATURE (F)   33        10      1895


SUNRISE AND SUNSET
OCTOBER 29 2014.......SUNRISE   740 AM CDT   SUNSET   559 PM CDT
OCTOBER 30 2014.......SUNRISE   741 AM CDT   SUNSET   557 PM CDT


-  INDICATES NEGATIVE NUMBERS.
R  INDICATES RECORD WAS SET OR TIED.
MM INDICATES DATA IS MISSING.
T  INDICATES TRACE AMOUNT.




$$
