558
CDUS43 KMPX 130624
CLIEAU


CLIMATE REPORT
NATIONAL WEATHER SERVICE CHANHASSEN MN
1222 AM CST SAT FEB 13 2016


...................................

...THE EAU CLAIRE WI CLIMATE SUMMARY FOR FEBRUARY 12 2016...

CLIMATE NORMAL PERIOD 1981 TO 2010
CLIMATE RECORD PERIOD 1893 TO 2016


WEATHER ITEM   OBSERVED TIME   RECORD YEAR NORMAL DEPARTURE LAST
                VALUE   (LST)  VALUE       VALUE  FROM      YEAR
                                                  NORMAL
..................................................................
TEMPERATURE (F)
 YESTERDAY
  MAXIMUM         14        MM  50    2005  28    -14        7
  MINIMUM         -1        MM -28    1967   9    -10       -4
                                      1917
                                      1899
  AVERAGE          7                        18    -11        2

PRECIPITATION (IN)
  YESTERDAY        T             0.93 1984   0.03  -0.03     0.00
  MONTH TO DATE    0.45                      0.32   0.13     0.17
  SINCE DEC 1      4.71                      2.21   2.50     1.22
  SINCE JAN 1      0.87                      1.21  -0.34     0.54

SNOWFALL (IN)
  YESTERDAY        T             4.1  2000   0.3   -0.3      0.0
  MONTH TO DATE    7.2                       3.5    3.7      2.8
  SINCE DEC 1     21.8                      26.2   -4.4     15.5
  SINCE JUL 1     23.2                      32.5   -9.3     29.7
  SNOW DEPTH       5

DEGREE DAYS
 HEATING
  YESTERDAY       58                        47     11       63
  MONTH TO DATE  595                       579     16      619
  SINCE DEC 1   3164                      3577   -413     3412
  SINCE JUL 1   4526                      5323   -797     5384

 COOLING
  YESTERDAY        0                         0      0        0
  MONTH TO DATE    0                         0      0        0
  SINCE DEC 1      0                         0      0        0
  SINCE JAN 1      0                         0      0        0
..................................................................


WIND (MPH)
  HIGHEST WIND SPEED    20   HIGHEST WIND DIRECTION    NW (330)
  HIGHEST GUST SPEED    30   HIGHEST GUST DIRECTION    NW (320)
  AVERAGE WIND SPEED    11.8


SKY COVER
  POSSIBLE SUNSHINE  MM
  AVERAGE SKY COVER 0.3


WEATHER CONDITIONS
 THE FOLLOWING WEATHER WAS RECORDED YESTERDAY.
  LIGHT SNOW


RELATIVE HUMIDITY (PERCENT)
 HIGHEST    76           400 AM
 LOWEST     37           400 PM
 AVERAGE    57

..........................................................


THE EAU CLAIRE WI CLIMATE NORMALS FOR TODAY
                         NORMAL    RECORD    YEAR
 MAXIMUM TEMPERATURE (F)   28        47      1921
                                             1918
 MINIMUM TEMPERATURE (F)    9       -29      1905


SUNRISE AND SUNSET
FEBRUARY 13 2016......SUNRISE   710 AM CST   SUNSET   531 PM CST
FEBRUARY 14 2016......SUNRISE   709 AM CST   SUNSET   532 PM CST


-  INDICATES NEGATIVE NUMBERS.
R  INDICATES RECORD WAS SET OR TIED.
MM INDICATES DATA IS MISSING.
T  INDICATES TRACE AMOUNT.




$$
