000
CDUS43 KMPX 210020
CLIEAU


CLIMATE REPORT
NATIONAL WEATHER SERVICE CHANHASSEN MN
720 PM CDT THU JUL 20 2017


...................................

...THE EAU CLAIRE WI CLIMATE SUMMARY FOR JULY 20 2017...
VALID TODAY AS OF 0700 PM LOCAL TIME.

CLIMATE NORMAL PERIOD 1981 TO 2010
CLIMATE RECORD PERIOD 1893 TO 2017


WEATHER ITEM   OBSERVED TIME   RECORD YEAR NORMAL DEPARTURE LAST
                VALUE   (LST)  VALUE       VALUE  FROM      YEAR
                                                  NORMAL
..................................................................
TEMPERATURE (F)
 TODAY
  MAXIMUM         86    416 PM 102    1932  83      3       88
  MINIMUM         65    423 AM  44    1966  60      5       69
  AVERAGE         76                        72      4       79

PRECIPITATION (IN)
  TODAY            0.02          1.55 1987   0.12  -0.10     0.00
  MONTH TO DATE    2.64                      2.48   0.16     2.39
  SINCE JUN 1      7.95                      6.61   1.34     8.68
  SINCE JAN 1     22.45                     16.25   6.20    20.87

SNOWFALL (IN)
  TODAY            0.0           0.0    MM   0.0    0.0      0.0
  MONTH TO DATE    0.0                       0.0    0.0      0.0
  SINCE JUN 1      0.0                       0.0    0.0      0.0
  SINCE JUL 1      0.0                       0.0    0.0      0.0
  SNOW DEPTH       0

DEGREE DAYS
 HEATING
  TODAY            0                         0      0        0
  MONTH TO DATE    1                         0      1        4
  SINCE JUN 1     38                        62    -24       36
  SINCE JUL 1      1                         0      1        4

 COOLING
  TODAY           11                         7      4       14
  MONTH TO DATE  128                       139    -11      120
  SINCE JUN 1    235                       259    -24      246
  SINCE JAN 1    243                       291    -48      286
..................................................................


WIND (MPH)
  HIGHEST WIND SPEED    12   HIGHEST WIND DIRECTION     W (290)
  HIGHEST GUST SPEED    20   HIGHEST GUST DIRECTION     W (280)
  AVERAGE WIND SPEED     5.1


SKY COVER
  POSSIBLE SUNSHINE  MM
  AVERAGE SKY COVER 0.4


WEATHER CONDITIONS
 THE FOLLOWING WEATHER WAS RECORDED TODAY.
  THUNDERSTORM
  LIGHT RAIN
  FOG
  FOG W/VISIBILITY <= 1/4 MILE


RELATIVE HUMIDITY (PERCENT)
 HIGHEST   100           400 AM
 LOWEST     51           300 PM
 AVERAGE    76

..........................................................


THE EAU CLAIRE WI CLIMATE NORMALS FOR TOMORROW
                         NORMAL    RECORD    YEAR
 MAXIMUM TEMPERATURE (F)   83       105      1934
 MINIMUM TEMPERATURE (F)   60        46      1992


SUNRISE AND SUNSET
JULY 20 2017..........SUNRISE   539 AM CDT   SUNSET   845 PM CDT
JULY 21 2017..........SUNRISE   540 AM CDT   SUNSET   844 PM CDT


-  INDICATES NEGATIVE NUMBERS.
R  INDICATES RECORD WAS SET OR TIED.
MM INDICATES DATA IS MISSING.
T  INDICATES TRACE AMOUNT.




$$
