000
CDUS43 KMPX 260800
CLIEAU


CLIMATE REPORT
NATIONAL WEATHER SERVICE CHANHASSEN MN
259 AM CDT FRI MAY 26 2017


...................................

...THE EAU CLAIRE WI CLIMATE SUMMARY FOR MAY 25 2017...

CLIMATE NORMAL PERIOD 1981 TO 2010
CLIMATE RECORD PERIOD 1893 TO 2017


WEATHER ITEM   OBSERVED TIME   RECORD YEAR NORMAL DEPARTURE LAST
                VALUE   (LST)  VALUE       VALUE  FROM      YEAR
                                                  NORMAL
..................................................................
TEMPERATURE (F)
 YESTERDAY
  MAXIMUM         73    355 PM  89    1980  72      1       79
  MINIMUM         49    517 AM  32    1988  48      1       55
                                      1925
                                      1897
  AVERAGE         61                        60      1       67

PRECIPITATION (IN)
  YESTERDAY        T             1.52 1908   0.12  -0.12     1.27
  MONTH TO DATE    4.12                      2.75   1.37     2.40
  SINCE MAR 1     10.18                      7.23   2.95     9.62
  SINCE JAN 1     14.26                      8.93   5.33    10.78

SNOWFALL (IN)
  YESTERDAY        0.0           0.0    MM   0.0    0.0      0.0
  MONTH TO DATE    T                         0.2   -0.2      0.0
  SINCE MAR 1      5.6                      10.7   -5.1     13.9
  SINCE JUL 1     54.5                      47.0    7.5     38.0
  SNOW DEPTH       0

DEGREE DAYS
 HEATING
  YESTERDAY        4                         6     -2        0
  MONTH TO DATE  259                       225     34      245
  SINCE MAR 1   1830                      1845    -15     1633
  SINCE JUL 1   6940                      7865   -925     6811

 COOLING
  YESTERDAY        0                         1     -1        2
  MONTH TO DATE    7                        19    -12       18
  SINCE MAR 1      7                        23    -16       22
  SINCE JAN 1      7                        23    -16       22
..................................................................


WIND (MPH)
  HIGHEST WIND SPEED    15   HIGHEST WIND DIRECTION     S (160)
  HIGHEST GUST SPEED    18   HIGHEST GUST DIRECTION     S (160)
  AVERAGE WIND SPEED     4.0


SKY COVER
  POSSIBLE SUNSHINE  MM
  AVERAGE SKY COVER 0.4


WEATHER CONDITIONS
 THE FOLLOWING WEATHER WAS RECORDED YESTERDAY.
  LIGHT RAIN


RELATIVE HUMIDITY (PERCENT)
 HIGHEST    93           500 AM
 LOWEST     44           500 PM
 AVERAGE    69

..........................................................


THE EAU CLAIRE WI CLIMATE NORMALS FOR TODAY
                         NORMAL    RECORD    YEAR
 MAXIMUM TEMPERATURE (F)   73        93      1914
 MINIMUM TEMPERATURE (F)   49        28      1961


SUNRISE AND SUNSET
MAY 26 2017...........SUNRISE   527 AM CDT   SUNSET   840 PM CDT
MAY 27 2017...........SUNRISE   526 AM CDT   SUNSET   841 PM CDT


-  INDICATES NEGATIVE NUMBERS.
R  INDICATES RECORD WAS SET OR TIED.
MM INDICATES DATA IS MISSING.
T  INDICATES TRACE AMOUNT.




$$
