000
CDUS43 KMPX 170642
CLIEAU


CLIMATE REPORT
NATIONAL WEATHER SERVICE CHANHASSEN MN
1239 AM CST WED DEC 17 2014


...................................

...THE EAU CLAIRE WI CLIMATE SUMMARY FOR DECEMBER 16 2014...

CLIMATE NORMAL PERIOD 1981 TO 2010
CLIMATE RECORD PERIOD 1893 TO 2014


WEATHER ITEM   OBSERVED TIME   RECORD YEAR NORMAL DEPARTURE LAST
                VALUE   (LST)  VALUE       VALUE  FROM      YEAR
                                                  NORMAL
..................................................................
TEMPERATURE (F)
 YESTERDAY
  MAXIMUM         41   1212 AM  52    1939  27     14       16
  MINIMUM         21   1159 PM -26    1932  10     11       -7
  AVERAGE         31                        18     13        5

PRECIPITATION (IN)
  YESTERDAY        0.01          0.74 1894   0.03  -0.02     0.10
  MONTH TO DATE    0.10                      0.58  -0.48     1.13
  SINCE DEC 1      0.10                      0.58  -0.48     1.13
  SINCE JAN 1     42.40                     30.56  11.84    35.50

SNOWFALL (IN)
  YESTERDAY        0.3           7.1  1940   0.3    0.0      1.8
  MONTH TO DATE    0.5                       4.9   -4.4     10.4
  SINCE DEC 1      0.5                       4.9   -4.4     10.4
  SINCE JUL 1     14.7                      11.2    3.5     12.6
  SNOW DEPTH       T

DEGREE DAYS
 HEATING
  YESTERDAY       34                        47    -13       60
  MONTH TO DATE  627                       703    -76      871
  SINCE DEC 1    627                       703    -76      871
  SINCE JUL 1   2599                      2449    150     2616

 COOLING
  YESTERDAY        0                         0      0        0
  MONTH TO DATE    0                         0      0        0
  SINCE DEC 1      0                         0      0        0
  SINCE JAN 1    500                       579    -79      653
..................................................................


WIND (MPH)
  HIGHEST WIND SPEED    21   HIGHEST WIND DIRECTION    NW (320)
  HIGHEST GUST SPEED    27   HIGHEST GUST DIRECTION    NW (320)
  AVERAGE WIND SPEED    11.9


SKY COVER
  POSSIBLE SUNSHINE  MM
  AVERAGE SKY COVER 1.0


WEATHER CONDITIONS
 THE FOLLOWING WEATHER WAS RECORDED YESTERDAY.
  LIGHT RAIN
  LIGHT SNOW
  FOG


RELATIVE HUMIDITY (PERCENT)
 HIGHEST    93          1200 AM
 LOWEST     71          1100 PM
 AVERAGE    82

..........................................................


THE EAU CLAIRE WI CLIMATE NORMALS FOR TODAY
                         NORMAL    RECORD    YEAR
 MAXIMUM TEMPERATURE (F)   26        47      1923
                                             1939
                                             1997
 MINIMUM TEMPERATURE (F)   10       -21      1985


SUNRISE AND SUNSET
DECEMBER 17 2014......SUNRISE   738 AM CST   SUNSET   426 PM CST
DECEMBER 18 2014......SUNRISE   739 AM CST   SUNSET   426 PM CST


-  INDICATES NEGATIVE NUMBERS.
R  INDICATES RECORD WAS SET OR TIED.
MM INDICATES DATA IS MISSING.
T  INDICATES TRACE AMOUNT.




$$
