000
CDUS43 KMPX 010044
CLIEAU


CLIMATE REPORT
NATIONAL WEATHER SERVICE CHANHASSEN MN
744 PM CDT SUN MAY 31 2015


...................................

...THE EAU CLAIRE WI CLIMATE SUMMARY FOR MAY 31 2015...
VALID TODAY AS OF 0700 PM LOCAL TIME.

CLIMATE NORMAL PERIOD 1981 TO 2010
CLIMATE RECORD PERIOD 1893 TO 2015


WEATHER ITEM   OBSERVED TIME   RECORD YEAR NORMAL DEPARTURE LAST
                VALUE   (LST)  VALUE       VALUE  FROM      YEAR
                                                  NORMAL
..................................................................
TEMPERATURE (F)
 TODAY
  MAXIMUM         63    504 PM 107    1934  74    -11       88
  MINIMUM         34R   436 AM  34    1966  50    -16       64
                                      1964
                                      1897
  AVERAGE         49                        62    -13       76

PRECIPITATION (IN)
  TODAY            0.00          3.69 1958   0.12  -0.12     0.02
  MONTH TO DATE    5.39                      3.46   1.93     4.08
  SINCE MAR 1      8.86                      7.94   0.92    10.90
  SINCE JAN 1      9.45                      9.64  -0.19    14.10

SNOWFALL (IN)
  TODAY            0.0           0.0    MM   0.0    0.0      0.0
  MONTH TO DATE    0.0                       0.0    0.0      0.0
  SINCE MAR 1      7.3                      10.5   -3.2     13.1
  SINCE JUL 1     38.1                      46.8   -8.7     74.8
  SNOW DEPTH       0

DEGREE DAYS
 HEATING
  TODAY           16                         5     11        0
  MONTH TO DATE  242                       257    -15      256
  SINCE MAR 1   1753                      1877   -124     2250
  SINCE JUL 1   8106                      7898    208     9142

 COOLING
  TODAY            0                         2     -2       11
  MONTH TO DATE   18                        28    -10       35
  SINCE MAR 1     18                        32    -14       35
  SINCE JAN 1     18                        32    -14       35
..................................................................


WIND (MPH)
  HIGHEST WIND SPEED    13   HIGHEST WIND DIRECTION    NE (60)
  HIGHEST GUST SPEED    19   HIGHEST GUST DIRECTION    NE (60)
  AVERAGE WIND SPEED     7.3


SKY COVER
  POSSIBLE SUNSHINE  MM
  AVERAGE SKY COVER 0.0


WEATHER CONDITIONS
 THE FOLLOWING WEATHER WAS RECORDED TODAY.
  NO SIGNIFICANT WEATHER WAS OBSERVED.


RELATIVE HUMIDITY (PERCENT)
 HIGHEST    89           500 AM
 LOWEST     39          1200 PM
 AVERAGE    64

..........................................................


THE EAU CLAIRE WI CLIMATE NORMALS FOR TOMORROW
                         NORMAL    RECORD    YEAR
 MAXIMUM TEMPERATURE (F)   74       105      1934
 MINIMUM TEMPERATURE (F)   51        25      1897


SUNRISE AND SUNSET
MAY 31 2015...........SUNRISE   524 AM CDT   SUNSET   844 PM CDT
JUNE  1 2015..........SUNRISE   523 AM CDT   SUNSET   845 PM CDT


-  INDICATES NEGATIVE NUMBERS.
R  INDICATES RECORD WAS SET OR TIED.
MM INDICATES DATA IS MISSING.
T  INDICATES TRACE AMOUNT.




$$
