000
CDUS43 KMPX 290653
CLIEAU


CLIMATE REPORT
NATIONAL WEATHER SERVICE CHANHASSEN MN
1252 AM CST THU JAN 29 2015


...................................

...THE EAU CLAIRE WI CLIMATE SUMMARY FOR JANUARY 28 2015...

CLIMATE NORMAL PERIOD 1981 TO 2010
CLIMATE RECORD PERIOD 1893 TO 2015


WEATHER ITEM   OBSERVED TIME   RECORD YEAR NORMAL DEPARTURE LAST
                VALUE   (LST)  VALUE       VALUE  FROM      YEAR
                                                  NORMAL
..................................................................
TEMPERATURE (F)
 YESTERDAY
  MAXIMUM         30    455 PM  45    2008  24      6       -2
  MINIMUM         24    643 AM -36    1915   5     19      -21
  AVERAGE         27                        15     12      -11

PRECIPITATION (IN)
  YESTERDAY        0.00          0.58 1914   0.03  -0.03     0.00
  MONTH TO DATE    0.37                      0.80  -0.43     1.27
  SINCE DEC 1      1.05                      1.80  -0.75     2.80
  SINCE JAN 1      0.37                      0.80  -0.43     1.27

SNOWFALL (IN)
  YESTERDAY        0.0           2.5  1949   0.4   -0.4      0.0
  MONTH TO DATE    6.4                      12.0   -5.6     19.3
  SINCE DEC 1     12.7                      21.5   -8.8     38.3
  SINCE JUL 1     26.9                      27.8   -0.9     40.5
  SNOW DEPTH       4

DEGREE DAYS
 HEATING
  YESTERDAY       38                        50    -12       76
  MONTH TO DATE 1376                      1420    -44     1656
  SINCE DEC 1   2656                      2850   -194     3321
  SINCE JUL 1   4628                      4596     32     5066

 COOLING
  YESTERDAY        0                         0      0        0
  MONTH TO DATE    0                         0      0        0
  SINCE DEC 1      0                         0      0        0
  SINCE JAN 1      0                         0      0        0
..................................................................


WIND (MPH)
  HIGHEST WIND SPEED    18   HIGHEST WIND DIRECTION    SE (150)
  HIGHEST GUST SPEED    24   HIGHEST GUST DIRECTION    SE (150)
  AVERAGE WIND SPEED     9.4


SKY COVER
  POSSIBLE SUNSHINE  MM
  AVERAGE SKY COVER 1.0


WEATHER CONDITIONS
 THE FOLLOWING WEATHER WAS RECORDED YESTERDAY.
  FOG
  HAZE


RELATIVE HUMIDITY (PERCENT)
 HIGHEST    88           900 AM
 LOWEST     72           400 PM
 AVERAGE    80

..........................................................


THE EAU CLAIRE WI CLIMATE NORMALS FOR TODAY
                         NORMAL    RECORD    YEAR
 MAXIMUM TEMPERATURE (F)   24        45      1927
 MINIMUM TEMPERATURE (F)    6       -34      1951


SUNRISE AND SUNSET
JANUARY 29 2015.......SUNRISE   729 AM CST   SUNSET   510 PM CST
JANUARY 30 2015.......SUNRISE   728 AM CST   SUNSET   511 PM CST


-  INDICATES NEGATIVE NUMBERS.
R  INDICATES RECORD WAS SET OR TIED.
MM INDICATES DATA IS MISSING.
T  INDICATES TRACE AMOUNT.




$$
