312
CDUS43 KMPX 110723
CLIEAU


CLIMATE REPORT
NATIONAL WEATHER SERVICE CHANHASSEN MN
122 AM CST THU FEB 11 2016


...................................

...THE EAU CLAIRE WI CLIMATE SUMMARY FOR FEBRUARY 10 2016...

CLIMATE NORMAL PERIOD 1981 TO 2010
CLIMATE RECORD PERIOD 1893 TO 2016


WEATHER ITEM   OBSERVED TIME   RECORD YEAR NORMAL DEPARTURE LAST
                VALUE   (LST)  VALUE       VALUE  FROM      YEAR
                                                  NORMAL
..................................................................
TEMPERATURE (F)
 YESTERDAY
  MAXIMUM         10    436 PM  48    2009  27    -17       25
  MINIMUM         -4    732 AM -40    1899   8    -12        8
  AVERAGE          3                        18    -15       17

PRECIPITATION (IN)
  YESTERDAY        0.00          1.15 1898   0.03  -0.03     0.14
  MONTH TO DATE    0.45                      0.27   0.18     0.17
  SINCE DEC 1      4.71                      2.16   2.55     1.22
  SINCE JAN 1      0.87                      1.16  -0.29     0.54

SNOWFALL (IN)
  YESTERDAY        0.0           5.0  1953   0.3   -0.3      1.4
  MONTH TO DATE    7.2                       3.0    4.2      2.7
  SINCE DEC 1     21.8                      25.7   -3.9     15.4
  SINCE JUL 1     23.2                      32.0   -8.8     29.6
  SNOW DEPTH       5

DEGREE DAYS
 HEATING
  YESTERDAY       62                        47     15       48
  MONTH TO DATE  475                       485    -10      507
  SINCE DEC 1   3044                      3483   -439     3300
  SINCE JUL 1   4406                      5229   -823     5272

 COOLING
  YESTERDAY        0                         0      0        0
  MONTH TO DATE    0                         0      0        0
  SINCE DEC 1      0                         0      0        0
  SINCE JAN 1      0                         0      0        0
..................................................................


WIND (MPH)
  HIGHEST WIND SPEED    13   HIGHEST WIND DIRECTION     N (340)
  HIGHEST GUST SPEED    17   HIGHEST GUST DIRECTION     N (340)
  AVERAGE WIND SPEED     6.0


SKY COVER
  POSSIBLE SUNSHINE  MM
  AVERAGE SKY COVER 0.0


WEATHER CONDITIONS
 THE FOLLOWING WEATHER WAS RECORDED YESTERDAY.
  NO SIGNIFICANT WEATHER WAS OBSERVED.


RELATIVE HUMIDITY (PERCENT)
 HIGHEST    72           400 AM
 LOWEST     52           300 PM
 AVERAGE    62

..........................................................


THE EAU CLAIRE WI CLIMATE NORMALS FOR TODAY
                         NORMAL    RECORD    YEAR
 MAXIMUM TEMPERATURE (F)   28        49      1961
 MINIMUM TEMPERATURE (F)    8       -36      1899


SUNRISE AND SUNSET
FEBRUARY 11 2016......SUNRISE   713 AM CST   SUNSET   528 PM CST
FEBRUARY 12 2016......SUNRISE   712 AM CST   SUNSET   529 PM CST


-  INDICATES NEGATIVE NUMBERS.
R  INDICATES RECORD WAS SET OR TIED.
MM INDICATES DATA IS MISSING.
T  INDICATES TRACE AMOUNT.




$$
