000
CDUS43 KMPX 170802
CLIEAU


CLIMATE REPORT
NATIONAL WEATHER SERVICE CHANHASSEN MN
201 AM CST SAT FEB 17 2018


...................................

...THE EAU CLAIRE WI CLIMATE SUMMARY FOR FEBRUARY 16 2018...

CLIMATE NORMAL PERIOD 1981 TO 2010
CLIMATE RECORD PERIOD 1893 TO 2018


WEATHER ITEM   OBSERVED TIME   RECORD YEAR NORMAL DEPARTURE LAST
                VALUE   (LST)  VALUE       VALUE  FROM      YEAR
                                                  NORMAL
..................................................................
TEMPERATURE (F)
 YESTERDAY
  MAXIMUM         27   1203 AM  58    1931  29     -2       38
                                      1921
  MINIMUM          1    910 AM -33    1936  10     -9       20
  AVERAGE         14                        20     -6       29

PRECIPITATION (IN)
  YESTERDAY        0.00          0.52 1990   0.02  -0.02     0.00
  MONTH TO DATE    0.24                      0.43  -0.19     0.01
  SINCE DEC 1      2.41                      2.32   0.09     4.46
  SINCE JAN 1      1.50                      1.32   0.18     2.36

SNOWFALL (IN)
  YESTERDAY        0.0           4.8  1980   0.2   -0.2      0.0
  MONTH TO DATE    4.5                       4.4    0.1       T
  SINCE DEC 1     27.0                      27.1   -0.1     36.5
  SINCE JUL 1     30.3                      33.4   -3.1     38.2
  SNOW DEPTH       4

DEGREE DAYS
 HEATING
  YESTERDAY       51                        45      6       36
  MONTH TO DATE  916                       762    154      698
  SINCE DEC 1   4005                      3760    245     3563
  SINCE JUL 1   5646                      5506    140     4772

 COOLING
  YESTERDAY        0                         0      0        0
  MONTH TO DATE    0                         0      0        0
  SINCE DEC 1      0                         0      0        0
  SINCE JAN 1      0                         0      0        0
..................................................................


WIND (MPH)
  HIGHEST WIND SPEED    22   HIGHEST WIND DIRECTION    NW (330)
  HIGHEST GUST SPEED    31   HIGHEST GUST DIRECTION    NW (310)
  AVERAGE WIND SPEED    10.1


SKY COVER
  POSSIBLE SUNSHINE  MM
  AVERAGE SKY COVER 0.0


WEATHER CONDITIONS
 THE FOLLOWING WEATHER WAS RECORDED YESTERDAY.
  NO SIGNIFICANT WEATHER WAS OBSERVED.


RELATIVE HUMIDITY (PERCENT)
 HIGHEST    63          1000 PM
 LOWEST     46           400 PM
 AVERAGE    55

..........................................................


THE EAU CLAIRE WI CLIMATE NORMALS FOR TODAY
                         NORMAL    RECORD    YEAR
 MAXIMUM TEMPERATURE (F)   30        55      1981
 MINIMUM TEMPERATURE (F)   11       -24      1903


SUNRISE AND SUNSET
FEBRUARY 17 2018......SUNRISE   703 AM CST   SUNSET   537 PM CST
FEBRUARY 18 2018......SUNRISE   702 AM CST   SUNSET   538 PM CST


-  INDICATES NEGATIVE NUMBERS.
R  INDICATES RECORD WAS SET OR TIED.
MM INDICATES DATA IS MISSING.
T  INDICATES TRACE AMOUNT.




$$
