000
CDUS43 KMPX 270632
CLIEAU


CLIMATE REPORT
NATIONAL WEATHER SERVICE CHANHASSEN MN
131 AM CDT WED MAY 27 2015


...................................

...THE EAU CLAIRE WI CLIMATE SUMMARY FOR MAY 26 2015...

CLIMATE NORMAL PERIOD 1981 TO 2010
CLIMATE RECORD PERIOD 1893 TO 2015


WEATHER ITEM   OBSERVED TIME   RECORD YEAR NORMAL DEPARTURE LAST
                VALUE   (LST)  VALUE       VALUE  FROM      YEAR
                                                  NORMAL
..................................................................
TEMPERATURE (F)
 YESTERDAY
  MAXIMUM         65    301 PM  93    1914  73     -8       86
  MINIMUM         55    256 AM  28    1961  49      6       61
  AVERAGE         60                        61     -1       74

PRECIPITATION (IN)
  YESTERDAY        0.92          2.35 1926   0.12   0.80     0.00
  MONTH TO DATE    4.89                      2.87   2.02     3.42
  SINCE MAR 1      8.36                      7.35   1.01    10.24
  SINCE JAN 1      8.95                      9.05  -0.10    13.44

SNOWFALL (IN)
  YESTERDAY        0.0           0.0    MM   0.0    0.0      0.0
  MONTH TO DATE    0.0                       0.2   -0.2      0.0
  SINCE MAR 1      7.3                      10.7   -3.4     13.1
  SINCE JUL 1     38.1                      47.0   -8.9     74.8
  SNOW DEPTH       0

DEGREE DAYS
 HEATING
  YESTERDAY        5                         6     -1        0
  MONTH TO DATE  213                       231    -18      256
  SINCE MAR 1   1724                      1851   -127     2250
  SINCE JUL 1   8077                      7872    205     9142

 COOLING
  YESTERDAY        0                         1     -1        9
  MONTH TO DATE   11                        20     -9        9
  SINCE MAR 1     11                        24    -13        9
  SINCE JAN 1     11                        24    -13        9
..................................................................


WIND (MPH)
  HIGHEST WIND SPEED    14   HIGHEST WIND DIRECTION    NW (320)
  HIGHEST GUST SPEED    18   HIGHEST GUST DIRECTION    NW (320)
  AVERAGE WIND SPEED     4.9


SKY COVER
  POSSIBLE SUNSHINE  MM
  AVERAGE SKY COVER 0.7


WEATHER CONDITIONS
 THE FOLLOWING WEATHER WAS RECORDED YESTERDAY.
  HEAVY RAIN
  RAIN
  LIGHT RAIN
  FOG


RELATIVE HUMIDITY (PERCENT)
 HIGHEST   100          1200 AM
 LOWEST     84          1000 AM
 AVERAGE    92

..........................................................


THE EAU CLAIRE WI CLIMATE NORMALS FOR TODAY
                         NORMAL    RECORD    YEAR
 MAXIMUM TEMPERATURE (F)   73        91      1969
 MINIMUM TEMPERATURE (F)   49        30      1971


SUNRISE AND SUNSET
MAY 27 2015...........SUNRISE   526 AM CDT   SUNSET   840 PM CDT
MAY 28 2015...........SUNRISE   526 AM CDT   SUNSET   841 PM CDT


-  INDICATES NEGATIVE NUMBERS.
R  INDICATES RECORD WAS SET OR TIED.
MM INDICATES DATA IS MISSING.
T  INDICATES TRACE AMOUNT.




$$
