000
CDUS43 KMPX 182226
CLIEAU


CLIMATE REPORT
NATIONAL WEATHER SERVICE CHANHASSEN MN
426 PM CST SAT FEB 18 2017


...................................

...THE EAU CLAIRE WI CLIMATE SUMMARY FOR FEBRUARY 18 2017...
VALID AS OF 0400 PM LOCAL TIME.

CLIMATE NORMAL PERIOD 1981 TO 2010
CLIMATE RECORD PERIOD 1893 TO 2017


WEATHER ITEM   OBSERVED TIME   RECORD YEAR NORMAL DEPARTURE LAST
                VALUE   (LST)  VALUE       VALUE  FROM      YEAR
                                                  NORMAL
..................................................................
TEMPERATURE (F)
 TODAY
  MAXIMUM         52    359 PM  59    1981  30     22       39
  MINIMUM         33    703 AM -22    1903  11     22       22
  AVERAGE         43                        20     23       31

PRECIPITATION (IN)
  TODAY            0.00          0.47 1961   0.03  -0.03     0.00
  MONTH TO DATE    0.01                      0.49  -0.48     0.46
  SINCE DEC 1      4.46                      2.38   2.08     4.72
  SINCE JAN 1      2.36                      1.38   0.98     0.88

SNOWFALL (IN)
  TODAY            0.0           7.4  1961   0.2   -0.2      0.0
  MONTH TO DATE    T                         4.8   -4.8      7.9
  SINCE DEC 1     36.5                      27.5    9.0     22.5
  SINCE JUL 1     38.2                      33.8    4.4     23.9
  SNOW DEPTH       T

DEGREE DAYS
 HEATING
  TODAY           22                        45    -23       34
  MONTH TO DATE  746                       852   -106      892
  SINCE DEC 1   3611                      3850   -239     3461
  SINCE JUL 1   4820                      5596   -776     4823

 COOLING
  TODAY            0                         0      0        0
  MONTH TO DATE    0                         0      0        0
  SINCE DEC 1      0                         0      0        0
  SINCE JAN 1      0                         0      0        0
..................................................................


WIND (MPH)
  HIGHEST WIND SPEED    13   HIGHEST WIND DIRECTION     W (250)
  HIGHEST GUST SPEED    14   HIGHEST GUST DIRECTION    SW (240)
  AVERAGE WIND SPEED     6.4


SKY COVER
  POSSIBLE SUNSHINE  MM
  AVERAGE SKY COVER 0.0


WEATHER CONDITIONS
 THE FOLLOWING WEATHER WAS RECORDED TODAY.
  NO SIGNIFICANT WEATHER WAS OBSERVED.


RELATIVE HUMIDITY (PERCENT)
 HIGHEST    96           700 AM
 LOWEST     52           200 PM
 AVERAGE    74

..........................................................


THE EAU CLAIRE WI CLIMATE NORMALS FOR TOMORROW
                         NORMAL    RECORD    YEAR
 MAXIMUM TEMPERATURE (F)   30        60      1930
 MINIMUM TEMPERATURE (F)   11       -26      1929


SUNRISE AND SUNSET
FEBRUARY 18 2017......SUNRISE   701 AM CST   SUNSET   539 PM CST
FEBRUARY 19 2017......SUNRISE   700 AM CST   SUNSET   540 PM CST


-  INDICATES NEGATIVE NUMBERS.
R  INDICATES RECORD WAS SET OR TIED.
MM INDICATES DATA IS MISSING.
T  INDICATES TRACE AMOUNT.




$$
