000
CDUS43 KMPX 262129
CLIEAU


CLIMATE REPORT
NATIONAL WEATHER SERVICE CHANHASSEN MN
428 PM CDT SUN OCT 26 2014


...................................

...THE EAU CLAIRE WI CLIMATE SUMMARY FOR OCTOBER 26 2014...
VALID AS OF 0400 PM LOCAL TIME.

CLIMATE NORMAL PERIOD 1981 TO 2010
CLIMATE RECORD PERIOD 1893 TO 2014


WEATHER ITEM   OBSERVED TIME   RECORD YEAR NORMAL DEPARTURE LAST
                VALUE   (LST)  VALUE       VALUE  FROM      YEAR
                                                  NORMAL
..................................................................
TEMPERATURE (F)
 TODAY
  MAXIMUM         63    259 PM  84    1927  53     10       51
  MINIMUM         29    621 AM  13    1962  34     -5       29
  AVERAGE         46                        44      2       40

PRECIPITATION (IN)
  TODAY            0.00          1.44 1941   0.06  -0.06      T
  MONTH TO DATE    2.43                      2.05   0.38     3.36
  SINCE SEP 1      7.89                      5.73   2.16     5.13
  SINCE JAN 1     40.56                     27.85  12.71    32.77

SNOWFALL (IN)
  TODAY            0.0           1.1  1959   0.0    0.0      0.0
  MONTH TO DATE    0.6                       0.2    0.4       T
  SINCE SEP 1      0.6                       0.2    0.4       T
  SINCE JUL 1      0.6                       0.2    0.4       T
  SNOW DEPTH       0

DEGREE DAYS
 HEATING
  TODAY           19                        22     -3       25
  MONTH TO DATE  454                       438     16      432
  SINCE SEP 1    641                       632      9      561
  SINCE JUL 1    664                       671     -7      599

 COOLING
  TODAY            0                         0      0        0
  MONTH TO DATE    0                         0      0        0
  SINCE SEP 1     22                        48    -26       87
  SINCE JAN 1    500                       575    -75      653
..................................................................


WIND (MPH)
  HIGHEST WIND SPEED    13   HIGHEST WIND DIRECTION    SE (150)
  HIGHEST GUST SPEED    19   HIGHEST GUST DIRECTION    SE (140)
  AVERAGE WIND SPEED     3.8


SKY COVER
  POSSIBLE SUNSHINE  MM
  AVERAGE SKY COVER 0.0


WEATHER CONDITIONS
 THE FOLLOWING WEATHER WAS RECORDED TODAY.
  NO SIGNIFICANT WEATHER WAS OBSERVED.


RELATIVE HUMIDITY (PERCENT)
 HIGHEST    92           700 AM
 LOWEST     25           100 PM
 AVERAGE    59

..........................................................


THE EAU CLAIRE WI CLIMATE NORMALS FOR TOMORROW
                         NORMAL    RECORD    YEAR
 MAXIMUM TEMPERATURE (F)   53        78      1927
 MINIMUM TEMPERATURE (F)   33        11      1976


SUNRISE AND SUNSET
OCTOBER 26 2014.......SUNRISE   736 AM CDT   SUNSET   603 PM CDT
OCTOBER 27 2014.......SUNRISE   737 AM CDT   SUNSET   602 PM CDT


-  INDICATES NEGATIVE NUMBERS.
R  INDICATES RECORD WAS SET OR TIED.
MM INDICATES DATA IS MISSING.
T  INDICATES TRACE AMOUNT.




$$
