000
CDUS43 KMPX 040047
CLIEAU


CLIMATE REPORT
NATIONAL WEATHER SERVICE CHANHASSEN MN
747 PM CDT TUE MAY 3 2016


...................................

...THE EAU CLAIRE WI CLIMATE SUMMARY FOR MAY 3 2016...
VALID TODAY AS OF 0700 PM LOCAL TIME.

CLIMATE NORMAL PERIOD 1981 TO 2010
CLIMATE RECORD PERIOD 1893 TO 2016


WEATHER ITEM   OBSERVED TIME   RECORD YEAR NORMAL DEPARTURE LAST
                VALUE   (LST)  VALUE       VALUE  FROM      YEAR
                                                  NORMAL
..................................................................
TEMPERATURE (F)
 TODAY
  MAXIMUM         70    442 PM  93    1949  66      4       81
  MINIMUM         41    525 AM  20    1967  41      0       54
  AVERAGE         56                        54      2       68

PRECIPITATION (IN)
  TODAY            0.15          2.02 1981   0.11   0.04     1.06
  MONTH TO DATE    0.15                      0.33  -0.18     1.06
  SINCE MAR 1      7.37                      4.81   2.56     4.53
  SINCE JAN 1      8.53                      6.51   2.02     5.12

SNOWFALL (IN)
  TODAY            0.0           0.6  2013   0.1   -0.1      0.0
  MONTH TO DATE    0.0                       0.1   -0.1      0.0
  SINCE MAR 1     13.9                      10.6    3.3      7.3
  SINCE JUL 1     38.0                      46.9   -8.9     38.1
  SNOW DEPTH       0

DEGREE DAYS
 HEATING
  TODAY            9                        12     -3        0
  MONTH TO DATE   34                        36     -2       15
  SINCE MAR 1   1422                      1656   -234     1526
  SINCE JUL 1   6600                      7676  -1076     7879

 COOLING
  TODAY            0                         0      0        3
  MONTH TO DATE    0                         0      0        3
  SINCE MAR 1      4                         4      0        3
  SINCE JAN 1      4                         4      0        3
..................................................................


WIND (MPH)
  HIGHEST WIND SPEED    26   HIGHEST WIND DIRECTION     N (360)
  HIGHEST GUST SPEED    36   HIGHEST GUST DIRECTION     N (360)
  AVERAGE WIND SPEED    10.8


SKY COVER
  POSSIBLE SUNSHINE  MM
  AVERAGE SKY COVER 0.3


WEATHER CONDITIONS
 THE FOLLOWING WEATHER WAS RECORDED TODAY.
  THUNDERSTORM
  HEAVY RAIN
  RAIN
  LIGHT RAIN


RELATIVE HUMIDITY (PERCENT)
 HIGHEST    86           500 AM
 LOWEST     23          1200 PM
 AVERAGE    55

..........................................................


THE EAU CLAIRE WI CLIMATE NORMALS FOR TOMORROW
                         NORMAL    RECORD    YEAR
 MAXIMUM TEMPERATURE (F)   66        91      1949
 MINIMUM TEMPERATURE (F)   42        20      1907


SUNRISE AND SUNSET
MAY  3 2016...........SUNRISE   552 AM CDT   SUNSET   814 PM CDT
MAY  4 2016...........SUNRISE   551 AM CDT   SUNSET   816 PM CDT


-  INDICATES NEGATIVE NUMBERS.
R  INDICATES RECORD WAS SET OR TIED.
MM INDICATES DATA IS MISSING.
T  INDICATES TRACE AMOUNT.




$$
