000
CDUS43 KMPX 280026
CLIEAU


CLIMATE REPORT
NATIONAL WEATHER SERVICE CHANHASSEN MN
726 PM CDT SUN JUL 27 2014


...................................

...THE EAU CLAIRE WI CLIMATE SUMMARY FOR JULY 27 2014...
VALID TODAY AS OF 0700 PM LOCAL TIME.

CLIMATE NORMAL PERIOD 1981 TO 2010
CLIMATE RECORD PERIOD 1893 TO 2014


WEATHER ITEM   OBSERVED TIME   RECORD YEAR NORMAL DEPARTURE LAST
                VALUE   (LST)  VALUE       VALUE  FROM      YEAR
                                                  NORMAL
..................................................................
TEMPERATURE (F)
 TODAY
  MAXIMUM         77    230 PM 102    1931  83     -6       60
  MINIMUM         60    439 AM  46    2013  60      0       46
                                      1981
  AVERAGE         69                        71     -2       53

PRECIPITATION (IN)
  TODAY            0.07          1.66 1987   0.12  -0.05     0.04
  MONTH TO DATE    2.16                      3.35  -1.19     0.60
  SINCE JUN 1     12.00                      7.48   4.52     6.46
  SINCE JAN 1     26.10                     17.12   8.98    26.51

SNOWFALL (IN)
  TODAY            0.0           0.0    MM   0.0    0.0      0.0
  MONTH TO DATE    0.0                       0.0    0.0      0.0
  SINCE JUN 1      0.0                       0.0    0.0      0.0
  SINCE JUL 1      0.0                       0.0    0.0      0.0
  SNOW DEPTH       0

DEGREE DAYS
 HEATING
  TODAY            0                         0      0       12
  MONTH TO DATE   18                         2     16       18
  SINCE JUN 1     43                        64    -21       81
  SINCE JUL 1     18                         2     16       18

 COOLING
  TODAY            4                         7     -3        0
  MONTH TO DATE  132                       188    -56      234
  SINCE JUN 1    266                       308    -42      324
  SINCE JAN 1    301                       340    -39      356
..................................................................


WIND (MPH)
  HIGHEST WIND SPEED    21   HIGHEST WIND DIRECTION     N (10)
  HIGHEST GUST SPEED    27   HIGHEST GUST DIRECTION    NE (30)
  AVERAGE WIND SPEED    10.6


SKY COVER
  POSSIBLE SUNSHINE  MM
  AVERAGE SKY COVER 0.5


WEATHER CONDITIONS
 THE FOLLOWING WEATHER WAS RECORDED TODAY.
  RAIN
  FOG


RELATIVE HUMIDITY (PERCENT)
 HIGHEST   100          1200 AM
 LOWEST     58           200 PM
 AVERAGE    79

..........................................................


THE EAU CLAIRE WI CLIMATE NORMALS FOR TOMORROW
                         NORMAL    RECORD    YEAR
 MAXIMUM TEMPERATURE (F)   83       101      1931
 MINIMUM TEMPERATURE (F)   60        47      1928


SUNRISE AND SUNSET
JULY 27 2014..........SUNRISE   546 AM CDT   SUNSET   838 PM CDT
JULY 28 2014..........SUNRISE   547 AM CDT   SUNSET   837 PM CDT


-  INDICATES NEGATIVE NUMBERS.
R  INDICATES RECORD WAS SET OR TIED.
MM INDICATES DATA IS MISSING.
T  INDICATES TRACE AMOUNT.




$$
