000
CDUS43 KMPX 040635
CLIEAU


CLIMATE REPORT
NATIONAL WEATHER SERVICE CHANHASSEN MN
1235 AM CST WED MAR 4 2015


...................................

...THE EAU CLAIRE WI CLIMATE SUMMARY FOR MARCH 3 2015...

CLIMATE NORMAL PERIOD 1981 TO 2010
CLIMATE RECORD PERIOD 1893 TO 2015


WEATHER ITEM   OBSERVED TIME   RECORD YEAR NORMAL DEPARTURE LAST
                VALUE   (LST)  VALUE       VALUE  FROM      YEAR
                                                  NORMAL
..................................................................
TEMPERATURE (F)
 YESTERDAY
  MAXIMUM         29    407 PM  58    1894  35     -6       10
                                      1946
  MINIMUM          9   1159 PM -21    2014  16     -7      -21
  AVERAGE         19                        26     -7       -5

PRECIPITATION (IN)
  YESTERDAY        0.11          0.87 1964   0.04   0.07     0.01
  MONTH TO DATE    0.11                      0.12  -0.01     0.01
  SINCE MAR 1      0.11                      0.12  -0.01     0.01
  SINCE JAN 1      0.70                      1.82  -1.12     3.21

SNOWFALL (IN)
  YESTERDAY        1.5           8.0  1989   0.3    1.2      0.2
  MONTH TO DATE    1.5                       0.9    0.6      0.2
  SINCE MAR 1      1.5                       0.9    0.6      0.2
  SINCE JUL 1     32.3                      37.2   -4.9     61.9
  SNOW DEPTH       3

DEGREE DAYS
 HEATING
  YESTERDAY       46                        39      7       70
  MONTH TO DATE  144                       119     25      205
  SINCE MAR 1    144                       119     25      205
  SINCE JUL 1   6497                      6140    357     7097

 COOLING
  YESTERDAY        0                         0      0        0
  MONTH TO DATE    0                         0      0        0
  SINCE MAR 1      0                         0      0        0
  SINCE JAN 1      0                         0      0        0
..................................................................


WIND (MPH)
  HIGHEST WIND SPEED    24   HIGHEST WIND DIRECTION     W (290)
  HIGHEST GUST SPEED    30   HIGHEST GUST DIRECTION    NW (300)
  AVERAGE WIND SPEED     9.3


SKY COVER
  POSSIBLE SUNSHINE  MM
  AVERAGE SKY COVER 0.8


WEATHER CONDITIONS
 THE FOLLOWING WEATHER WAS RECORDED YESTERDAY.
  SNOW
  LIGHT SNOW
  FOG
  FOG W/VISIBILITY <= 1/4 MILE
  HAZE


RELATIVE HUMIDITY (PERCENT)
 HIGHEST    92          1000 AM
 LOWEST     54           700 PM
 AVERAGE    73

..........................................................


THE EAU CLAIRE WI CLIMATE NORMALS FOR TODAY
                         NORMAL    RECORD    YEAR
 MAXIMUM TEMPERATURE (F)   35        61      2000
 MINIMUM TEMPERATURE (F)   17       -19      1917


SUNRISE AND SUNSET
MARCH  4 2015.........SUNRISE   639 AM CST   SUNSET   557 PM CST
MARCH  5 2015.........SUNRISE   637 AM CST   SUNSET   559 PM CST


-  INDICATES NEGATIVE NUMBERS.
R  INDICATES RECORD WAS SET OR TIED.
MM INDICATES DATA IS MISSING.
T  INDICATES TRACE AMOUNT.




$$
