000
CDUS43 KMPX 310729
CLIEAU


CLIMATE REPORT
NATIONAL WEATHER SERVICE CHANHASSEN MN
229 AM CDT SUN AUG 31 2014


...................................

...THE EAU CLAIRE WI CLIMATE SUMMARY FOR AUGUST 30 2014...

CLIMATE NORMAL PERIOD 1981 TO 2010
CLIMATE RECORD PERIOD 1893 TO 2014


WEATHER ITEM   OBSERVED TIME   RECORD YEAR NORMAL DEPARTURE LAST
                VALUE   (LST)  VALUE       VALUE  FROM      YEAR
                                                  NORMAL
..................................................................
TEMPERATURE (F)
 YESTERDAY
  MAXIMUM         74   1244 PM  97    2012  78     -4       86
                                      1941
  MINIMUM         57   1159 PM  36    1915  56      1       66
  AVERAGE         66                        67     -1       76

PRECIPITATION (IN)
  YESTERDAY        0.17          2.04 1962   0.13   0.04      T
  MONTH TO DATE    5.74                      4.34   1.40     1.09
  SINCE JUN 1     18.02                     12.35   5.67     7.59
  SINCE JAN 1     32.12                     21.99  10.13    27.64

SNOWFALL (IN)
  YESTERDAY        0.0           0.0    MM   0.0    0.0      0.0
  MONTH TO DATE    0.0                       0.0    0.0      0.0
  SINCE JUN 1      0.0                       0.0    0.0      0.0
  SINCE JUL 1      0.0                       0.0    0.0      0.0
  SNOW DEPTH       0

DEGREE DAYS
 HEATING
  YESTERDAY        0                         2     -2        0
  MONTH TO DATE    5                        28    -23       12
  SINCE JUN 1     48                       101    -53      101
  SINCE JUL 1     23                        39    -16       38

 COOLING
  YESTERDAY        1                         4     -3       11
  MONTH TO DATE  166                       157      9      194
  SINCE JUN 1    438                       491    -53      526
  SINCE JAN 1    473                       523    -50      558
..................................................................


WIND (MPH)
  HIGHEST WIND SPEED    14   HIGHEST WIND DIRECTION    NW (330)
  HIGHEST GUST SPEED    16   HIGHEST GUST DIRECTION    NW (320)
  AVERAGE WIND SPEED     3.5


SKY COVER
  POSSIBLE SUNSHINE  MM
  AVERAGE SKY COVER 0.8


WEATHER CONDITIONS
 THE FOLLOWING WEATHER WAS RECORDED YESTERDAY.
  RAIN
  LIGHT RAIN
  FOG
  FOG W/VISIBILITY <= 1/4 MILE


RELATIVE HUMIDITY (PERCENT)
 HIGHEST   100           200 AM
 LOWEST     79           200 PM
 AVERAGE    90

..........................................................


THE EAU CLAIRE WI CLIMATE NORMALS FOR TODAY
                         NORMAL    RECORD    YEAR
 MAXIMUM TEMPERATURE (F)   77        97      1898
 MINIMUM TEMPERATURE (F)   56        38      1967


SUNRISE AND SUNSET
AUGUST 31 2014........SUNRISE   627 AM CDT   SUNSET   745 PM CDT
SEPTEMBER  1 2014.....SUNRISE   628 AM CDT   SUNSET   743 PM CDT


-  INDICATES NEGATIVE NUMBERS.
R  INDICATES RECORD WAS SET OR TIED.
MM INDICATES DATA IS MISSING.
T  INDICATES TRACE AMOUNT.




$$
