000
CDUS43 KMPX 192130
CLIEAU


CLIMATE REPORT
NATIONAL WEATHER SERVICE CHANHASSEN MN
430 PM CDT FRI MAY 19 2017


...................................

...THE EAU CLAIRE WI CLIMATE SUMMARY FOR MAY 19 2017...
VALID TODAY AS OF 0400 PM LOCAL TIME.

CLIMATE NORMAL PERIOD 1981 TO 2010
CLIMATE RECORD PERIOD 1893 TO 2017


WEATHER ITEM   OBSERVED TIME   RECORD YEAR NORMAL DEPARTURE LAST
                VALUE   (LST)  VALUE       VALUE  FROM      YEAR
                                                  NORMAL
..................................................................
TEMPERATURE (F)
 TODAY
  MAXIMUM         56    248 PM  94    1934  71    -15       74
  MINIMUM         38    337 AM  27    1929  46     -8       36
  AVERAGE         47                        58    -11       55

PRECIPITATION (IN)
  TODAY            0.00          2.00 1897   0.12  -0.12     0.00
  MONTH TO DATE    3.15                      2.07   1.08     0.97
  SINCE MAR 1      9.21                      6.55   2.66     8.19
  SINCE JAN 1     13.29                      8.25   5.04     9.35

SNOWFALL (IN)
  TODAY            0.0           T    1924   0.0    0.0      0.0
  MONTH TO DATE    T                         0.2   -0.2      0.0
  SINCE MAR 1      5.6                      10.7   -5.1     13.9
  SINCE JUL 1     54.5                      47.0    7.5     38.0
  SNOW DEPTH       0

DEGREE DAYS
 HEATING
  TODAY           18                         7     11       10
  MONTH TO DATE  193                       185      8      236
  SINCE MAR 1   1764                      1805    -41     1624
  SINCE JUL 1   6874                      7825   -951     6802

 COOLING
  TODAY            0                         1     -1        0
  MONTH TO DATE    7                        13     -6        3
  SINCE MAR 1      7                        17    -10        7
  SINCE JAN 1      7                        17    -10        7
..................................................................


WIND (MPH)
  HIGHEST WIND SPEED    18   HIGHEST WIND DIRECTION     E (70)
  HIGHEST GUST SPEED    23   HIGHEST GUST DIRECTION     E (70)
  AVERAGE WIND SPEED    11.1


SKY COVER
  POSSIBLE SUNSHINE  MM
  AVERAGE SKY COVER 0.1


WEATHER CONDITIONS
 THE FOLLOWING WEATHER WAS RECORDED TODAY.
  NO SIGNIFICANT WEATHER WAS OBSERVED.


RELATIVE HUMIDITY (PERCENT)
 HIGHEST    85           200 AM
 LOWEST     32           300 PM
 AVERAGE    59

..........................................................


THE EAU CLAIRE WI CLIMATE NORMALS FOR TOMORROW
                         NORMAL    RECORD    YEAR
 MAXIMUM TEMPERATURE (F)   71        94      1934
 MINIMUM TEMPERATURE (F)   47        27      2002


SUNRISE AND SUNSET
MAY 19 2017...........SUNRISE   533 AM CDT   SUNSET   833 PM CDT
MAY 20 2017...........SUNRISE   532 AM CDT   SUNSET   834 PM CDT


-  INDICATES NEGATIVE NUMBERS.
R  INDICATES RECORD WAS SET OR TIED.
MM INDICATES DATA IS MISSING.
T  INDICATES TRACE AMOUNT.




$$
