000
CDUS43 KMPX 230625
CLIEAU


CLIMATE REPORT
NATIONAL WEATHER SERVICE CHANHASSEN MN
125 AM CDT WED JUL 23 2014


...................................

...THE EAU CLAIRE WI CLIMATE SUMMARY FOR JULY 22 2014...

CLIMATE NORMAL PERIOD 1981 TO 2010
CLIMATE RECORD PERIOD 1893 TO 2014


WEATHER ITEM   OBSERVED TIME   RECORD YEAR NORMAL DEPARTURE LAST
                VALUE   (LST)  VALUE       VALUE  FROM      YEAR
                                                  NORMAL
..................................................................
TEMPERATURE (F)
 YESTERDAY
  MAXIMUM         86    229 PM 104    1934  83      3       87
  MINIMUM         64   1159 PM  45    1947  60      4       61
  AVERAGE         75                        72      3       74

PRECIPITATION (IN)
  YESTERDAY        0.00          2.07 2007   0.12  -0.12     0.04
  MONTH TO DATE    1.87                      2.73  -0.86     0.51
  SINCE JUN 1     11.71                      6.86   4.85     6.37
  SINCE JAN 1     25.81                     16.50   9.31    26.42

SNOWFALL (IN)
  YESTERDAY        0.0           0.0    MM   0.0    0.0      0.0
  MONTH TO DATE    0.0                       0.0    0.0      0.0
  SINCE JUN 1      0.0                       0.0    0.0      0.0
  SINCE JUL 1      0.0                       0.0    0.0      0.0
  SNOW DEPTH       0

DEGREE DAYS
 HEATING
  YESTERDAY        0                         0      0        0
  MONTH TO DATE   18                         2     16        0
  SINCE JUN 1     43                        64    -21       63
  SINCE JUL 1     18                         2     16        0

 COOLING
  YESTERDAY       10                         7      3        9
  MONTH TO DATE  106                       153    -47      228
  SINCE JUN 1    240                       273    -33      318
  SINCE JAN 1    275                       305    -30      350
..................................................................


WIND (MPH)
  HIGHEST WIND SPEED    23   HIGHEST WIND DIRECTION    NW (300)
  HIGHEST GUST SPEED    29   HIGHEST GUST DIRECTION     W (290)
  AVERAGE WIND SPEED    10.4


SKY COVER
  POSSIBLE SUNSHINE  MM
  AVERAGE SKY COVER 0.4


WEATHER CONDITIONS
 THE FOLLOWING WEATHER WAS RECORDED YESTERDAY.
  NO SIGNIFICANT WEATHER WAS OBSERVED.


RELATIVE HUMIDITY (PERCENT)
 HIGHEST    85           400 AM
 LOWEST     51           100 PM
 AVERAGE    68

..........................................................


THE EAU CLAIRE WI CLIMATE NORMALS FOR TODAY
                         NORMAL    RECORD    YEAR
 MAXIMUM TEMPERATURE (F)   83       105      1934
 MINIMUM TEMPERATURE (F)   60        48      2003


SUNRISE AND SUNSET
JULY 23 2014..........SUNRISE   542 AM CDT   SUNSET   842 PM CDT
JULY 24 2014..........SUNRISE   543 AM CDT   SUNSET   841 PM CDT


-  INDICATES NEGATIVE NUMBERS.
R  INDICATES RECORD WAS SET OR TIED.
MM INDICATES DATA IS MISSING.
T  INDICATES TRACE AMOUNT.




$$
