160
CDUS43 KMPX 232146
CLIEAU


CLIMATE REPORT
NATIONAL WEATHER SERVICE CHANHASSEN MN
445 PM CDT FRI JUN 23 2017


...................................

...THE EAU CLAIRE WI CLIMATE SUMMARY FOR JUNE 23 2017...
VALID TODAY AS OF 0400 PM LOCAL TIME.

CLIMATE NORMAL PERIOD 1981 TO 2010
CLIMATE RECORD PERIOD 1893 TO 2017


WEATHER ITEM   OBSERVED TIME   RECORD YEAR NORMAL DEPARTURE LAST
                VALUE   (LST)  VALUE       VALUE  FROM      YEAR
                                                  NORMAL
..................................................................
TEMPERATURE (F)
 TODAY
  MAXIMUM         73    227 PM  98    1934  81     -8       74
  MINIMUM         57    519 AM  37    1972  58     -1       59
  AVERAGE         65                        69     -4       67

PRECIPITATION (IN)
  TODAY            0.00          1.44 1919   0.14  -0.14     0.00
  MONTH TO DATE    4.76                      3.18   1.58     5.29
  SINCE JUN 1      4.76                      3.18   1.58     5.29
  SINCE JAN 1     19.26                     12.82   6.44    17.48

SNOWFALL (IN)
  TODAY            0.0           0.0    MM   0.0    0.0      0.0
  MONTH TO DATE    0.0                       0.0    0.0      0.0
  SINCE JUN 1      0.0                       0.0    0.0      0.0
  SINCE JUL 1     54.5                      46.8    7.7     38.0
  SNOW DEPTH       0

DEGREE DAYS
 HEATING
  TODAY            0                         1     -1        0
  MONTH TO DATE   12                        55    -43       29
  SINCE JUN 1     12                        55    -43       29
  SINCE JUL 1   6981                      7952   -971     6840

 COOLING
  TODAY            0                         5     -5        2
  MONTH TO DATE   98                        78     20       95
  SINCE JUN 1     98                        78     20       95
  SINCE JAN 1    106                       110     -4      135
..................................................................


WIND (MPH)
  HIGHEST WIND SPEED    22   HIGHEST WIND DIRECTION    NW (310)
  HIGHEST GUST SPEED    28   HIGHEST GUST DIRECTION     W (280)
  AVERAGE WIND SPEED     9.0


SKY COVER
  POSSIBLE SUNSHINE  MM
  AVERAGE SKY COVER 0.3


WEATHER CONDITIONS
 THE FOLLOWING WEATHER WAS RECORDED TODAY.
  FOG
  FOG W/VISIBILITY <= 1/4 MILE


RELATIVE HUMIDITY (PERCENT)
 HIGHEST   100          1200 AM
 LOWEST     49           300 PM
 AVERAGE    75

..........................................................


THE EAU CLAIRE WI CLIMATE NORMALS FOR TOMORROW
                         NORMAL    RECORD    YEAR
 MAXIMUM TEMPERATURE (F)   81        97      1937
 MINIMUM TEMPERATURE (F)   58        43      1979
                                             1972


SUNRISE AND SUNSET
JUNE 23 2017..........SUNRISE   520 AM CDT   SUNSET   856 PM CDT
JUNE 24 2017..........SUNRISE   521 AM CDT   SUNSET   856 PM CDT


-  INDICATES NEGATIVE NUMBERS.
R  INDICATES RECORD WAS SET OR TIED.
MM INDICATES DATA IS MISSING.
T  INDICATES TRACE AMOUNT.




$$
