000
CDUS43 KMPX 310654
CLIEAU


CLIMATE REPORT
NATIONAL WEATHER SERVICE CHANHASSEN MN
154 AM CDT FRI JUL 31 2015


...................................

...THE EAU CLAIRE WI CLIMATE SUMMARY FOR JULY 30 2015...

CLIMATE NORMAL PERIOD 1981 TO 2010
CLIMATE RECORD PERIOD 1893 TO 2015


WEATHER ITEM   OBSERVED TIME   RECORD YEAR NORMAL DEPARTURE LAST
                VALUE   (LST)  VALUE       VALUE  FROM      YEAR
                                                  NORMAL
..................................................................
TEMPERATURE (F)
 YESTERDAY
  MAXIMUM         85    142 PM 103    1999  82      3       79
  MINIMUM         60    441 AM  46    1899  60      0       51
  AVERAGE         73                        71      2       65

PRECIPITATION (IN)
  YESTERDAY        0.00          1.47 1970   0.13  -0.13     0.26
  MONTH TO DATE    6.09                      3.74   2.35     2.44
  SINCE JUN 1     10.92                      7.87   3.05    12.28
  SINCE JAN 1     20.37                     17.51   2.86    26.38

SNOWFALL (IN)
  YESTERDAY        0.0           0.0    MM   0.0    0.0      0.0
  MONTH TO DATE    0.0                       0.0    0.0      0.0
  SINCE JUN 1      0.0                       0.0    0.0      0.0
  SINCE JUL 1      0.0                       0.0    0.0      0.0
  SNOW DEPTH       0

DEGREE DAYS
 HEATING
  YESTERDAY        0                         0      0        0
  MONTH TO DATE   16                         2     14       18
  SINCE JUN 1     44                        64    -20       43
  SINCE JUL 1     16                         2     14       18

 COOLING
  YESTERDAY        8                         7      1        0
  MONTH TO DATE  175                       209    -34      133
  SINCE JUN 1    257                       329    -72      267
  SINCE JAN 1    275                       361    -86      302
..................................................................


WIND (MPH)
  HIGHEST WIND SPEED    22   HIGHEST WIND DIRECTION    NW (310)
  HIGHEST GUST SPEED    28   HIGHEST GUST DIRECTION    NW (310)
  AVERAGE WIND SPEED    10.8


SKY COVER
  POSSIBLE SUNSHINE  MM
  AVERAGE SKY COVER 0.0


WEATHER CONDITIONS
 THE FOLLOWING WEATHER WAS RECORDED YESTERDAY.
  NO SIGNIFICANT WEATHER WAS OBSERVED.


RELATIVE HUMIDITY (PERCENT)
 HIGHEST    84           500 AM
 LOWEST     37           200 PM
 AVERAGE    61

..........................................................


THE EAU CLAIRE WI CLIMATE NORMALS FOR TODAY
                         NORMAL    RECORD    YEAR
 MAXIMUM TEMPERATURE (F)   82       103      2006
 MINIMUM TEMPERATURE (F)   60        45      1960


SUNRISE AND SUNSET
JULY 31 2015..........SUNRISE   550 AM CDT   SUNSET   834 PM CDT
AUGUST  1 2015........SUNRISE   551 AM CDT   SUNSET   832 PM CDT


-  INDICATES NEGATIVE NUMBERS.
R  INDICATES RECORD WAS SET OR TIED.
MM INDICATES DATA IS MISSING.
T  INDICATES TRACE AMOUNT.




$$
