526
CDUS43 KMPX 192127
CLIEAU


CLIMATE REPORT
NATIONAL WEATHER SERVICE CHANHASSEN MN
427 PM CDT TUE SEP 19 2017


...................................

...THE EAU CLAIRE WI CLIMATE SUMMARY FOR SEPTEMBER 19 2017...
VALID TODAY AS OF 0400 PM LOCAL TIME.

CLIMATE NORMAL PERIOD 1981 TO 2010
CLIMATE RECORD PERIOD 1893 TO 2017


WEATHER ITEM   OBSERVED TIME   RECORD YEAR NORMAL DEPARTURE LAST
                VALUE   (LST)  VALUE       VALUE  FROM      YEAR
                                                  NORMAL
..................................................................
TEMPERATURE (F)
 TODAY
  MAXIMUM         79    259 PM  96    1940  70      9       76
  MINIMUM         57    648 AM  31    1929  47     10       52
  AVERAGE         68                        59      9       64

PRECIPITATION (IN)
  TODAY            0.00          2.36 1988   0.12  -0.12     0.07
  MONTH TO DATE    0.79                      2.37  -1.58     2.24
  SINCE SEP 1      0.79                      2.37  -1.58     2.24
  SINCE JAN 1     28.91                     24.49   4.42    29.07

SNOWFALL (IN)
  TODAY            0.0           0.0    MM   0.0    0.0      0.0
  MONTH TO DATE    0.0                       0.0    0.0      0.0
  SINCE SEP 1      0.0                       0.0    0.0      0.0
  SINCE JUL 1      0.0                       0.0    0.0      0.0
  SNOW DEPTH       0

DEGREE DAYS
 HEATING
  TODAY            0                         7     -7        1
  MONTH TO DATE   76                        86    -10       35
  SINCE SEP 1     76                        86    -10       35
  SINCE JUL 1    119                       125     -6       45

 COOLING
  TODAY            3                         1      2        0
  MONTH TO DATE   40                        40      0       35
  SINCE SEP 1     40                        40      0       35
  SINCE JAN 1    412                       567   -155      618
..................................................................


WIND (MPH)
  HIGHEST WIND SPEED    20   HIGHEST WIND DIRECTION    SE (140)
  HIGHEST GUST SPEED    26   HIGHEST GUST DIRECTION    SE (130)
  AVERAGE WIND SPEED     7.3


SKY COVER
  POSSIBLE SUNSHINE  MM
  AVERAGE SKY COVER 0.6


WEATHER CONDITIONS
 THE FOLLOWING WEATHER WAS RECORDED TODAY.
  NO SIGNIFICANT WEATHER WAS OBSERVED.


RELATIVE HUMIDITY (PERCENT)
 HIGHEST    93          1200 AM
 LOWEST     58           200 PM
 AVERAGE    76

..........................................................


THE EAU CLAIRE WI CLIMATE NORMALS FOR TOMORROW
                         NORMAL    RECORD    YEAR
 MAXIMUM TEMPERATURE (F)   70        96      1895
 MINIMUM TEMPERATURE (F)   47        27      1973


SUNRISE AND SUNSET
SEPTEMBER 19 2017.....SUNRISE   650 AM CDT   SUNSET   709 PM CDT
SEPTEMBER 20 2017.....SUNRISE   651 AM CDT   SUNSET   707 PM CDT


-  INDICATES NEGATIVE NUMBERS.
R  INDICATES RECORD WAS SET OR TIED.
MM INDICATES DATA IS MISSING.
T  INDICATES TRACE AMOUNT.




$$
