000
CDUS43 KMPX 220722
CLIEAU


CLIMATE REPORT
NATIONAL WEATHER SERVICE CHANHASSEN MN
121 AM CST SAT NOV 22 2014


...................................

...THE EAU CLAIRE WI CLIMATE SUMMARY FOR NOVEMBER 21 2014...

CLIMATE NORMAL PERIOD 1981 TO 2010
CLIMATE RECORD PERIOD 1893 TO 2014


WEATHER ITEM   OBSERVED TIME   RECORD YEAR NORMAL DEPARTURE LAST
                VALUE   (LST)  VALUE       VALUE  FROM      YEAR
                                                  NORMAL
..................................................................
TEMPERATURE (F)
 YESTERDAY
  MAXIMUM         32   1159 PM  68    1990  38     -6       36
  MINIMUM         -4R   540 AM  -2    1985  22    -26       25
  AVERAGE         14                        30    -16       31

PRECIPITATION (IN)
  YESTERDAY        0.00          0.81 1898   0.06  -0.06     0.04
  MONTH TO DATE    1.20                      1.33  -0.13     1.29
  SINCE SEP 1      9.09                      7.35   1.74     6.70
  SINCE JAN 1     41.76                     29.47  12.29    34.34

SNOWFALL (IN)
  YESTERDAY        0.0           3.8  1945   0.2   -0.2      0.3
  MONTH TO DATE    9.4                       3.4    6.0      1.6
  SINCE SEP 1     10.0                       3.8    6.2      1.6
  SINCE JUL 1     10.0                       3.8    6.2      1.6
  SNOW DEPTH       5

DEGREE DAYS
 HEATING
  YESTERDAY       51                        35     16       34
  MONTH TO DATE  829                       620    209      628
  SINCE SEP 1   1582                      1365    217     1308
  SINCE JUL 1   1605                      1404    201     1346

 COOLING
  YESTERDAY        0                         0      0        0
  MONTH TO DATE    0                         0      0        0
  SINCE SEP 1     22                        52    -30       87
  SINCE JAN 1    500                       579    -79      653
..................................................................


WIND (MPH)
  HIGHEST WIND SPEED    17   HIGHEST WIND DIRECTION    SW (210)
  HIGHEST GUST SPEED    23   HIGHEST GUST DIRECTION    SW (210)
  AVERAGE WIND SPEED     7.9


SKY COVER
  POSSIBLE SUNSHINE  MM
  AVERAGE SKY COVER 0.2


WEATHER CONDITIONS
 THE FOLLOWING WEATHER WAS RECORDED YESTERDAY.
  NO SIGNIFICANT WEATHER WAS OBSERVED.


RELATIVE HUMIDITY (PERCENT)
 HIGHEST    87          1200 AM
 LOWEST     50           300 PM
 AVERAGE    69

..........................................................


THE EAU CLAIRE WI CLIMATE NORMALS FOR TODAY
                         NORMAL    RECORD    YEAR
 MAXIMUM TEMPERATURE (F)   37        62      2012
 MINIMUM TEMPERATURE (F)   21        -6      1921


SUNRISE AND SUNSET
NOVEMBER 22 2014......SUNRISE   712 AM CST   SUNSET   431 PM CST
NOVEMBER 23 2014......SUNRISE   714 AM CST   SUNSET   431 PM CST


-  INDICATES NEGATIVE NUMBERS.
R  INDICATES RECORD WAS SET OR TIED.
MM INDICATES DATA IS MISSING.
T  INDICATES TRACE AMOUNT.




$$
