000
CDUS43 KMPX 250828
CLIEAU


CLIMATE REPORT
NATIONAL WEATHER SERVICE CHANHASSEN MN
325 AM CDT WED MAR 25 2015


...................................

...THE EAU CLAIRE WI CLIMATE SUMMARY FOR MARCH 24 2015...

CLIMATE NORMAL PERIOD 1981 TO 2010
CLIMATE RECORD PERIOD 1893 TO 2015


WEATHER ITEM   OBSERVED TIME   RECORD YEAR NORMAL DEPARTURE LAST
                VALUE   (LST)  VALUE       VALUE  FROM      YEAR
                                                  NORMAL
..................................................................
TEMPERATURE (F)
 YESTERDAY
  MAXIMUM         47    455 PM  78    1939  45      2       28
                                      1910
  MINIMUM         20    438 AM -11    1965  25     -5        5
  AVERAGE         34                        35     -1       17

PRECIPITATION (IN)
  YESTERDAY        T             1.11 1996   0.07  -0.07     0.05
  MONTH TO DATE    0.28                      1.23  -0.95     0.22
  SINCE MAR 1      0.28                      1.23  -0.95     0.22
  SINCE JAN 1      0.87                      2.93  -2.06     3.42

SNOWFALL (IN)
  YESTERDAY        T             7.9  1996   0.2   -0.2      1.2
  MONTH TO DATE    2.8                       7.1   -4.3      3.2
  SINCE MAR 1      2.8                       7.1   -4.3      3.2
  SINCE JUL 1     33.6                      43.4   -9.8     64.9
  SNOW DEPTH       T

DEGREE DAYS
 HEATING
  YESTERDAY       31                        30      1       48
  MONTH TO DATE  774                       846    -72     1055
  SINCE MAR 1    774                       846    -72     1055
  SINCE JUL 1   7127                      6867    260     7947

 COOLING
  YESTERDAY        0                         0      0        0
  MONTH TO DATE    0                         0      0        0
  SINCE MAR 1      0                         0      0        0
  SINCE JAN 1      0                         0      0        0
..................................................................


WIND (MPH)
  HIGHEST WIND SPEED    21   HIGHEST WIND DIRECTION     S (160)
  HIGHEST GUST SPEED    26   HIGHEST GUST DIRECTION     S (170)
  AVERAGE WIND SPEED     8.9


SKY COVER
  POSSIBLE SUNSHINE  MM
  AVERAGE SKY COVER 0.1


WEATHER CONDITIONS
 THE FOLLOWING WEATHER WAS RECORDED YESTERDAY.
  LIGHT SNOW
  FOG


RELATIVE HUMIDITY (PERCENT)
 HIGHEST    92           200 AM
 LOWEST     28           400 PM
 AVERAGE    60

..........................................................


THE EAU CLAIRE WI CLIMATE NORMALS FOR TODAY
                         NORMAL    RECORD    YEAR
 MAXIMUM TEMPERATURE (F)   46        80      2007
 MINIMUM TEMPERATURE (F)   25        -1      1955
                                             1940


SUNRISE AND SUNSET
MARCH 25 2015.........SUNRISE   700 AM CDT   SUNSET   725 PM CDT
MARCH 26 2015.........SUNRISE   658 AM CDT   SUNSET   726 PM CDT


-  INDICATES NEGATIVE NUMBERS.
R  INDICATES RECORD WAS SET OR TIED.
MM INDICATES DATA IS MISSING.
T  INDICATES TRACE AMOUNT.




$$
