000
CDUS43 KMPX 250658
CLIEAU


CLIMATE REPORT
NATIONAL WEATHER SERVICE CHANHASSEN MN
1257 AM CST THU DEC 25 2014


...................................

...THE EAU CLAIRE WI CLIMATE SUMMARY FOR DECEMBER 24 2014...

CLIMATE NORMAL PERIOD 1981 TO 2010
CLIMATE RECORD PERIOD 1893 TO 2014


WEATHER ITEM   OBSERVED TIME   RECORD YEAR NORMAL DEPARTURE LAST
                VALUE   (LST)  VALUE       VALUE  FROM      YEAR
                                                  NORMAL
..................................................................
TEMPERATURE (F)
 YESTERDAY
  MAXIMUM         36    343 PM  45    1940  25     11       11
  MINIMUM         33   1159 PM -30    1951   8     25      -12
  AVERAGE         35                        16     19        0

PRECIPITATION (IN)
  YESTERDAY        T             0.85 1932   0.02  -0.02     0.21
  MONTH TO DATE    0.37                      0.81  -0.44     1.50
  SINCE DEC 1      0.37                      0.81  -0.44     1.50
  SINCE JAN 1     42.67                     30.79  11.88    35.87

SNOWFALL (IN)
  YESTERDAY        T             4.1  1914   0.3   -0.3      2.8
  MONTH TO DATE    1.6                       7.3   -5.7     18.1
  SINCE DEC 1      1.6                       7.3   -5.7     18.1
  SINCE JUL 1     15.8                      13.6    2.2     20.3
  SNOW DEPTH       0

DEGREE DAYS
 HEATING
  YESTERDAY       30                        49    -19       65
  MONTH TO DATE  913                      1085   -172     1276
  SINCE DEC 1    913                      1085   -172     1276
  SINCE JUL 1   2885                      2831     54     3021

 COOLING
  YESTERDAY        0                         0      0        0
  MONTH TO DATE    0                         0      0        0
  SINCE DEC 1      0                         0      0        0
  SINCE JAN 1    500                       579    -79      653
..................................................................


WIND (MPH)
  HIGHEST WIND SPEED    12   HIGHEST WIND DIRECTION    NW (310)
  HIGHEST GUST SPEED    16   HIGHEST GUST DIRECTION    NW (310)
  AVERAGE WIND SPEED     7.3


SKY COVER
  POSSIBLE SUNSHINE  MM
  AVERAGE SKY COVER 1.0


WEATHER CONDITIONS
 THE FOLLOWING WEATHER WAS RECORDED YESTERDAY.
  NO SIGNIFICANT WEATHER WAS OBSERVED.


RELATIVE HUMIDITY (PERCENT)
 HIGHEST    89          1200 AM
 LOWEST     75           400 PM
 AVERAGE    82

..........................................................


THE EAU CLAIRE WI CLIMATE NORMALS FOR TODAY
                         NORMAL    RECORD    YEAR
 MAXIMUM TEMPERATURE (F)   25        45      1940
                                             1994
 MINIMUM TEMPERATURE (F)    8       -27      1968


SUNRISE AND SUNSET
DECEMBER 25 2014......SUNRISE   742 AM CST   SUNSET   430 PM CST
DECEMBER 26 2014......SUNRISE   743 AM CST   SUNSET   431 PM CST


-  INDICATES NEGATIVE NUMBERS.
R  INDICATES RECORD WAS SET OR TIED.
MM INDICATES DATA IS MISSING.
T  INDICATES TRACE AMOUNT.




$$
