000
CDUS43 KMPX 100635
CLIEAU


CLIMATE REPORT
NATIONAL WEATHER SERVICE CHANHASSEN MN
135 AM CDT THU AUG 10 2017


...................................

...THE EAU CLAIRE WI CLIMATE SUMMARY FOR AUGUST 9 2017...

CLIMATE NORMAL PERIOD 1981 TO 2010
CLIMATE RECORD PERIOD 1893 TO 2017


WEATHER ITEM   OBSERVED TIME   RECORD YEAR NORMAL DEPARTURE LAST
                VALUE   (LST)  VALUE       VALUE  FROM      YEAR
                                                  NORMAL
..................................................................
TEMPERATURE (F)
 YESTERDAY
  MAXIMUM         76   1132 AM  97    1944  81     -5       87
  MINIMUM         56    540 AM  41    1927  59     -3       65
  AVERAGE         66                        70     -4       76

PRECIPITATION (IN)
  YESTERDAY        0.21          4.12 1993   0.15   0.06     0.00
  MONTH TO DATE    1.02                      1.35  -0.33     0.34
  SINCE JUN 1     10.52                      9.36   1.16    10.14
  SINCE JAN 1     25.02                     19.00   6.02    22.33

SNOWFALL (IN)
  YESTERDAY        0.0           0.0    MM   0.0    0.0      0.0
  MONTH TO DATE    0.0                       0.0    0.0      0.0
  SINCE JUN 1      0.0                       0.0    0.0      0.0
  SINCE JUL 1      0.0                       0.0    0.0      0.0
  SNOW DEPTH       0

DEGREE DAYS
 HEATING
  YESTERDAY        0                         1     -1        0
  MONTH TO DATE   11                         4      7        0
  SINCE JUN 1     50                        77    -27       36
  SINCE JUL 1     13                        15     -2        4

 COOLING
  YESTERDAY        1                         6     -5       11
  MONTH TO DATE   21                        54    -33       74
  SINCE JUN 1    325                       388    -63      421
  SINCE JAN 1    333                       420    -87      461
..................................................................


WIND (MPH)
  HIGHEST WIND SPEED    17   HIGHEST WIND DIRECTION     S (180)
  HIGHEST GUST SPEED    23   HIGHEST GUST DIRECTION     S (200)
  AVERAGE WIND SPEED     6.2


SKY COVER
  POSSIBLE SUNSHINE  MM
  AVERAGE SKY COVER 0.5


WEATHER CONDITIONS
 THE FOLLOWING WEATHER WAS RECORDED YESTERDAY.
  THUNDERSTORM
  RAIN
  LIGHT RAIN
  FOG


RELATIVE HUMIDITY (PERCENT)
 HIGHEST   100           500 AM
 LOWEST     53          1100 AM
 AVERAGE    77

..........................................................


THE EAU CLAIRE WI CLIMATE NORMALS FOR TODAY
                         NORMAL    RECORD    YEAR
 MAXIMUM TEMPERATURE (F)   81        98      1947
 MINIMUM TEMPERATURE (F)   59        45      2008
                                             1982


SUNRISE AND SUNSET
AUGUST 10 2017........SUNRISE   602 AM CDT   SUNSET   819 PM CDT
AUGUST 11 2017........SUNRISE   604 AM CDT   SUNSET   818 PM CDT


-  INDICATES NEGATIVE NUMBERS.
R  INDICATES RECORD WAS SET OR TIED.
MM INDICATES DATA IS MISSING.
T  INDICATES TRACE AMOUNT.




$$
