000
CDUS43 KMPX 302147
CLIEAU


CLIMATE REPORT
NATIONAL WEATHER SERVICE CHANHASSEN MN
447 PM CDT FRI SEP 30 2016


...................................

...THE EAU CLAIRE WI CLIMATE SUMMARY FOR SEPTEMBER 30 2016...
VALID AS OF 0400 PM LOCAL TIME.

CLIMATE NORMAL PERIOD 1981 TO 2010
CLIMATE RECORD PERIOD 1893 TO 2016


WEATHER ITEM   OBSERVED TIME   RECORD YEAR NORMAL DEPARTURE LAST
                VALUE   (LST)  VALUE       VALUE  FROM      YEAR
                                                  NORMAL
..................................................................
TEMPERATURE (F)
 TODAY
  MAXIMUM         74    250 PM  85    1971  65      9       63
  MINIMUM         47    552 AM  22    1899  42      5       33
  AVERAGE         61                        54      7       48

PRECIPITATION (IN)
  TODAY            0.00          3.00 1925   0.10  -0.10     0.00
  MONTH TO DATE    8.20                      3.68   4.52     5.29
  SINCE SEP 1      8.20                      3.68   4.52     5.29
  SINCE JAN 1     35.03                     25.80   9.23    32.85

SNOWFALL (IN)
  TODAY            0.0           T    1958   T      0.0      0.0
                                      1894
  MONTH TO DATE    0.0                       0.0    0.0      0.0
  SINCE SEP 1      0.0                       0.0    0.0      0.0
  SINCE JUL 1      0.0                       0.0    0.0      0.0
  SNOW DEPTH       0

DEGREE DAYS
 HEATING
  TODAY            4                        12     -8       17
  MONTH TO DATE   80                       193   -113       93
  SINCE SEP 1     80                       194   -114       93
  SINCE JUL 1     90                       233   -143      148

 COOLING
  TODAY            0                         0      0        0
  MONTH TO DATE   39                        48     -9      116
  SINCE SEP 1     39                        48     -9      116
  SINCE JAN 1    622                       575     47      518
..................................................................


WIND (MPH)
  HIGHEST WIND SPEED    15   HIGHEST WIND DIRECTION    NE (60)
  HIGHEST GUST SPEED    19   HIGHEST GUST DIRECTION    NE (60)
  AVERAGE WIND SPEED     6.8


SKY COVER
  POSSIBLE SUNSHINE  MM
  AVERAGE SKY COVER 0.1


WEATHER CONDITIONS
 THE FOLLOWING WEATHER WAS RECORDED TODAY.
  NO SIGNIFICANT WEATHER WAS OBSERVED.


RELATIVE HUMIDITY (PERCENT)
 HIGHEST   100           500 AM
 LOWEST     38           300 PM
 AVERAGE    69

..........................................................


THE EAU CLAIRE WI CLIMATE NORMALS FOR TOMORROW
                         NORMAL    RECORD    YEAR
 MAXIMUM TEMPERATURE (F)   65        89      1976
 MINIMUM TEMPERATURE (F)   42        25      2003
                                             1974


SUNRISE AND SUNSET
SEPTEMBER 30 2016.....SUNRISE   703 AM CDT   SUNSET   647 PM CDT
OCTOBER  1 2016.......SUNRISE   705 AM CDT   SUNSET   645 PM CDT


-  INDICATES NEGATIVE NUMBERS.
R  INDICATES RECORD WAS SET OR TIED.
MM INDICATES DATA IS MISSING.
T  INDICATES TRACE AMOUNT.




$$
