392
CDUS43 KMPX 210808
CLIEAU


CLIMATE REPORT
NATIONAL WEATHER SERVICE CHANHASSEN MN
308 AM CDT THU SEP 21 2017


...................................

...THE EAU CLAIRE WI CLIMATE SUMMARY FOR SEPTEMBER 20 2017...

CLIMATE NORMAL PERIOD 1981 TO 2010
CLIMATE RECORD PERIOD 1893 TO 2017


WEATHER ITEM   OBSERVED TIME   RECORD YEAR NORMAL DEPARTURE LAST
                VALUE   (LST)  VALUE       VALUE  FROM      YEAR
                                                  NORMAL
..................................................................
TEMPERATURE (F)
 YESTERDAY
  MAXIMUM         80   1230 PM  96    1895  70     10       80
  MINIMUM         53   1149 PM  27    1973  47      6       47
  AVERAGE         67                        58      9       64

PRECIPITATION (IN)
  YESTERDAY        0.11          1.13 1980   0.13  -0.02     0.28
  MONTH TO DATE    0.90                      2.50  -1.60     2.52
  SINCE SEP 1      0.90                      2.50  -1.60     2.52
  SINCE JAN 1     29.02                     24.62   4.40    29.35

SNOWFALL (IN)
  YESTERDAY        0.0           T    1951   0.0    0.0      0.0
  MONTH TO DATE    0.0                       0.0    0.0      0.0
  SINCE SEP 1      0.0                       0.0    0.0      0.0
  SINCE JUL 1      0.0                       0.0    0.0      0.0
  SNOW DEPTH       0

DEGREE DAYS
 HEATING
  YESTERDAY        0                         8     -8        1
  MONTH TO DATE   76                        94    -18       36
  SINCE SEP 1     76                        94    -18       36
  SINCE JUL 1    119                       133    -14       46

 COOLING
  YESTERDAY        2                         1      1        0
  MONTH TO DATE   42                        41      1       35
  SINCE SEP 1     42                        41      1       35
  SINCE JAN 1    414                       568   -154      618
..................................................................


WIND (MPH)
  HIGHEST WIND SPEED    21   HIGHEST WIND DIRECTION    SE (150)
  HIGHEST GUST SPEED    29   HIGHEST GUST DIRECTION    SE (140)
  AVERAGE WIND SPEED     8.7


SKY COVER
  POSSIBLE SUNSHINE  MM
  AVERAGE SKY COVER 0.5


WEATHER CONDITIONS
 THE FOLLOWING WEATHER WAS RECORDED YESTERDAY.
  THUNDERSTORM
  RAIN
  LIGHT RAIN
  FOG


RELATIVE HUMIDITY (PERCENT)
 HIGHEST   100          1000 PM
 LOWEST     58           400 PM
 AVERAGE    79

..........................................................


THE EAU CLAIRE WI CLIMATE NORMALS FOR TODAY
                         NORMAL    RECORD    YEAR
 MAXIMUM TEMPERATURE (F)   69        89      1941
                                             1908
 MINIMUM TEMPERATURE (F)   46        29      1999


SUNRISE AND SUNSET
SEPTEMBER 21 2017.....SUNRISE   652 AM CDT   SUNSET   705 PM CDT
SEPTEMBER 22 2017.....SUNRISE   653 AM CDT   SUNSET   703 PM CDT


-  INDICATES NEGATIVE NUMBERS.
R  INDICATES RECORD WAS SET OR TIED.
MM INDICATES DATA IS MISSING.
T  INDICATES TRACE AMOUNT.




$$
