000
CDUS43 KMPX 250658
CLIEAU


CLIMATE REPORT
NATIONAL WEATHER SERVICE CHANHASSEN MN
157 AM CDT WED MAY 25 2016


...................................

...THE EAU CLAIRE WI CLIMATE SUMMARY FOR MAY 24 2016...

CLIMATE NORMAL PERIOD 1981 TO 2010
CLIMATE RECORD PERIOD 1893 TO 2016


WEATHER ITEM   OBSERVED TIME   RECORD YEAR NORMAL DEPARTURE LAST
                VALUE   (LST)  VALUE       VALUE  FROM      YEAR
                                                  NORMAL
..................................................................
TEMPERATURE (F)
 YESTERDAY
  MAXIMUM         84    334 PM  93    2010  72     12       67
  MINIMUM         57   1153 PM  33    2013  48      9       55
                                      1917
  AVERAGE         71                        60     11       61

PRECIPITATION (IN)
  YESTERDAY        0.02          1.86 1945   0.11  -0.09     0.88
  MONTH TO DATE    1.13                      2.63  -1.50     3.43
  SINCE MAR 1      8.35                      7.11   1.24     6.90
  SINCE JAN 1      9.51                      8.81   0.70     7.49

SNOWFALL (IN)
  YESTERDAY        0.0           T    1925   0.0    0.0      0.0
  MONTH TO DATE    0.0                       0.2   -0.2      0.0
  SINCE MAR 1     13.9                      10.7    3.2      7.3
  SINCE JUL 1     38.0                      47.0   -9.0     38.1
  SNOW DEPTH       0

DEGREE DAYS
 HEATING
  YESTERDAY        0                         6     -6        4
  MONTH TO DATE  245                       219     26      208
  SINCE MAR 1   1633                      1839   -206     1719
  SINCE JUL 1   6811                      7859  -1048     8072

 COOLING
  YESTERDAY        6                         1      5        0
  MONTH TO DATE   16                        18     -2       10
  SINCE MAR 1     20                        22     -2       10
  SINCE JAN 1     20                        22     -2       10
..................................................................


WIND (MPH)
  HIGHEST WIND SPEED    15   HIGHEST WIND DIRECTION    SW (240)
  HIGHEST GUST SPEED    20   HIGHEST GUST DIRECTION     W (270)
  AVERAGE WIND SPEED     5.5


SKY COVER
  POSSIBLE SUNSHINE  MM
  AVERAGE SKY COVER 0.4


WEATHER CONDITIONS
 THE FOLLOWING WEATHER WAS RECORDED YESTERDAY.
  THUNDERSTORM
  LIGHT RAIN


RELATIVE HUMIDITY (PERCENT)
 HIGHEST    93           300 AM
 LOWEST     33           500 PM
 AVERAGE    63

..........................................................


THE EAU CLAIRE WI CLIMATE NORMALS FOR TODAY
                         NORMAL    RECORD    YEAR
 MAXIMUM TEMPERATURE (F)   72        89      1980
 MINIMUM TEMPERATURE (F)   48        32      1988
                                             1925


SUNRISE AND SUNSET
MAY 25 2016...........SUNRISE   527 AM CDT   SUNSET   839 PM CDT
MAY 26 2016...........SUNRISE   527 AM CDT   SUNSET   840 PM CDT


-  INDICATES NEGATIVE NUMBERS.
R  INDICATES RECORD WAS SET OR TIED.
MM INDICATES DATA IS MISSING.
T  INDICATES TRACE AMOUNT.




$$
