490
CDUS43 KMPX 240624
CLIEAU


CLIMATE REPORT
NATIONAL WEATHER SERVICE CHANHASSEN MN
123 AM CDT WED AUG 24 2016


...................................

...THE EAU CLAIRE WI CLIMATE SUMMARY FOR AUGUST 23 2016...

CLIMATE NORMAL PERIOD 1981 TO 2010
CLIMATE RECORD PERIOD 1893 TO 2016


WEATHER ITEM   OBSERVED TIME   RECORD YEAR NORMAL DEPARTURE LAST
                VALUE   (LST)  VALUE       VALUE  FROM      YEAR
                                                  NORMAL
..................................................................
TEMPERATURE (F)
 YESTERDAY
  MAXIMUM         84    206 PM 102    1948  79      5       67
  MINIMUM         64    541 AM  41    1920  58      6       54
  AVERAGE         74                        68      6       61

PRECIPITATION (IN)
  YESTERDAY        0.22          4.10 1975   0.13   0.09     0.11
  MONTH TO DATE    4.74                      3.42   1.32     7.07
  SINCE JUN 1     14.54                     11.43   3.11    17.99
  SINCE JAN 1     26.73                     21.07   5.66    27.44

SNOWFALL (IN)
  YESTERDAY        0.0           0.0    MM   0.0    0.0      0.0
  MONTH TO DATE    0.0                       0.0    0.0      0.0
  SINCE JUN 1      0.0                       0.0    0.0      0.0
  SINCE JUL 1      0.0                       0.0    0.0      0.0
  SNOW DEPTH       0

DEGREE DAYS
 HEATING
  YESTERDAY        0                         1     -1        4
  MONTH TO DATE    3                        18    -15       13
  SINCE JUN 1     39                        91    -52       57
  SINCE JUL 1      7                        29    -22       29

 COOLING
  YESTERDAY        9                         5      4        0
  MONTH TO DATE  168                       129     39      116
  SINCE JUN 1    515                       463     52      378
  SINCE JAN 1    555                       495     60      396
..................................................................


WIND (MPH)
  HIGHEST WIND SPEED    22   HIGHEST WIND DIRECTION     S (180)
  HIGHEST GUST SPEED    28   HIGHEST GUST DIRECTION     S (160)
  AVERAGE WIND SPEED    10.6


SKY COVER
  POSSIBLE SUNSHINE  MM
  AVERAGE SKY COVER 0.1


WEATHER CONDITIONS
 THE FOLLOWING WEATHER WAS RECORDED YESTERDAY.
  THUNDERSTORM
  RAIN
  LIGHT RAIN


RELATIVE HUMIDITY (PERCENT)
 HIGHEST    93          1100 PM
 LOWEST     51          1200 PM
 AVERAGE    72

..........................................................


THE EAU CLAIRE WI CLIMATE NORMALS FOR TODAY
                         NORMAL    RECORD    YEAR
 MAXIMUM TEMPERATURE (F)   79       103      1948
 MINIMUM TEMPERATURE (F)   57        39      1942


SUNRISE AND SUNSET
AUGUST 24 2016........SUNRISE   619 AM CDT   SUNSET   756 PM CDT
AUGUST 25 2016........SUNRISE   620 AM CDT   SUNSET   754 PM CDT


-  INDICATES NEGATIVE NUMBERS.
R  INDICATES RECORD WAS SET OR TIED.
MM INDICATES DATA IS MISSING.
T  INDICATES TRACE AMOUNT.




$$
