000
CDUS43 KMPX 040657
CLIEAU


CLIMATE REPORT
NATIONAL WEATHER SERVICE CHANHASSEN MN
1257 AM CST SUN DEC 4 2016


...................................

...THE EAU CLAIRE WI CLIMATE SUMMARY FOR DECEMBER 3 2016...

CLIMATE NORMAL PERIOD 1981 TO 2010
CLIMATE RECORD PERIOD 1893 TO 2016


WEATHER ITEM   OBSERVED TIME   RECORD YEAR NORMAL DEPARTURE LAST
                VALUE   (LST)  VALUE       VALUE  FROM      YEAR
                                                  NORMAL
..................................................................
TEMPERATURE (F)
 YESTERDAY
  MAXIMUM         31    407 PM  61    1998  32     -1       40
  MINIMUM         28    813 PM -20    1919  15     13       26
  AVERAGE         30                        23      7       33

PRECIPITATION (IN)
  YESTERDAY        T             0.62 1953   0.04  -0.04     0.00
  MONTH TO DATE    T                         0.13  -0.13     0.16
  SINCE DEC 1      T                         0.13  -0.13     0.16
  SINCE JAN 1     38.92                     30.11   8.81    38.75

SNOWFALL (IN)
  YESTERDAY        T             6.3  1990   0.3   -0.3      0.0
  MONTH TO DATE    T                         0.9   -0.9      0.4
  SINCE DEC 1      T                         0.9   -0.9      0.4
  SINCE JUL 1      1.7                       7.2   -5.5      1.8
  SNOW DEPTH       0

DEGREE DAYS
 HEATING
  YESTERDAY       35                        42     -7       32
  MONTH TO DATE   99                       124    -25      106
  SINCE DEC 1     99                       124    -25      106
  SINCE JUL 1   1308                      1870   -562     1468

 COOLING
  YESTERDAY        0                         0      0        0
  MONTH TO DATE    0                         0      0        0
  SINCE DEC 1      0                         0      0        0
  SINCE JAN 1    624                       579     45      520
..................................................................


WIND (MPH)
  HIGHEST WIND SPEED    10   HIGHEST WIND DIRECTION    SW (240)
  HIGHEST GUST SPEED    12   HIGHEST GUST DIRECTION    SW (240)
  AVERAGE WIND SPEED     5.0


SKY COVER
  POSSIBLE SUNSHINE  MM
  AVERAGE SKY COVER 1.0


WEATHER CONDITIONS
 THE FOLLOWING WEATHER WAS RECORDED YESTERDAY.
  NO SIGNIFICANT WEATHER WAS OBSERVED.


RELATIVE HUMIDITY (PERCENT)
 HIGHEST    85           200 AM
 LOWEST     63           500 PM
 AVERAGE    74

..........................................................


THE EAU CLAIRE WI CLIMATE NORMALS FOR TODAY
                         NORMAL    RECORD    YEAR
 MAXIMUM TEMPERATURE (F)   31        56      1941
                                             1961
                                             2001
 MINIMUM TEMPERATURE (F)   15       -12      1893


SUNRISE AND SUNSET
DECEMBER  4 2016......SUNRISE   727 AM CST   SUNSET   425 PM CST
DECEMBER  5 2016......SUNRISE   728 AM CST   SUNSET   425 PM CST


-  INDICATES NEGATIVE NUMBERS.
R  INDICATES RECORD WAS SET OR TIED.
MM INDICATES DATA IS MISSING.
T  INDICATES TRACE AMOUNT.




$$
