000
CDUS43 KMPX 200052
CLIEAU


CLIMATE REPORT
NATIONAL WEATHER SERVICE CHANHASSEN MN
751 PM CDT SAT APR 19 2014


...................................

...THE EAU CLAIRE WI CLIMATE SUMMARY FOR APRIL 19 2014...
VALID TODAY AS OF 0700 PM LOCAL TIME.

CLIMATE NORMAL PERIOD 1981 TO 2010
CLIMATE RECORD PERIOD 1893 TO 2014


WEATHER ITEM   OBSERVED TIME   RECORD YEAR NORMAL DEPARTURE LAST
                VALUE   (LST)  VALUE       VALUE  FROM      YEAR
                                                  NORMAL
..................................................................
TEMPERATURE (F)
 TODAY
  MAXIMUM         66    136 PM  89    1985  60      6       36
  MINIMUM         36    610 AM  18    1897  36      0       24
  AVERAGE         51                        48      3       30

PRECIPITATION (IN)
  TODAY            T             1.23 1931   0.10  -0.10     0.05
  MONTH TO DATE    2.64                      1.62   1.02     4.18
  SINCE MAR 1      3.37                      3.35   0.02     7.00
  SINCE JAN 1      6.57                      5.05   1.52     9.57

SNOWFALL (IN)
  TODAY            0.0           2.9  1924   0.0    0.0      0.8
  MONTH TO DATE    9.1                       1.5    7.6      8.2
  SINCE MAR 1     13.1                      10.1    3.0     31.9
  SINCE JUL 1     74.8                      46.4   28.4     74.4
  SNOW DEPTH       0

DEGREE DAYS
 HEATING
  TODAY           14                        17     -3       35
  MONTH TO DATE  494                       413     81      607
  SINCE MAR 1   1778                      1457    321     1876
  SINCE JUL 1   8670                      7478   1192     7735

 COOLING
  TODAY            0                         0      0        0
  MONTH TO DATE    0                         0      0        0
  SINCE MAR 1      0                         0      0        0
  SINCE JAN 1      0                         0      0        0
..................................................................


WIND (MPH)
  HIGHEST WIND SPEED    25   HIGHEST WIND DIRECTION     S (170)
  HIGHEST GUST SPEED    33   HIGHEST GUST DIRECTION     S (170)
  AVERAGE WIND SPEED    16.3


SKY COVER
  POSSIBLE SUNSHINE  MM
  AVERAGE SKY COVER 0.3


WEATHER CONDITIONS
 THE FOLLOWING WEATHER WAS RECORDED TODAY.
  LIGHT RAIN


RELATIVE HUMIDITY (PERCENT)
 HIGHEST    64           400 AM
 LOWEST     31           100 PM
 AVERAGE    48

..........................................................


THE EAU CLAIRE WI CLIMATE NORMALS FOR TOMORROW
                         NORMAL    RECORD    YEAR
 MAXIMUM TEMPERATURE (F)   60        88      1987
 MINIMUM TEMPERATURE (F)   36        19      1897


SUNRISE AND SUNSET
APRIL 19 2014.........SUNRISE   615 AM CDT   SUNSET   756 PM CDT
APRIL 20 2014.........SUNRISE   613 AM CDT   SUNSET   758 PM CDT


-  INDICATES NEGATIVE NUMBERS.
R  INDICATES RECORD WAS SET OR TIED.
MM INDICATES DATA IS MISSING.
T  INDICATES TRACE AMOUNT.




$$
