000
CDUS43 KMPX 122241
CLIEAU


CLIMATE REPORT
NATIONAL WEATHER SERVICE CHANHASSEN MN
541 PM CDT THU OCT 12 2017


...................................

...THE EAU CLAIRE WI CLIMATE SUMMARY FOR OCTOBER 12 2017...
VALID TODAY AS OF 0500 PM LOCAL TIME.

CLIMATE NORMAL PERIOD 1981 TO 2010
CLIMATE RECORD PERIOD 1893 TO 2017


WEATHER ITEM   OBSERVED TIME   RECORD YEAR NORMAL DEPARTURE LAST
                VALUE   (LST)  VALUE       VALUE  FROM      YEAR
                                                  NORMAL
..................................................................
TEMPERATURE (F)
 TODAY
  MAXIMUM         59    148 PM  86    1995  60     -1       58
  MINIMUM         53    427 AM  20    1988  38     15       40
  AVERAGE         56                        49      7       49

PRECIPITATION (IN)
  TODAY            0.00          1.10 1898   0.08  -0.08     0.07
  MONTH TO DATE    2.28                      1.08   1.20     0.72
  SINCE SEP 1      4.55                      4.76  -0.21     8.92
  SINCE JAN 1     32.67                     26.88   5.79    35.75

SNOWFALL (IN)
  TODAY            0.0           1.7  1909   0.0    0.0      0.0
  MONTH TO DATE    0.0                       0.0    0.0      0.0
  SINCE SEP 1      0.0                       0.0    0.0      0.0
  SINCE JUL 1      0.0                       0.0    0.0      0.0
  SNOW DEPTH       0

DEGREE DAYS
 HEATING
  TODAY            9                        16     -7       16
  MONTH TO DATE  116                       171    -55      123
  SINCE SEP 1    234                       365   -131      205
  SINCE JUL 1    277                       404   -127      215

 COOLING
  TODAY            0                         0      0        0
  MONTH TO DATE    0                         4     -4        0
  SINCE SEP 1     94                        52     42       39
  SINCE JAN 1    466                       579   -113      622
..................................................................


WIND (MPH)
  HIGHEST WIND SPEED    16   HIGHEST WIND DIRECTION     S (170)
  HIGHEST GUST SPEED    20   HIGHEST GUST DIRECTION     S (180)
  AVERAGE WIND SPEED     9.8


SKY COVER
  POSSIBLE SUNSHINE  MM
  AVERAGE SKY COVER 1.0


WEATHER CONDITIONS
 THE FOLLOWING WEATHER WAS RECORDED TODAY.
  NO SIGNIFICANT WEATHER WAS OBSERVED.


RELATIVE HUMIDITY (PERCENT)
 HIGHEST    93           300 AM
 LOWEST     75           100 PM
 AVERAGE    84

..........................................................


THE EAU CLAIRE WI CLIMATE NORMALS FOR TOMORROW
                         NORMAL    RECORD    YEAR
 MAXIMUM TEMPERATURE (F)   59        84      1956
 MINIMUM TEMPERATURE (F)   38        17      1917


SUNRISE AND SUNSET
OCTOBER 12 2017.......SUNRISE   718 AM CDT   SUNSET   626 PM CDT
OCTOBER 13 2017.......SUNRISE   719 AM CDT   SUNSET   624 PM CDT


-  INDICATES NEGATIVE NUMBERS.
R  INDICATES RECORD WAS SET OR TIED.
MM INDICATES DATA IS MISSING.
T  INDICATES TRACE AMOUNT.




$$
