000
CDUS43 KMPX 292128
CLIEAU


CLIMATE REPORT
NATIONAL WEATHER SERVICE CHANHASSEN MN
428 PM CDT WED JUL 29 2015


...................................

...THE EAU CLAIRE WI CLIMATE SUMMARY FOR JULY 29 2015...
VALID AS OF 0400 PM LOCAL TIME.

CLIMATE NORMAL PERIOD 1981 TO 2010
CLIMATE RECORD PERIOD 1893 TO 2015


WEATHER ITEM   OBSERVED TIME   RECORD YEAR NORMAL DEPARTURE LAST
                VALUE   (LST)  VALUE       VALUE  FROM      YEAR
                                                  NORMAL
..................................................................
TEMPERATURE (F)
 TODAY
  MAXIMUM         82    259 PM  99    1933  83     -1       80
  MINIMUM         63    518 AM  43    1952  60      3       54
  AVERAGE         73                        71      2       67

PRECIPITATION (IN)
  TODAY            0.00          1.65 1924   0.13  -0.13     0.02
  MONTH TO DATE    6.09                      3.61   2.48     2.18
  SINCE JUN 1     10.92                      7.74   3.18    12.02
  SINCE JAN 1     20.37                     17.38   2.99    26.12

SNOWFALL (IN)
  TODAY            0.0           0.0    MM   0.0    0.0      0.0
  MONTH TO DATE    0.0                       0.0    0.0      0.0
  SINCE JUN 1      0.0                       0.0    0.0      0.0
  SINCE JUL 1      0.0                       0.0    0.0      0.0
  SNOW DEPTH       0

DEGREE DAYS
 HEATING
  TODAY            0                         0      0        0
  MONTH TO DATE   16                         2     14       18
  SINCE JUN 1     44                        64    -20       43
  SINCE JUL 1     16                         2     14       18

 COOLING
  TODAY            8                         7      1        2
  MONTH TO DATE  167                       202    -35      133
  SINCE JUN 1    249                       322    -73      267
  SINCE JAN 1    267                       354    -87      302
..................................................................


WIND (MPH)
  HIGHEST WIND SPEED    30   HIGHEST WIND DIRECTION     W (270)
  HIGHEST GUST SPEED    40   HIGHEST GUST DIRECTION     W (260)
  AVERAGE WIND SPEED    14.5


SKY COVER
  POSSIBLE SUNSHINE  MM
  AVERAGE SKY COVER 0.0


WEATHER CONDITIONS
 THE FOLLOWING WEATHER WAS RECORDED TODAY.
  NO SIGNIFICANT WEATHER WAS OBSERVED.


RELATIVE HUMIDITY (PERCENT)
 HIGHEST    84           300 AM
 LOWEST     36          1200 PM
 AVERAGE    60

..........................................................


THE EAU CLAIRE WI CLIMATE NORMALS FOR TOMORROW
                         NORMAL    RECORD    YEAR
 MAXIMUM TEMPERATURE (F)   82       103      1999
 MINIMUM TEMPERATURE (F)   60        46      1899


SUNRISE AND SUNSET
JULY 29 2015..........SUNRISE   548 AM CDT   SUNSET   836 PM CDT
JULY 30 2015..........SUNRISE   549 AM CDT   SUNSET   835 PM CDT


-  INDICATES NEGATIVE NUMBERS.
R  INDICATES RECORD WAS SET OR TIED.
MM INDICATES DATA IS MISSING.
T  INDICATES TRACE AMOUNT.




$$
