000
CDUS43 KMPX 170733
CLIEAU


CLIMATE REPORT
NATIONAL WEATHER SERVICE CHANHASSEN MN
233 AM CDT SAT JUN 17 2017


...................................

...THE EAU CLAIRE WI CLIMATE SUMMARY FOR JUNE 16 2017...

CLIMATE NORMAL PERIOD 1981 TO 2010
CLIMATE RECORD PERIOD 1893 TO 2017


WEATHER ITEM   OBSERVED TIME   RECORD YEAR NORMAL DEPARTURE LAST
                VALUE   (LST)  VALUE       VALUE  FROM      YEAR
                                                  NORMAL
..................................................................
TEMPERATURE (F)
 YESTERDAY
  MAXIMUM         82    238 PM  95    1897  79      3       80
  MINIMUM         57    428 AM  37    1964  56      1       58
  AVERAGE         70                        67      3       69

PRECIPITATION (IN)
  YESTERDAY        0.85          1.75 1979   0.14   0.71     0.00
  MONTH TO DATE    3.05                      2.19   0.86     3.20
  SINCE JUN 1      3.05                      2.19   0.86     3.20
  SINCE JAN 1     17.55                     11.83   5.72    15.39

SNOWFALL (IN)
  YESTERDAY        0.0           0.0    MM   0.0    0.0      0.0
  MONTH TO DATE    0.0                       0.0    0.0      0.0
  SINCE JUN 1      0.0                       0.0    0.0      0.0
  SINCE JUL 1     54.5                      46.8    7.7     38.0
  SNOW DEPTH       0

DEGREE DAYS
 HEATING
  YESTERDAY        0                         2     -2        0
  MONTH TO DATE    7                        47    -40       29
  SINCE JUN 1      7                        47    -40       29
  SINCE JUL 1   6976                      7944   -968     6840

 COOLING
  YESTERDAY        5                         4      1        4
  MONTH TO DATE   90                        45     45       50
  SINCE JUN 1     90                        45     45       50
  SINCE JAN 1     98                        77     21       90
..................................................................


WIND (MPH)
  HIGHEST WIND SPEED    30   HIGHEST WIND DIRECTION     S (180)
  HIGHEST GUST SPEED    38   HIGHEST GUST DIRECTION     S (180)
  AVERAGE WIND SPEED     5.2


SKY COVER
  POSSIBLE SUNSHINE  MM
  AVERAGE SKY COVER 0.5


WEATHER CONDITIONS
 THE FOLLOWING WEATHER WAS RECORDED YESTERDAY.
  THUNDERSTORM
  HEAVY RAIN
  LIGHT RAIN
  FOG


RELATIVE HUMIDITY (PERCENT)
 HIGHEST   100           400 AM
 LOWEST     39           200 PM
 AVERAGE    70

..........................................................


THE EAU CLAIRE WI CLIMATE NORMALS FOR TODAY
                         NORMAL    RECORD    YEAR
 MAXIMUM TEMPERATURE (F)   79        96      1995
                                             1940
 MINIMUM TEMPERATURE (F)   56        38      1960


SUNRISE AND SUNSET
JUNE 17 2017..........SUNRISE   519 AM CDT   SUNSET   855 PM CDT
JUNE 18 2017..........SUNRISE   519 AM CDT   SUNSET   855 PM CDT


-  INDICATES NEGATIVE NUMBERS.
R  INDICATES RECORD WAS SET OR TIED.
MM INDICATES DATA IS MISSING.
T  INDICATES TRACE AMOUNT.




$$
