000
CDUS43 KMPX 270629
CLIEAU


CLIMATE REPORT
NATIONAL WEATHER SERVICE CHANHASSEN MN
1224 AM CST SUN NOV 27 2016


...................................

...THE EAU CLAIRE WI CLIMATE SUMMARY FOR NOVEMBER 26 2016...

CLIMATE NORMAL PERIOD 1981 TO 2010
CLIMATE RECORD PERIOD 1893 TO 2016


WEATHER ITEM   OBSERVED TIME   RECORD YEAR NORMAL DEPARTURE LAST
                VALUE   (LST)  VALUE       VALUE  FROM      YEAR
                                                  NORMAL
..................................................................
TEMPERATURE (F)
 YESTERDAY
  MAXIMUM         46        MM  61    1914  35     11       45
  MINIMUM         27        MM -11    1977  19      8       30
  AVERAGE         37                        27     10       38

PRECIPITATION (IN)
  YESTERDAY        0.00          1.80 1896   0.05  -0.05     0.33
  MONTH TO DATE    0.55                      1.62  -1.07     2.60
  SINCE SEP 1     11.47                      7.64   3.83    10.82
  SINCE JAN 1     38.30                     29.76   8.54    38.38

SNOWFALL (IN)
  YESTERDAY        0.0           8.2  1970   0.3   -0.3      0.3
  MONTH TO DATE    1.7                       4.8   -3.1      0.3
  SINCE SEP 1      1.7                       5.2   -3.5      1.2
  SINCE JUL 1      1.7                       5.2   -3.5      1.2
  SNOW DEPTH       0

DEGREE DAYS
 HEATING
  YESTERDAY       28                        38    -10       27
  MONTH TO DATE  580                       804   -224      582
  SINCE SEP 1   1087                      1549   -462     1149
  SINCE JUL 1   1097                      1588   -491     1204

 COOLING
  YESTERDAY        0                         0      0        0
  MONTH TO DATE    0                         0      0        0
  SINCE SEP 1     41                        52    -11      118
  SINCE JAN 1    624                       579     45      520
..................................................................


WIND (MPH)
  HIGHEST WIND SPEED    10   HIGHEST WIND DIRECTION    SE (120)
  HIGHEST GUST SPEED    MM   HIGHEST GUST DIRECTION    MM
  AVERAGE WIND SPEED     5.2


SKY COVER
  POSSIBLE SUNSHINE  MM
  AVERAGE SKY COVER 0.4


WEATHER CONDITIONS
 THE FOLLOWING WEATHER WAS RECORDED YESTERDAY.
  FOG
  FOG W/VISIBILITY <= 1/4 MILE


RELATIVE HUMIDITY (PERCENT)
 HIGHEST   100           800 AM
 LOWEST     60           300 PM
 AVERAGE    80

..........................................................


THE EAU CLAIRE WI CLIMATE NORMALS FOR TODAY
                         NORMAL    RECORD    YEAR
 MAXIMUM TEMPERATURE (F)   35        67      1998
 MINIMUM TEMPERATURE (F)   18        -9      1897


SUNRISE AND SUNSET
NOVEMBER 27 2016......SUNRISE   719 AM CST   SUNSET   428 PM CST
NOVEMBER 28 2016......SUNRISE   721 AM CST   SUNSET   427 PM CST


-  INDICATES NEGATIVE NUMBERS.
R  INDICATES RECORD WAS SET OR TIED.
MM INDICATES DATA IS MISSING.
T  INDICATES TRACE AMOUNT.




$$
