000
CDUS43 KMPX 150814
CLIEAU


CLIMATE REPORT
NATIONAL WEATHER SERVICE CHANHASSEN MN
314 AM CDT WED MAR 15 2017


...................................

...THE EAU CLAIRE WI CLIMATE SUMMARY FOR MARCH 14 2017...

CLIMATE NORMAL PERIOD 1981 TO 2010
CLIMATE RECORD PERIOD 1893 TO 2017


WEATHER ITEM   OBSERVED TIME   RECORD YEAR NORMAL DEPARTURE LAST
                VALUE   (LST)  VALUE       VALUE  FROM      YEAR
                                                  NORMAL
..................................................................
TEMPERATURE (F)
 YESTERDAY
  MAXIMUM         28    525 PM  76    2012  40    -12       54
  MINIMUM          3    656 AM -10    1897  21    -18       44
  AVERAGE         16                        30    -14       49

PRECIPITATION (IN)
  YESTERDAY        0.00          1.24 1913   0.05  -0.05     0.05
  MONTH TO DATE    0.74                      0.61   0.13     0.16
  SINCE MAR 1      0.74                      0.61   0.13     0.16
  SINCE JAN 1      4.82                      2.31   2.51     1.32

SNOWFALL (IN)
  YESTERDAY        0.0           5.5  1989   0.3   -0.3      0.0
  MONTH TO DATE    4.8                       4.4    0.4      1.5
  SINCE MAR 1      4.8                       4.4    0.4      1.5
  SINCE JUL 1     53.7                      40.7   13.0     25.6
  SNOW DEPTH       1

DEGREE DAYS
 HEATING
  YESTERDAY       49                        35     14       16
  MONTH TO DATE  559                       525     34      367
  SINCE MAR 1    559                       525     34      367
  SINCE JUL 1   5669                      6545   -876     5545

 COOLING
  YESTERDAY        0                         0      0        0
  MONTH TO DATE    0                         0      0        0
  SINCE MAR 1      0                         0      0        0
  SINCE JAN 1      0                         0      0        0
..................................................................


WIND (MPH)
  HIGHEST WIND SPEED    13   HIGHEST WIND DIRECTION    NW (310)
  HIGHEST GUST SPEED    18   HIGHEST GUST DIRECTION    NE (30)
  AVERAGE WIND SPEED     5.4


SKY COVER
  POSSIBLE SUNSHINE  MM
  AVERAGE SKY COVER 0.2


WEATHER CONDITIONS
 THE FOLLOWING WEATHER WAS RECORDED YESTERDAY.
  NO SIGNIFICANT WEATHER WAS OBSERVED.


RELATIVE HUMIDITY (PERCENT)
 HIGHEST    91           700 AM
 LOWEST     38           500 PM
 AVERAGE    65

..........................................................


THE EAU CLAIRE WI CLIMATE NORMALS FOR TODAY
                         NORMAL    RECORD    YEAR
 MAXIMUM TEMPERATURE (F)   40        70      1927
 MINIMUM TEMPERATURE (F)   21        -9      1956


SUNRISE AND SUNSET
MARCH 15 2017.........SUNRISE   718 AM CDT   SUNSET   712 PM CDT
MARCH 16 2017.........SUNRISE   716 AM CDT   SUNSET   714 PM CDT


-  INDICATES NEGATIVE NUMBERS.
R  INDICATES RECORD WAS SET OR TIED.
MM INDICATES DATA IS MISSING.
T  INDICATES TRACE AMOUNT.




$$
