000
CDUS43 KMPX 190632
CLIEAU


CLIMATE REPORT
NATIONAL WEATHER SERVICE CHANHASSEN MN
131 AM CDT SAT JUL 19 2014


...................................

...THE EAU CLAIRE WI CLIMATE SUMMARY FOR JULY 18 2014...

CLIMATE NORMAL PERIOD 1981 TO 2010
CLIMATE RECORD PERIOD 1893 TO 2014


WEATHER ITEM   OBSERVED TIME   RECORD YEAR NORMAL DEPARTURE LAST
                VALUE   (LST)  VALUE       VALUE  FROM      YEAR
                                                  NORMAL
..................................................................
TEMPERATURE (F)
 YESTERDAY
  MAXIMUM         81    233 PM 102    1964  83     -2       97
  MINIMUM         57    356 AM  48    2000  61     -4       74
  AVERAGE         69                        72     -3       86

PRECIPITATION (IN)
  YESTERDAY        0.00          2.94 1971   0.12  -0.12     0.00
  MONTH TO DATE    1.87                      2.23  -0.36     0.14
  SINCE JUN 1     11.71                      6.36   5.35     6.00
  SINCE JAN 1     25.81                     16.00   9.81    26.05

SNOWFALL (IN)
  YESTERDAY        0.0           0.0    MM   0.0    0.0      0.0
  MONTH TO DATE    0.0                       0.0    0.0      0.0
  SINCE JUN 1      0.0                       0.0    0.0      0.0
  SINCE JUL 1      0.0                       0.0    0.0      0.0
  SNOW DEPTH       0

DEGREE DAYS
 HEATING
  YESTERDAY        0                         0      0        0
  MONTH TO DATE   18                         2     16        0
  SINCE JUN 1     43                        64    -21       63
  SINCE JUL 1     18                         2     16        0

 COOLING
  YESTERDAY        4                         7     -3       21
  MONTH TO DATE   59                       125    -66      198
  SINCE JUN 1    193                       245    -52      288
  SINCE JAN 1    228                       277    -49      320
..................................................................


WIND (MPH)
  HIGHEST WIND SPEED    20   HIGHEST WIND DIRECTION     S (190)
  HIGHEST GUST SPEED    26   HIGHEST GUST DIRECTION     S (180)
  AVERAGE WIND SPEED     9.0


SKY COVER
  POSSIBLE SUNSHINE  MM
  AVERAGE SKY COVER 0.5


WEATHER CONDITIONS
 THE FOLLOWING WEATHER WAS RECORDED YESTERDAY.
  NO SIGNIFICANT WEATHER WAS OBSERVED.


RELATIVE HUMIDITY (PERCENT)
 HIGHEST    93           400 AM
 LOWEST     42           300 PM
 AVERAGE    68

..........................................................


THE EAU CLAIRE WI CLIMATE NORMALS FOR TODAY
                         NORMAL    RECORD    YEAR
 MAXIMUM TEMPERATURE (F)   83       103      1901
 MINIMUM TEMPERATURE (F)   60        46      1929


SUNRISE AND SUNSET
JULY 19 2014..........SUNRISE   538 AM CDT   SUNSET   846 PM CDT
JULY 20 2014..........SUNRISE   539 AM CDT   SUNSET   845 PM CDT


-  INDICATES NEGATIVE NUMBERS.
R  INDICATES RECORD WAS SET OR TIED.
MM INDICATES DATA IS MISSING.
T  INDICATES TRACE AMOUNT.




$$
