000
CDUS43 KMPX 192131
CLIEAU


CLIMATE REPORT
NATIONAL WEATHER SERVICE CHANHASSEN MN
431 PM CDT TUE AUG 19 2014


...................................

...THE EAU CLAIRE WI CLIMATE SUMMARY FOR AUGUST 19 2014...
VALID AS OF 0400 PM LOCAL TIME.

CLIMATE NORMAL PERIOD 1981 TO 2010
CLIMATE RECORD PERIOD 1893 TO 2014


WEATHER ITEM   OBSERVED TIME   RECORD YEAR NORMAL DEPARTURE LAST
                VALUE   (LST)  VALUE       VALUE  FROM      YEAR
                                                  NORMAL
..................................................................
TEMPERATURE (F)
 TODAY
  MAXIMUM         78    231 PM  97    1916  80     -2       85
                                      1900
  MINIMUM         63    543 AM  37    1967  58      5       60
  AVERAGE         71                        69      2       73

PRECIPITATION (IN)
  TODAY            T             3.55 1907   0.15  -0.15     0.00
  MONTH TO DATE    3.64                      2.85   0.79     0.39
  SINCE JUN 1     15.92                     10.86   5.06     6.89
  SINCE JAN 1     30.02                     20.50   9.52    26.94

SNOWFALL (IN)
  TODAY            0.0           0.0    MM   0.0    0.0      0.0
  MONTH TO DATE    0.0                       0.0    0.0      0.0
  SINCE JUN 1      0.0                       0.0    0.0      0.0
  SINCE JUL 1      0.0                       0.0    0.0      0.0
  SNOW DEPTH       0

DEGREE DAYS
 HEATING
  TODAY            0                         1     -1        0
  MONTH TO DATE    3                        14    -11       12
  SINCE JUN 1     46                        87    -41      101
  SINCE JUL 1     21                        25     -4       38

 COOLING
  TODAY            6                         5      1        8
  MONTH TO DATE  101                       109     -8       38
  SINCE JUN 1    373                       443    -70      370
  SINCE JAN 1    408                       475    -67      402
..................................................................


WIND (MPH)
  HIGHEST WIND SPEED    14   HIGHEST WIND DIRECTION    NW (320)
  HIGHEST GUST SPEED    18   HIGHEST GUST DIRECTION    NW (320)
  AVERAGE WIND SPEED     6.4


SKY COVER
  POSSIBLE SUNSHINE  MM
  AVERAGE SKY COVER 0.9


WEATHER CONDITIONS
 THE FOLLOWING WEATHER WAS RECORDED TODAY.
  FOG


RELATIVE HUMIDITY (PERCENT)
 HIGHEST   100           100 AM
 LOWEST     64           200 PM
 AVERAGE    82

..........................................................


THE EAU CLAIRE WI CLIMATE NORMALS FOR TOMORROW
                         NORMAL    RECORD    YEAR
 MAXIMUM TEMPERATURE (F)   80        96      1906
 MINIMUM TEMPERATURE (F)   58        40      1950


SUNRISE AND SUNSET
AUGUST 19 2014........SUNRISE   613 AM CDT   SUNSET   805 PM CDT
AUGUST 20 2014........SUNRISE   614 AM CDT   SUNSET   804 PM CDT


-  INDICATES NEGATIVE NUMBERS.
R  INDICATES RECORD WAS SET OR TIED.
MM INDICATES DATA IS MISSING.
T  INDICATES TRACE AMOUNT.




$$
