449
CDUS43 KMPX 130634
CLIEAU


CLIMATE REPORT
NATIONAL WEATHER SERVICE CHANHASSEN MN
1234 AM CST SAT JAN 13 2018


...................................

...THE EAU CLAIRE WI CLIMATE SUMMARY FOR JANUARY 12 2018...

CLIMATE NORMAL PERIOD 1981 TO 2010
CLIMATE RECORD PERIOD 1893 TO 2018


WEATHER ITEM   OBSERVED TIME   RECORD YEAR NORMAL DEPARTURE LAST
                VALUE   (LST)  VALUE       VALUE  FROM      YEAR
                                                  NORMAL
..................................................................
TEMPERATURE (F)
 YESTERDAY
  MAXIMUM          6   1220 AM  47    1987  23    -17       14
  MINIMUM        -10   1159 PM -36    1912   5    -15       -4
  AVERAGE         -2                        14    -16        5

PRECIPITATION (IN)
  YESTERDAY        0.00          0.49 1935   0.03  -0.03     0.00
  MONTH TO DATE    0.43                      0.33   0.10     0.81
  SINCE DEC 1      1.34                      1.33   0.01     2.91
  SINCE JAN 1      0.43                      0.33   0.10     0.81

SNOWFALL (IN)
  YESTERDAY        0.0           7.5  2000   0.5   -0.5      0.0
  MONTH TO DATE    3.1                       4.7   -1.6     11.0
  SINCE DEC 1     10.4                      14.2   -3.8     30.2
  SINCE JUL 1     13.7                      20.5   -6.8     31.9
  SNOW DEPTH       4

DEGREE DAYS
 HEATING
  YESTERDAY       67                        51     16       60
  MONTH TO DATE  681                       607     74      682
  SINCE DEC 1   2189                      2037    152     2093
  SINCE JUL 1   3830                      3783     47     3302

 COOLING
  YESTERDAY        0                         0      0        0
  MONTH TO DATE    0                         0      0        0
  SINCE DEC 1      0                         0      0        0
  SINCE JAN 1      0                         0      0        0
..................................................................


WIND (MPH)
  HIGHEST WIND SPEED    17   HIGHEST WIND DIRECTION     N (340)
  HIGHEST GUST SPEED    25   HIGHEST GUST DIRECTION    NW (330)
  AVERAGE WIND SPEED     8.9


SKY COVER
  POSSIBLE SUNSHINE  MM
  AVERAGE SKY COVER 0.3


WEATHER CONDITIONS
 THE FOLLOWING WEATHER WAS RECORDED YESTERDAY.
  NO SIGNIFICANT WEATHER WAS OBSERVED.


RELATIVE HUMIDITY (PERCENT)
 HIGHEST    79           200 AM
 LOWEST     51           400 PM
 AVERAGE    65

..........................................................


THE EAU CLAIRE WI CLIMATE NORMALS FOR TODAY
                         NORMAL    RECORD    YEAR
 MAXIMUM TEMPERATURE (F)   23        44      1996
                                             1987
 MINIMUM TEMPERATURE (F)    5       -28      1916


SUNRISE AND SUNSET
JANUARY 13 2018.......SUNRISE   741 AM CST   SUNSET   449 PM CST
JANUARY 14 2018.......SUNRISE   741 AM CST   SUNSET   450 PM CST


-  INDICATES NEGATIVE NUMBERS.
R  INDICATES RECORD WAS SET OR TIED.
MM INDICATES DATA IS MISSING.
T  INDICATES TRACE AMOUNT.




$$
