000
CDUS43 KMPX 232142
CLIEAU


CLIMATE REPORT
NATIONAL WEATHER SERVICE CHANHASSEN MN
441 PM CDT SAT MAY 23 2015


...................................

...THE EAU CLAIRE WI CLIMATE SUMMARY FOR MAY 23 2015...
VALID AS OF 0400 PM LOCAL TIME.

CLIMATE NORMAL PERIOD 1981 TO 2010
CLIMATE RECORD PERIOD 1893 TO 2015


WEATHER ITEM   OBSERVED TIME   RECORD YEAR NORMAL DEPARTURE LAST
                VALUE   (LST)  VALUE       VALUE  FROM      YEAR
                                                  NORMAL
..................................................................
TEMPERATURE (F)
 TODAY
  MAXIMUM         75    217 PM  94    1925  72      3       76
  MINIMUM         39    347 AM  29    1931  48     -9       40
  AVERAGE         57                        60     -3       58

PRECIPITATION (IN)
  TODAY            0.00          2.30 1975   0.12  -0.12     0.00
  MONTH TO DATE    2.55                      2.52   0.03     3.42
  SINCE MAR 1      6.02                      7.00  -0.98    10.24
  SINCE JAN 1      6.61                      8.70  -2.09    13.44

SNOWFALL (IN)
  TODAY            0.0           0.0    MM   0.0    0.0      0.0
  MONTH TO DATE    0.0                       0.2   -0.2      0.0
  SINCE MAR 1      7.3                      10.7   -3.4     13.1
  SINCE JUL 1     38.1                      47.0   -8.9     74.8
  SNOW DEPTH       0

DEGREE DAYS
 HEATING
  TODAY            8                         7      1        7
  MONTH TO DATE  204                       213     -9      252
  SINCE MAR 1   1715                      1833   -118     2246
  SINCE JUL 1   8068                      7854    214     9138

 COOLING
  TODAY            0                         1     -1        0
  MONTH TO DATE   10                        17     -7        0
  SINCE MAR 1     10                        21    -11        0
  SINCE JAN 1     10                        21    -11        0
..................................................................


WIND (MPH)
  HIGHEST WIND SPEED    10   HIGHEST WIND DIRECTION     W (250)
  HIGHEST GUST SPEED    12   HIGHEST GUST DIRECTION     W (250)
  AVERAGE WIND SPEED     2.9


SKY COVER
  POSSIBLE SUNSHINE  MM
  AVERAGE SKY COVER 0.3


WEATHER CONDITIONS
 THE FOLLOWING WEATHER WAS RECORDED TODAY.
  FOG


RELATIVE HUMIDITY (PERCENT)
 HIGHEST    93           400 AM
 LOWEST     29           300 PM
 AVERAGE    61

..........................................................


THE EAU CLAIRE WI CLIMATE NORMALS FOR TOMORROW
                         NORMAL    RECORD    YEAR
 MAXIMUM TEMPERATURE (F)   72        93      2010
 MINIMUM TEMPERATURE (F)   48        33      2013
                                             1917


SUNRISE AND SUNSET
MAY 23 2015...........SUNRISE   530 AM CDT   SUNSET   836 PM CDT
MAY 24 2015...........SUNRISE   529 AM CDT   SUNSET   837 PM CDT


-  INDICATES NEGATIVE NUMBERS.
R  INDICATES RECORD WAS SET OR TIED.
MM INDICATES DATA IS MISSING.
T  INDICATES TRACE AMOUNT.




$$
