252
CDUS43 KMPX 170635
CLIEAU


CLIMATE REPORT
NATIONAL WEATHER SERVICE CHANHASSEN MN
1234 AM CST FRI FEB 17 2017


...................................

...THE EAU CLAIRE WI CLIMATE SUMMARY FOR FEBRUARY 16 2017...

CLIMATE NORMAL PERIOD 1981 TO 2010
CLIMATE RECORD PERIOD 1893 TO 2017


WEATHER ITEM   OBSERVED TIME   RECORD YEAR NORMAL DEPARTURE LAST
                VALUE   (LST)  VALUE       VALUE  FROM      YEAR
                                                  NORMAL
..................................................................
TEMPERATURE (F)
 YESTERDAY
  MAXIMUM         38    429 PM  58    1931  29      9       35
                                      1921
  MINIMUM         20    233 AM -33    1936  10     10       15
  AVERAGE         29                        20      9       25

PRECIPITATION (IN)
  YESTERDAY        0.00          0.52 1990   0.02  -0.02     0.01
  MONTH TO DATE    0.01                      0.43  -0.42     0.46
  SINCE DEC 1      4.46                      2.32   2.14     4.72
  SINCE JAN 1      2.36                      1.32   1.04     0.88

SNOWFALL (IN)
  YESTERDAY        0.0           4.8  1980   0.2   -0.2      0.2
  MONTH TO DATE    T                         4.4   -4.4      7.9
  SINCE DEC 1     36.5                      27.1    9.4     22.5
  SINCE JUL 1     38.2                      33.4    4.8     23.9
  SNOW DEPTH       1

DEGREE DAYS
 HEATING
  YESTERDAY       36                        45     -9       40
  MONTH TO DATE  698                       762    -64      808
  SINCE DEC 1   3563                      3760   -197     3377
  SINCE JUL 1   4772                      5506   -734     4739

 COOLING
  YESTERDAY        0                         0      0        0
  MONTH TO DATE    0                         0      0        0
  SINCE DEC 1      0                         0      0        0
  SINCE JAN 1      0                         0      0        0
..................................................................


WIND (MPH)
  HIGHEST WIND SPEED    17   HIGHEST WIND DIRECTION    SE (150)
  HIGHEST GUST SPEED    22   HIGHEST GUST DIRECTION    SE (140)
  AVERAGE WIND SPEED     6.8


SKY COVER
  POSSIBLE SUNSHINE  MM
  AVERAGE SKY COVER 0.0


WEATHER CONDITIONS
 THE FOLLOWING WEATHER WAS RECORDED YESTERDAY.
  NO SIGNIFICANT WEATHER WAS OBSERVED.


RELATIVE HUMIDITY (PERCENT)
 HIGHEST    73           100 AM
 LOWEST     45          1200 PM
 AVERAGE    59

..........................................................


THE EAU CLAIRE WI CLIMATE NORMALS FOR TODAY
                         NORMAL    RECORD    YEAR
 MAXIMUM TEMPERATURE (F)   30        55      1981
 MINIMUM TEMPERATURE (F)   11       -24      1903


SUNRISE AND SUNSET
FEBRUARY 17 2017......SUNRISE   703 AM CST   SUNSET   537 PM CST
FEBRUARY 18 2017......SUNRISE   701 AM CST   SUNSET   539 PM CST


-  INDICATES NEGATIVE NUMBERS.
R  INDICATES RECORD WAS SET OR TIED.
MM INDICATES DATA IS MISSING.
T  INDICATES TRACE AMOUNT.




$$
