000
CDUS43 KMPX 272146
CLIEAU


CLIMATE REPORT
NATIONAL WEATHER SERVICE CHANHASSEN MN
440 PM CDT SAT SEP 27 2014


...................................

...THE EAU CLAIRE WI CLIMATE SUMMARY FOR SEPTEMBER 27 2014...
VALID AS OF 0400 PM LOCAL TIME.

CLIMATE NORMAL PERIOD 1981 TO 2010
CLIMATE RECORD PERIOD 1893 TO 2014


WEATHER ITEM   OBSERVED TIME   RECORD YEAR NORMAL DEPARTURE LAST
                VALUE   (LST)  VALUE       VALUE  FROM      YEAR
                                                  NORMAL
..................................................................
TEMPERATURE (F)
 TODAY
  MAXIMUM         82    145 PM  86    1943  66     16       82
                                      1987
  MINIMUM         54    619 AM  25    1896  44     10       57
  AVERAGE         68                        55     13       70

PRECIPITATION (IN)
  TODAY            0.00          1.65 1924   0.11  -0.11     0.00
  MONTH TO DATE    5.46                      3.35   2.11     1.50
  SINCE SEP 1      5.46                      3.35   2.11     1.50
  SINCE JAN 1     38.13                     25.47  12.66    29.14

SNOWFALL (IN)
  TODAY            0.0           0.0    MM   0.0    0.0      0.0
  MONTH TO DATE    0.0                       0.0    0.0      0.0
  SINCE SEP 1      0.0                       0.0    0.0      0.0
  SINCE JUL 1      0.0                       0.0    0.0      0.0
  SNOW DEPTH       0

DEGREE DAYS
 HEATING
  TODAY            0                        11    -11        0
  MONTH TO DATE  158                       159     -1      117
  SINCE SEP 1    158                       159     -1      117
  SINCE JUL 1    181                       198    -17      155

 COOLING
  TODAY            3                         1      2        5
  MONTH TO DATE   21                        48    -27       87
  SINCE SEP 1     21                        48    -27       87
  SINCE JAN 1    499                       575    -76      653
..................................................................


WIND (MPH)
  HIGHEST WIND SPEED    15   HIGHEST WIND DIRECTION     S (160)
  HIGHEST GUST SPEED    19   HIGHEST GUST DIRECTION     S (170)
  AVERAGE WIND SPEED     4.3


SKY COVER
  POSSIBLE SUNSHINE  MM
  AVERAGE SKY COVER 0.1


WEATHER CONDITIONS
 THE FOLLOWING WEATHER WAS RECORDED TODAY.
  NO SIGNIFICANT WEATHER WAS OBSERVED.


RELATIVE HUMIDITY (PERCENT)
 HIGHEST    93           300 AM
 LOWEST     51           100 PM
 AVERAGE    72

..........................................................


THE EAU CLAIRE WI CLIMATE NORMALS FOR TOMORROW
                         NORMAL    RECORD    YEAR
 MAXIMUM TEMPERATURE (F)   66        86      1898
 MINIMUM TEMPERATURE (F)   43        25      1942
                                             1893


SUNRISE AND SUNSET
SEPTEMBER 27 2014.....SUNRISE   659 AM CDT   SUNSET   654 PM CDT
SEPTEMBER 28 2014.....SUNRISE   700 AM CDT   SUNSET   652 PM CDT


-  INDICATES NEGATIVE NUMBERS.
R  INDICATES RECORD WAS SET OR TIED.
MM INDICATES DATA IS MISSING.
T  INDICATES TRACE AMOUNT.




$$
