000
CDUS43 KMPX 260101
CLIEAU


CLIMATE REPORT
NATIONAL WEATHER SERVICE CHANHASSEN MN
801 PM CDT SAT JUL 25 2015


...................................

...THE EAU CLAIRE WI CLIMATE SUMMARY FOR JULY 25 2015...
VALID TODAY AS OF 0800 PM LOCAL TIME.

CLIMATE NORMAL PERIOD 1981 TO 2010
CLIMATE RECORD PERIOD 1893 TO 2015


WEATHER ITEM   OBSERVED TIME   RECORD YEAR NORMAL DEPARTURE LAST
                VALUE   (LST)  VALUE       VALUE  FROM      YEAR
                                                  NORMAL
..................................................................
TEMPERATURE (F)
 TODAY
  MAXIMUM         87    349 PM 100    1941  83      4       76
  MINIMUM         67    520 AM  45    1896  60      7       63
  AVERAGE         77                        72      5       70

PRECIPITATION (IN)
  TODAY            0.00          1.40 1897   0.13  -0.13     0.11
  MONTH TO DATE    5.79                      3.10   2.69     1.98
  SINCE JUN 1     10.62                      7.23   3.39    11.82
  SINCE JAN 1     20.07                     16.87   3.20    25.92

SNOWFALL (IN)
  TODAY            0.0           0.0    MM   0.0    0.0      0.0
  MONTH TO DATE    0.0                       0.0    0.0      0.0
  SINCE JUN 1      0.0                       0.0    0.0      0.0
  SINCE JUL 1      0.0                       0.0    0.0      0.0
  SNOW DEPTH       0

DEGREE DAYS
 HEATING
  TODAY            0                         0      0        0
  MONTH TO DATE   16                         2     14       18
  SINCE JUN 1     44                        64    -20       43
  SINCE JUL 1     16                         2     14       18

 COOLING
  TODAY           12                         7      5        5
  MONTH TO DATE  127                       174    -47      118
  SINCE JUN 1    209                       294    -85      252
  SINCE JAN 1    227                       326    -99      287
..................................................................


WIND (MPH)
  HIGHEST WIND SPEED     9   HIGHEST WIND DIRECTION    NW (310)
  HIGHEST GUST SPEED    12   HIGHEST GUST DIRECTION    NW (300)
  AVERAGE WIND SPEED     2.8


SKY COVER
  POSSIBLE SUNSHINE  MM
  AVERAGE SKY COVER 0.0


WEATHER CONDITIONS
 THE FOLLOWING WEATHER WAS RECORDED TODAY.
  FOG


RELATIVE HUMIDITY (PERCENT)
 HIGHEST   100           300 AM
 LOWEST     42           400 PM
 AVERAGE    71

..........................................................


THE EAU CLAIRE WI CLIMATE NORMALS FOR TOMORROW
                         NORMAL    RECORD    YEAR
 MAXIMUM TEMPERATURE (F)   83       100      1955
 MINIMUM TEMPERATURE (F)   60        45      1962


SUNRISE AND SUNSET
JULY 25 2015..........SUNRISE   544 AM CDT   SUNSET   841 PM CDT
JULY 26 2015..........SUNRISE   545 AM CDT   SUNSET   839 PM CDT


-  INDICATES NEGATIVE NUMBERS.
R  INDICATES RECORD WAS SET OR TIED.
MM INDICATES DATA IS MISSING.
T  INDICATES TRACE AMOUNT.




$$
