000
CDUS43 KMPX 132147
CLIEAU


CLIMATE REPORT
NATIONAL WEATHER SERVICE CHANHASSEN MN
447 PM CDT SAT SEP 13 2014


...................................

...THE EAU CLAIRE WI CLIMATE SUMMARY FOR SEPTEMBER 13 2014...
VALID AS OF 0400 PM LOCAL TIME.

CLIMATE NORMAL PERIOD 1981 TO 2010
CLIMATE RECORD PERIOD 1893 TO 2014


WEATHER ITEM   OBSERVED TIME   RECORD YEAR NORMAL DEPARTURE LAST
                VALUE   (LST)  VALUE       VALUE  FROM      YEAR
                                                  NORMAL
..................................................................
TEMPERATURE (F)
 TODAY
  MAXIMUM         58    258 PM  95    1939  73    -15       69
  MINIMUM         35   1257 AM  29    1963  50    -15       37
  AVERAGE         47                        61    -14       53

PRECIPITATION (IN)
  TODAY            0.00          2.99 1909   0.12  -0.12     0.00
  MONTH TO DATE    5.16                      1.64   3.52     0.01
  SINCE SEP 1      5.16                      1.64   3.52     0.01
  SINCE JAN 1     37.83                     23.76  14.07    27.65

SNOWFALL (IN)
  TODAY            0.0           0.0    MM   0.0    0.0      0.0
  MONTH TO DATE    0.0                       0.0    0.0      0.0
  SINCE SEP 1      0.0                       0.0    0.0      0.0
  SINCE JUL 1      0.0                       0.0    0.0      0.0
  SNOW DEPTH       0

DEGREE DAYS
 HEATING
  TODAY           18                         5     13       12
  MONTH TO DATE   75                        47     28       27
  SINCE SEP 1     75                        47     28       27
  SINCE JUL 1     98                        86     12       65

 COOLING
  TODAY            0                         2     -2        0
  MONTH TO DATE   17                        33    -16       72
  SINCE SEP 1     17                        33    -16       72
  SINCE JAN 1    495                       560    -65      638
..................................................................


WIND (MPH)
  HIGHEST WIND SPEED    14   HIGHEST WIND DIRECTION     S (190)
  HIGHEST GUST SPEED    21   HIGHEST GUST DIRECTION     S (190)
  AVERAGE WIND SPEED     4.4


SKY COVER
  POSSIBLE SUNSHINE  MM
  AVERAGE SKY COVER 0.4


WEATHER CONDITIONS
 THE FOLLOWING WEATHER WAS RECORDED TODAY.
  FOG


RELATIVE HUMIDITY (PERCENT)
 HIGHEST   100          1200 AM
 LOWEST     43           100 PM
 AVERAGE    72

..........................................................


THE EAU CLAIRE WI CLIMATE NORMALS FOR TOMORROW
                         NORMAL    RECORD    YEAR
 MAXIMUM TEMPERATURE (F)   72        97      1939
 MINIMUM TEMPERATURE (F)   50        29      1923


SUNRISE AND SUNSET
SEPTEMBER 13 2014.....SUNRISE   642 AM CDT   SUNSET   720 PM CDT
SEPTEMBER 14 2014.....SUNRISE   643 AM CDT   SUNSET   719 PM CDT


-  INDICATES NEGATIVE NUMBERS.
R  INDICATES RECORD WAS SET OR TIED.
MM INDICATES DATA IS MISSING.
T  INDICATES TRACE AMOUNT.




$$
